000
CXUS55 KPUB 011704
CLMPUB
CLIMATE REPORT
NATIONAL WEATHER SERVICE
1004 AM MST THU FEB 01 2024
...................................
...THE PUEBLO CO CLIMATE SUMMARY FOR THE MONTH OF JANUARY 2024...
CLIMATE NORMAL PERIOD 1991 TO 2020
CLIMATE RECORD PERIOD 1888 TO 2024
WEATHER OBSERVED NORMAL DEPART LAST YEAR`S
VALUE DATE(S) VALUE FROM VALUE DATE(S)
NORMAL
................................................................
TEMPERATURE (F)
RECORD
HIGH 81 01/02/1997
LOW -29 01/28/1948
HIGHEST 65 01/31 47 18 67 01/10
01/14
LOWEST -11 01/16 13 -24 -12 01/31
AVG. MAXIMUM 43.9 48.4 -4.5 45.9
AVG. MINIMUM 14.5 15.4 -0.9 14.5
MEAN 29.2 31.9 -2.7 30.2
DAYS MAX >= 90 0 0.0 0.0
DAYS MAX <= 32 5 4.3 0.7
DAYS MIN <= 32 30 30.2 -0.2
DAYS MIN <= 0 4 2.6 1.4
PRECIPITATION (INCHES)
RECORD
MAXIMUM 1.45 1948
MINIMUM 0.00 1933
TOTALS 0.32 0.29 0.03 0.17
DAILY AVG. 0.01 0.01 0.00
DAYS >= .01 5 3.8 1.2
DAYS >= .10 2 1.1 0.9
DAYS >= .50 0 0.0 0.0
DAYS >= 1.00 0 0.0 0.0
GREATEST
24 HR. TOTAL 0.16 01/04 TO 01/04
SNOWFALL (INCHES)
RECORDS
TOTAL 20.0 1948
TOTALS 2.7 4.9 -2.2 2.3
SINCE 7/1 13.6 15.7 -2.1 MM
SNOWDEPTH AVG. 0
DAYS >= 1.0 1 1.5 -0.5
GREATEST
SNOW DEPTH 2 01/04 1
01/05
24 HR TOTAL 1.8 01/04 TO 01/05 1.0
DEGREE DAYS
HEATING TOTAL 1100 1026 74 1070
SINCE 7/1 3012 3253 -241 MM
COOLING TOTAL 0 0 0 0
SINCE 1/1 0 0 0 MM
................................................................
WIND (MPH)
AVERAGE WIND SPEED 6.8
HIGHEST WIND SPEED/DIRECTION 44/350 DATE 01/08
HIGHEST GUST SPEED/DIRECTION 64/350 DATE 01/08
SKY COVER
POSSIBLE SUNSHINE (PERCENT) MM
AVERAGE SKY COVER 0.24
NUMBER OF DAYS FAIR 20
NUMBER OF DAYS PC 9
NUMBER OF DAYS CLOUDY 2
AVERAGE RH (PERCENT) 61
WEATHER CONDITIONS. NUMBER OF DAYS WITH
THUNDERSTORM 0 MIXED PRECIP 0
HEAVY RAIN 0 RAIN 0
LIGHT RAIN 2 FREEZING RAIN 0
LT FREEZING RAIN 0 HAIL 0
HEAVY SNOW 0 SNOW 1
LIGHT SNOW 7 SLEET 0
FOG 8 FOG W/VIS <= 1/4 MILE 2
HAZE 0
- INDICATES NEGATIVE NUMBERS.
R INDICATES RECORD WAS SET OR TIED.
MM INDICATES DATA IS MISSING.
T INDICATES TRACE AMOUNT.
$$