000
CXUS51 KBOX 171645
CF6PVD
PRELIMINARY LOCAL CLIMATOLOGICAL DATA (WS FORM: F-6)
STATION: PROVIDENCE RI
MONTH: DECEMBER
YEAR: 2020
LATITUDE: 41 43 N
LONGITUDE: 71 26 W
TEMPERATURE IN F: :PCPN: SNOW: WIND :SUNSHINE: SKY :PK WND
================================================================================
1 2 3 4 5 6A 6B 7 8 9 10 11 12 13 14 15 16 17 18
12Z AVG MX 2MIN
DY MAX MIN AVG DEP HDD CDD WTR SNW DPTH SPD SPD DIR MIN PSBL S-S WX SPD DR
================================================================================
1 64 41 53 14 12 0 0.71 0.0 0 13.8 29 200 M M 7 123 37 200
2 43 34 39 0 26 0 T 0.0 0 8.7 17 230 M M 5 22 240
3 52 29 41 2 24 0 0.00 0.0 0 8.6 15 250 M M 3 20 240
4 59 42 51 13 14 0 0.01 0.0 0 10.4 21 210 M M 7 26 210
5 49 34 42 4 23 0 2.65 0.5 0 15.5 36 360 M M 10 1 45 360
6 39 29 34 -4 31 0 T 0.0 0 13.8 26 290 M M 3 35 300
7 38 23 31 -6 34 0 0.00 0.0 0 6.4 16 10 M M 4 20 20
8 34 26 30 -7 35 0 0.00 0.0 0 12.0 21 350 M M 9 30 340
9 38 20 29 -7 36 0 T T 0 3.8 10 260 M M 7 8 13 280
10 47 30 39 3 26 0 0.00 0.0 0 7.8 18 330 M M 3 24 350
11 53 26 40 4 25 0 0.00 0.0 0 6.5 22 200 M M 4 27 230
12 47 36 42 7 23 0 0.52 0.0 0 3.3 12 10 M M 8 12 13 20
13 63 37 50 15 15 0 0.00 0.0 0 6.0 17 240 M M 7 12 25 220
14 42 32 37 2 28 0 0.12 T 0 5.1 22 360 M M 6 14 26 360
15 38 25 32 -2 33 0 0.00 0.0 0 9.4 24 290 M M 2 29 290
16 29 19 24 -10 41 0 0.13 1.5 0 11.1 23 50 M M M 1 28 60
17 33 22 28 -6 37 0 0.74 6.4 5 20.2 33 10 M M 10 129 44 10
18 31 20 26 -7 39 0 0.00 0.0 7 9.7 20 360 M M 6 25 360
19 32 11 22 -11 43 0 0.00 0.0 7 2.3 10 350 M M 4 14 340
20 36 20 28 -5 37 0 0.02 0.0 5 1.2 6 310 M M 8 12 6 310
21 37 28 33 0 32 0 0.00 0.0 4 2.7 10 10 M M 9 12 13 360
22 45 31 38 6 27 0 0.00 0.0 4 8.8 23 310 M M 7 18 33 300
23 42 26 34 2 31 0 0.00 0.0 2 5.6 17 280 M M 4 23 280
24 56 26 41 9 24 0 0.00 0.0 1 11.0 26 150 M M 8 1 37 160
25 60 37 49 17 16 0 2.95 0.0 0 16.4 31 220 M M 10 1 40 220
26 37 27 32 1 33 0 0.00 0.0 0 12.6 23 220 M M 3 30 240
27 39 24 32 1 33 0 0.00 0.0 0 5.0 15 270 M M 2 20 260
28 52 25 39 8 26 0 0.00 0.0 0 5.4 21 210 M M 6 1 29 200
29 41 24 33 2 32 0 0.00 0.0 0 11.7 29 300 M M 3 40 310
30 44 21 33 3 32 0 0.00 0.0 0 7.6 21 220 M M 6 28 210
31 48 33 41 11 24 0 0.23 0.0 0 10.4 21 230 M M 9 1 30 220
================================================================================
SM 1368 858 892 0 8.08 8.4 272.8 M 180
================================================================================
AV 44.1 27.7 8.8 FASTST M M 6 MAX(MPH)
MISC ----> 36 360 45 360
================================================================================
NOTES:
# LAST OF SEVERAL OCCURRENCES
COLUMN 17 PEAK WIND IN M.P.H.
PRELIMINARY LOCAL CLIMATOLOGICAL DATA (WS FORM: F-6) , PAGE 2
STATION: PROVIDENCE RI
MONTH: DECEMBER
YEAR: 2020
LATITUDE: 41 43 N
LONGITUDE: 71 26 W
[TEMPERATURE DATA] [PRECIPITATION DATA] SYMBOLS USED IN COLUMN 16
AVERAGE MONTHLY: 35.9 TOTAL FOR MONTH: 8.08 1 = FOG OR MIST
DPTR FM NORMAL: 1.6 DPTR FM NORMAL: 3.86 2 = FOG REDUCING VISIBILITY
HIGHEST: 64 ON 1 GRTST 24HR 3.43 ON 30- 1 TO 1/4 MILE OR LESS
LOWEST: 11 ON 19 3 = THUNDER
SNOW, ICE PELLETS, HAIL 4 = ICE PELLETS
TOTAL MONTH: 8.4 INCHES 5 = HAIL
GRTST 24HR 6.4 ON 17-17 6 = FREEZING RAIN OR DRIZZLE
GRTST DEPTH: 7 ON 19,18 7 = DUSTSTORM OR SANDSTORM:
VSBY 1/2 MILE OR LESS
8 = SMOKE OR HAZE
[NO. OF DAYS WITH] [WEATHER - DAYS WITH] 9 = BLOWING SNOW
X = TORNADO
MAX 32 OR BELOW: 3 0.01 INCH OR MORE: 10
MAX 90 OR ABOVE: 0 0.10 INCH OR MORE: 8
MIN 32 OR BELOW: 23 0.50 INCH OR MORE: 5
MIN 0 OR BELOW: 0 1.00 INCH OR MORE: 2
[HDD (BASE 65) ]
TOTAL THIS MO. 892 CLEAR (SCALE 0-3) 6
DPTR FM NORMAL -60 PTCLDY (SCALE 4-7) 18
TOTAL FM JUL 1 1742 CLOUDY (SCALE 8-10) 7
DPTR FM NORMAL -285
[CDD (BASE 65) ]
TOTAL THIS MO. 0
DPTR FM NORMAL 0 [PRESSURE DATA]
TOTAL FM JAN 1 1043 HIGHEST SLP 30.51 ON 16
DPTR FM NORMAL 299 LOWEST SLP 29.27 ON 5
[REMARKS]
#FINAL-12-20#