000
CXUS51 KGYX 020953
CF6PWM
PRELIMINARY LOCAL CLIMATOLOGICAL DATA (WS FORM: F-6)
STATION: PORTLAND ME
MONTH: JUNE
YEAR: 2021
LATITUDE: 43 39 N
LONGITUDE: 70 19 W
TEMPERATURE IN F: :PCPN: SNOW: WIND :SUNSHINE: SKY :PK WND
================================================================================
1 2 3 4 5 6A 6B 7 8 9 10 11 12 13 14 15 16 17 18
12Z AVG MX 2MIN
DY MAX MIN AVG DEP HDD CDD WTR SNW DPTH SPD SPD DIR MIN PSBL S-S WX SPD DR
================================================================================
1 77 46 62 2 3 0 0.00 0.0 0 7.7 20 240 M M 4 27 240
2 79 47 63 3 2 0 0.00 0.0 0 7.3 17 180 M M 2 24 200
3 69 58 64 4 1 0 0.03 0.0 0 8.1 20 180 M M 9 1 27 180
4 78 59 69 8 0 4 0.05 0.0 0 5.8 12 260 M M 7 1 16 290
5 86 56 71 10 0 6 T 0.0 0 7.5 18 180 M M 5 27 190
6 87 68 78 17 0 13 0.00 0.0 0 6.0 18 180 M M 2 24 190
7 94 64 79 17 0 14 0.00 0.0 0 6.5 18 280 M M 1 8 26 210
8 92 72 82 20 0 17 0.02 0.0 0 8.8 15 270 M M 6 22 270
9 87 61 74 12 0 9 0.01 0.0 0 6.2 18 350 M M 5 25 330
10 70 56 63 0 2 0 0.00 0.0 0 6.9 15 10 M M 5 8 20 350
11 61 54 58 -5 7 0 T 0.0 0 3.7 12 160 M M 9 16 180
12 70 52 61 -2 4 0 0.00 0.0 0 5.2 15 160 M M 5 20 170
13 84 51 68 4 0 3 0.00 0.0 0 8.4 20 180 M M 3 25 170
14 70 57 64 0 1 0 0.32 0.0 0 7.6 20 190 M M 8 1 26 190
15 69 56 63 -1 2 0 0.05 0.0 0 3.2 12 160 M M 8 12 14 150
16 73 51 62 -3 3 0 0.00 0.0 0 10.2 22 330 M M 3 1 29 350
17 77 48 63 -2 2 0 0.00 0.0 0 7.2 20 270 M M 1 25 270
18 77 50 64 -1 1 0 0.00 0.0 0 7.3 18 190 M M 4 24 170
19 87 62 75 9 0 10 0.12 0.0 0 6.5 18 250 M M 7 1 27 270
20 88 60 74 8 0 9 0.00 0.0 0 6.7 18 180 M M 3 25 180
21 79 63 71 5 0 6 0.00 0.0 0 9.0 22 190 M M 4 30 190
22 82 58 70 4 0 5 0.16 0.0 0 8.1 21 290 M M 8 1 26 280
23 70 50 60 -7 5 0 0.00 0.0 0 6.8 18 310 M M 4 25 300
24 73 47 60 -7 5 0 0.00 0.0 0 5.6 20 190 M M 1 27 180
25 68 50 59 -8 6 0 T 0.0 0 5.4 10 170 M M 8 1 14 120
26 75 61 68 0 0 3 T 0.0 0 8.4 17 170 M M 9 1 23 170
27 87 66 77 9 0 12 0.00 0.0 0 8.9 17 240 M M 4 23 190
28 97 70 84 16 0 19 0.00 0.0 0 8.6 21 240 M M 4 29 230
29 96 75 86 18 0 21 0.00 0.0 0 8.2 18 290 M M 3 24 290
30 95 71 83 15 0 18 0.19 0.0 0 8.2 25 250 M M 4 13 34 240
================================================================================
SM 2397 1739 44 169 0.95 0.0 214.0 M 146
================================================================================
AV 79.9 58.0 7.1 FASTST M M 5 MAX(MPH)
MISC ----> 25 250 34 240
================================================================================
NOTES:
# LAST OF SEVERAL OCCURRENCES
COLUMN 17 PEAK WIND IN M.P.H.
PRELIMINARY LOCAL CLIMATOLOGICAL DATA (WS FORM: F-6) , PAGE 2
STATION: PORTLAND ME
MONTH: JUNE
YEAR: 2021
LATITUDE: 43 39 N
LONGITUDE: 70 19 W
[TEMPERATURE DATA] [PRECIPITATION DATA] SYMBOLS USED IN COLUMN 16
AVERAGE MONTHLY: 68.9 TOTAL FOR MONTH: 0.95 1 = FOG OR MIST
DPTR FM NORMAL: 4.6 DPTR FM NORMAL: -3.20 2 = FOG REDUCING VISIBILITY
HIGHEST: 97 ON 28 GRTST 24HR 0.36 ON 14-15 TO 1/4 MILE OR LESS
LOWEST: 46 ON 1 3 = THUNDER
SNOW, ICE PELLETS, HAIL 4 = ICE PELLETS
TOTAL MONTH: 0.0 INCH 5 = HAIL
GRTST 24HR 0.0 6 = FREEZING RAIN OR DRIZZLE
GRTST DEPTH: 0 7 = DUSTSTORM OR SANDSTORM:
VSBY 1/2 MILE OR LESS
8 = SMOKE OR HAZE
[NO. OF DAYS WITH] [WEATHER - DAYS WITH] 9 = BLOWING SNOW
X = TORNADO
MAX 32 OR BELOW: 0 0.01 INCH OR MORE: 9
MAX 90 OR ABOVE: 5 0.10 INCH OR MORE: 4
MIN 32 OR BELOW: 0 0.50 INCH OR MORE: 0
MIN 0 OR BELOW: 0 1.00 INCH OR MORE: 0
[HDD (BASE 65) ]
TOTAL THIS MO. 44 CLEAR (SCALE 0-3) 6
DPTR FM NORMAL -45 PTCLDY (SCALE 4-7) 20
TOTAL FM JUL 1 6382 CLOUDY (SCALE 8-10) 4
DPTR FM NORMAL -412
[CDD (BASE 65) ]
TOTAL THIS MO. 169
DPTR FM NORMAL 101 [PRESSURE DATA]
TOTAL FM JAN 1 185 HIGHEST SLP 30.44 ON 24
DPTR FM NORMAL 106 LOWEST SLP 29.54 ON 22
[REMARKS]
#FINAL-06-21#