000
CXUS53 KMKX 010810
CF6RAC
PRELIMINARY LOCAL CLIMATOLOGICAL DATA (WS FORM: F-6)
STATION: RACINE WI
MONTH: APRIL
YEAR: 2023
LATITUDE: 42 45 N
LONGITUDE: 87 49 W
TEMPERATURE IN F: :PCPN: SNOW: WIND :SUNSHINE: SKY :PK WND
================================================================================
1 2 3 4 5 6A 6B 7 8 9 10 11 12 13 14 15 16 17 18
12Z AVG MX 2MIN
DY MAX MIN AVG DEP HDD CDD WTR SNW DPTH SPD SPD DIR MIN PSBL S-S WX SPD DR
================================================================================
1 48 27 38 -2 27 0 0.01 M M 11.1 28 340 M M 6 1 43 260
2 51 24 38 -3 27 0 0.00 M M 11.7 24 150 M M 1 35 150
3 56 43 50 9 15 0 0.04 M M 6.9 15 20 M M 8 1 26 240
4 54 41 48 7 17 0 0.50 M M 13.6 36 120 M M 10 123 45 120
5 72 37 55 13 10 0 0.72 M M 14.8 32 220 M M 4 13 46 220
6 53 32 43 1 22 0 0.00 M M 10.8 21 250 M M 0 33 280
7 41 32 37 -5 28 0 0.00 M M 8.1 15 80 M M 0 8 25 110
8 54 35 45 2 20 0 0.00 M M 8.6 18 170 M M 4 24 170
9 62 39 51 8 14 0 0.00 M M 9.5 17 160 M M 0 24 160
10 67 42 55 12 10 0 0.00 M M 9.9 18 160 M M 0 25 170
11 79 54 67 23 0 2 0.00 M M 9.9 21 240 M M 0 35 230
12 83 58 71 27 0 6 M M M 14.4 24 240 M M 0 43 240
13 83 54 69 25 0 4 0.00 M M 9.2 18 210 M M 0 27 210
14 76 49 63 18 2 0 0.00 M M 7.6 17 160 M M 0 21 160
15 75 58 67 22 0 2 0.01 M M 8.1 20 160 M M 4 3 24 170
16 63 34 49 4 16 0 0.23 M M 11.5 22 230 M M 9 18 37 230
17 39 32 36 -10 29 0 0.01 M M 14.4 25 300 M M 10 18 41 290
18 56 34 45 -1 20 0 0.00 M M 7.6 18 330 M M 0 29 330
19 46 33 40 -6 25 0 0.07 M M 14.9 32 130 M M 5 3 45 130
20 70 42 56 9 9 0 0.10 M M 11.8 25 260 M M 3 13 40 270
21 63 40 52 5 13 0 0.00 M M 10.5 25 220 M M 3 41 240
22 47 37 42 -5 23 0 0.04 M M 8.1 16 260 M M 8 1 26 280
23 42 35 39 -9 26 0 0.00 M M 6.1 13 310 M M 9 18 240
24 50 34 42 -6 23 0 0.00 M M 8.1 16 140 M M 8 21 150
25 46 31 39 -9 26 0 0.13 M M 7.4 15 50 M M 6 1 23 30
26 46 30 38 -11 27 0 0.00 M M 7.5 13 110 M M 1 17 100
27 59 32 46 -3 19 0 0.00 0.0 M 9.0 20 170 M M 0 26 170
28 60 39 50 0 15 0 0.00 M M 6.3 13 10 M M 0 17 30
29 55 37 46 -4 19 0 0.20 M M 7.1 17 270 M M 6 1 28 250
30 47 39 43 -7 22 0 0.14 M M 11.6 20 280 M M 9 1 30 270
================================================================================
SM 1743 1154 504 14 2.20 0.0 296.1 M 114
================================================================================
AV 58.1 38.5 9.9 FASTST M M 4 MAX(MPH)
MISC ----> 36 120 46 220
================================================================================
NOTES:
# LAST OF SEVERAL OCCURRENCES
COLUMN 17 PEAK WIND IN M.P.H.
PRELIMINARY LOCAL CLIMATOLOGICAL DATA (WS FORM: F-6) , PAGE 2
STATION: RACINE WI
MONTH: APRIL
YEAR: 2023
LATITUDE: 42 45 N
LONGITUDE: 87 49 W
[TEMPERATURE DATA] [PRECIPITATION DATA] SYMBOLS USED IN COLUMN 16
AVERAGE MONTHLY: 48.3 TOTAL FOR MONTH: 2.20 1 = FOG OR MIST
DPTR FM NORMAL: 3.0 DPTR FM NORMAL: -1.50 2 = FOG REDUCING VISIBILITY
HIGHEST: 83 ON 13,12 GRTST 24HR 1.17 ON 4- 5 TO 1/4 MILE OR LESS
LOWEST: 24 ON 2 3 = THUNDER
SNOW, ICE PELLETS, HAIL 4 = ICE PELLETS
TOTAL MONTH: 0.0 INCH 5 = HAIL
GRTST 24HR 0.0 6 = FREEZING RAIN OR DRIZZLE
GRTST DEPTH: M ON M 7 = DUSTSTORM OR SANDSTORM:
VSBY 1/2 MILE OR LESS
8 = SMOKE OR HAZE
[NO. OF DAYS WITH] [WEATHER - DAYS WITH] 9 = BLOWING SNOW
X = TORNADO
MAX 32 OR BELOW: 0 0.01 INCH OR MORE: 13
MAX 90 OR ABOVE: 0 0.10 INCH OR MORE: 7
MIN 32 OR BELOW: 8 0.50 INCH OR MORE: 2
MIN 0 OR BELOW: 0 1.00 INCH OR MORE: 0
[HDD (BASE 65) ]
TOTAL THIS MO. 504 CLEAR (SCALE 0-3) 14
DPTR FM NORMAL -90 PTCLDY (SCALE 4-7) 11
TOTAL FM JUL 1 5711 CLOUDY (SCALE 8-10) 5
DPTR FM NORMAL -598
[CDD (BASE 65) ]
TOTAL THIS MO. 14
DPTR FM NORMAL 12 [PRESSURE DATA]
TOTAL FM JAN 1 14 HIGHEST SLP M ON M
DPTR FM NORMAL 12 LOWEST SLP 29.31 ON 1
[REMARKS]
#FINAL-04-23#