000
CXUS53 KMKX 010910
CF6RAC
PRELIMINARY LOCAL CLIMATOLOGICAL DATA (WS FORM: F-6)
STATION: RACINE WI
MONTH: MARCH
YEAR: 2020
LATITUDE: 42 45 N
LONGITUDE: 87 49 W
TEMPERATURE IN F: :PCPN: SNOW: WIND :SUNSHINE: SKY :PK WND
================================================================================
1 2 3 4 5 6A 6B 7 8 9 10 11 12 13 14 15 16 17 18
12Z AVG MX 2MIN
DY MAX MIN AVG DEP HDD CDD WTR SNW DPTH SPD SPD DIR MIN PSBL S-S WX SPD DR
================================================================================
1 59 30 45 15 20 0 0.00 0.0 0 11.1 22 220 M M 1 31 210
2 43 29 36 6 29 0 0.00 0.0 0 6.2 14 230 M M 1 20 220
3 44 28 36 5 29 0 0.04 M 0 9.5 22 270 M M 5 1 32 290
4 45 29 37 6 28 0 T M 0 7.1 17 310 M M 2 8 24 300
5 51 28 40 9 25 0 T M 0 13.5 26 220 M M 5 39 250
6 37 21 29 -3 36 0 T M 0 14.2 30 340 M M 5 42 340
7 48 20 34 2 31 0 0.00 0.0 0 9.7 20 160 M M 0 24 210
8 66 39 53 21 12 0 0.00 0.0 0 15.6 25 210 M M 0 39 210
9 56 37 47 14 18 0 0.94 M 0 12.1 25 10 M M 8 1 36 230
10 40 31 36 3 29 0 0.01 M 0 9.3 25 10 M M 5 33 10
11 46 33 40 6 25 0 0.01 M 0 6.4 12 170 M M 9 1 16 170
12 53 34 44 10 21 0 0.05 M 0 13.5 24 310 M M 4 1 39 290
13 49 33 41 7 24 0 0.00 0.0 0 12.3 23 300 M M 1 42 300
14 37 32 35 1 30 0 T M 0 11.8 21 30 M M 7 29 40
15 39 29 34 -1 31 0 0.00 0.0 0 10.5 22 40 M M 5 29 50
16 42 30 36 1 29 0 T M 0 7.5 14 180 M M 7 1 18 180
17 46 34 40 4 25 0 0.00 0.0 0 8.5 17 320 M M 3 24 280
18 41 36 39 3 26 0 T M 0 6.4 14 140 M M 8 18 18 140
19 M M M M M M 0.55 M 0 9.7 14 140 M M 9 1238 23 140
20 46 28 37 1 28 0 0.44 M 0 13.8 22 40 M M 9 1 34 340
21 33 25 29 -8 36 0 T M 0 10.4 21 10 M M 7 30 30
22 36 26 31 -6 34 0 T M 0 9.1 18 120 M M 8 1 24 140
23 42 27 35 -2 30 0 0.01 M 0 4.4 12 170 M M 9 12 15 180
24 43 30 37 -1 28 0 0.00 0.0 0 4.5 13 140 M M 6 18 17 160
25 56 27 42 4 23 0 0.00 0.0 0 6.2 16 210 M M 3 18 21 240
26 50 35 43 5 22 0 0.04 M 0 11.5 18 20 M M 10 1 26 40
27 43 35 39 0 26 0 0.30 M 0 9.0 17 100 M M 10 12 22 110
28 51 40 46 7 19 0 1.32 M 0 12.8 28 120 M M 10 123 43 110
29 52 39 46 7 19 0 0.02 M 0 16.7 28 220 M M 9 1 42 260
30 45 36 41 1 24 0 T M 0 9.6 18 330 M M 10 28 320
31 40 36 38 -2 27 0 T M 0 12.5 21 10 M M 10 1 26 30
================================================================================
SM 1379 937 784 0 3.73 0.0 315.4 M 186
================================================================================
AV 46.0 31.2 10.2 FASTST M M 6 MAX(MPH)
MISC ----> # 30 340 # 43 110
================================================================================
NOTES:
# LAST OF SEVERAL OCCURRENCES
COLUMN 17 PEAK WIND IN M.P.H.
PRELIMINARY LOCAL CLIMATOLOGICAL DATA (WS FORM: F-6) , PAGE 2
STATION: RACINE WI
MONTH: MARCH
YEAR: 2020
LATITUDE: 42 45 N
LONGITUDE: 87 49 W
[TEMPERATURE DATA] [PRECIPITATION DATA] SYMBOLS USED IN COLUMN 16
AVERAGE MONTHLY: 38.6 TOTAL FOR MONTH: 3.73 1 = FOG OR MIST
DPTR FM NORMAL: 3.6 DPTR FM NORMAL: 1.68 2 = FOG REDUCING VISIBILITY
HIGHEST: 66 ON 8 GRTST 24HR 1.32 ON 28-28 TO 1/4 MILE OR LESS
LOWEST: 20 ON 7 3 = THUNDER
SNOW, ICE PELLETS, HAIL 4 = ICE PELLETS
TOTAL MONTH: 0.0 INCH 5 = HAIL
GRTST 24HR 0.0 6 = FREEZING RAIN OR DRIZZLE
GRTST DEPTH: 0 7 = DUSTSTORM OR SANDSTORM:
VSBY 1/2 MILE OR LESS
8 = SMOKE OR HAZE
[NO. OF DAYS WITH] [WEATHER - DAYS WITH] 9 = BLOWING SNOW
X = TORNADO
MAX 32 OR BELOW: 0 0.01 INCH OR MORE: 12
MAX 90 OR ABOVE: 0 0.10 INCH OR MORE: 5
MIN 32 OR BELOW: 17 0.50 INCH OR MORE: 3
MIN 0 OR BELOW: 0 1.00 INCH OR MORE: 1
[HDD (BASE 65) ]
TOTAL THIS MO. 784 CLEAR (SCALE 0-3) 8
DPTR FM NORMAL -145 PTCLDY (SCALE 4-7) 11
TOTAL FM JUL 1 5406 CLOUDY (SCALE 8-10) 12
DPTR FM NORMAL -469
[CDD (BASE 65) ]
TOTAL THIS MO. 0
DPTR FM NORMAL 0 [PRESSURE DATA]
TOTAL FM JAN 1 0 HIGHEST SLP 30.72 ON 15
DPTR FM NORMAL 0 LOWEST SLP 29.37 ON 29
[REMARKS]
#FINAL-03-20#