000
CXUS53 KMKX 010910
CF6RAC
PRELIMINARY LOCAL CLIMATOLOGICAL DATA (WS FORM: F-6)
STATION: RACINE WI
MONTH: NOVEMBER
YEAR: 2023
LATITUDE: 42 45 N
LONGITUDE: 87 49 W
TEMPERATURE IN F: :PCPN: SNOW: WIND :SUNSHINE: SKY :PK WND
================================================================================
1 2 3 4 5 6A 6B 7 8 9 10 11 12 13 14 15 16 17 18
12Z AVG MX 2MIN
DY MAX MIN AVG DEP HDD CDD WTR SNW DPTH SPD SPD DIR MIN PSBL S-S WX SPD DR
================================================================================
1 39 25 32 -14 33 0 0.00 M M 7.2 15 210 M M 3 23 240
2 55 35 45 0 20 0 0.00 M M 10.0 21 220 M M 3 28 220
3 52 44 48 3 17 0 0.04 M M 9.2 20 230 M M 5 1 31 220
4 54 35 45 1 20 0 0.00 M M 7.0 16 10 M M 4 18 23 10
5 60 34 47 3 18 0 0.00 M M 7.0 14 210 M M 2 1 21 200
6 69 51 60 16 5 0 0.03 M M 14.7 24 260 M M 3 38 280
7 51 44 48 5 17 0 0.00 M M 10.4 16 110 M M 10 21 320
8 51 47 49 6 16 0 0.43 M M 13.0 26 130 M M 10 138 36 120
9 54 39 47 5 18 0 0.00 M M 11.0 23 260 M M 2 36 250
10 47 32 40 -2 25 0 0.01 M M 7.4 16 290 M M 4 8 26 330
11 50 28 39 -3 26 0 0.00 M M 5.5 12 170 M M 3 20 220
12 57 44 51 10 14 0 0.00 M M 11.5 20 200 M M 4 31 210
13 61 35 48 7 17 0 0.00 M M 8.0 17 310 M M 0 25 290
14 61 30 46 6 19 0 0.00 M M 7.6 17 200 M M 0 27 210
15 64 38 51 11 14 0 0.00 M M 6.5 15 260 M M 0 8 24 260
16 66 38 52 12 13 0 0.00 M M 13.0 23 210 M M 1 35 230
17 59 29 44 5 21 0 0.00 M M 9.8 20 360 M M 3 27 10
18 54 29 42 3 23 0 0.00 M M 7.6 18 270 M M 0 27 260
19 51 34 43 5 22 0 0.00 M M 7.9 13 90 M M 0 17 80
20 48 42 45 7 20 0 0.08 M M 16.1 22 80 M M 3 30 90
21 42 36 39 1 26 0 0.69 M M 10.5 18 330 M M 9 1 27 330
22 46 34 40 3 25 0 0.00 M M 8.6 15 240 M M 1 23 240
23 44 31 38 1 27 0 0.00 M M 9.8 21 10 M M 1 28 10
24 32 24 28 -8 37 0 0.00 M M 8.3 17 350 M M 0 25 360
25 37 25 31 -5 34 0 0.00 M M 5.1 13 210 M M 5 8 18 210
26 33 28 31 -4 34 0 0.09 M M 6.2 16 290 M M 9 18 24 290
27 29 16 23 -12 42 0 T M M 11.5 20 310 M M 8 27 320
28 25 14 20 -15 45 0 0.00 M M 11.2 17 240 M M 1 27 250
29 42 21 32 -2 33 0 0.00 M M 10.5 17 270 M M 2 8 26 270
30 51 32 42 8 23 0 0.00 M M 9.5 20 260 M M 1 30 230
================================================================================
SM 1484 994 704 0 1.37 M 281.6 M 97
================================================================================
AV 49.5 33.1 9.4 FASTST M M 3 MAX(MPH)
MISC ----> 26 130 38 280
================================================================================
NOTES:
# LAST OF SEVERAL OCCURRENCES
COLUMN 17 PEAK WIND IN M.P.H.
PRELIMINARY LOCAL CLIMATOLOGICAL DATA (WS FORM: F-6) , PAGE 2
STATION: RACINE WI
MONTH: NOVEMBER
YEAR: 2023
LATITUDE: 42 45 N
LONGITUDE: 87 49 W
[TEMPERATURE DATA] [PRECIPITATION DATA] SYMBOLS USED IN COLUMN 16
AVERAGE MONTHLY: 41.3 TOTAL FOR MONTH: 1.37 1 = FOG OR MIST
DPTR FM NORMAL: 1.6 DPTR FM NORMAL: -0.81 2 = FOG REDUCING VISIBILITY
HIGHEST: 69 ON 6 GRTST 24HR 0.77 ON 20-21 TO 1/4 MILE OR LESS
LOWEST: 14 ON 28 3 = THUNDER
SNOW, ICE PELLETS, HAIL 4 = ICE PELLETS
TOTAL MONTH: M 5 = HAIL
GRTST 24HR M ON M 6 = FREEZING RAIN OR DRIZZLE
GRTST DEPTH: M ON M 7 = DUSTSTORM OR SANDSTORM:
VSBY 1/2 MILE OR LESS
8 = SMOKE OR HAZE
[NO. OF DAYS WITH] [WEATHER - DAYS WITH] 9 = BLOWING SNOW
X = TORNADO
MAX 32 OR BELOW: 3 0.01 INCH OR MORE: 7
MAX 90 OR ABOVE: 0 0.10 INCH OR MORE: 2
MIN 32 OR BELOW: 14 0.50 INCH OR MORE: 1
MIN 0 OR BELOW: 0 1.00 INCH OR MORE: 0
[HDD (BASE 65) ]
TOTAL THIS MO. 704 CLEAR (SCALE 0-3) 18
DPTR FM NORMAL -54 PTCLDY (SCALE 4-7) 8
TOTAL FM JUL 1 1106 CLOUDY (SCALE 8-10) 4
DPTR FM NORMAL -185
[CDD (BASE 65) ]
TOTAL THIS MO. 0
DPTR FM NORMAL 0 [PRESSURE DATA]
TOTAL FM JAN 1 724 HIGHEST SLP 30.56 ON 24
DPTR FM NORMAL 69 LOWEST SLP 29.58 ON 6
[REMARKS]
#FINAL-11-23#