000
CXUS53 KMKX 010910
CF6RAC
PRELIMINARY LOCAL CLIMATOLOGICAL DATA (WS FORM: F-6)
STATION: RACINE WI
MONTH: FEBRUARY
YEAR: 2020
LATITUDE: 42 45 N
LONGITUDE: 87 49 W
TEMPERATURE IN F: :PCPN: SNOW: WIND :SUNSHINE: SKY :PK WND
================================================================================
1 2 3 4 5 6A 6B 7 8 9 10 11 12 13 14 15 16 17 18
12Z AVG MX 2MIN
DY MAX MIN AVG DEP HDD CDD WTR SNW DPTH SPD SPD DIR MIN PSBL S-S WX SPD DR
================================================================================
1 37 32 35 12 30 0 T M 0 10.6 17 230 M M 9 18 27 250
2 49 35 42 19 23 0 0.00 0.0 0 12.0 21 260 M M 1 36 250
3 42 28 35 12 30 0 0.00 0.0 0 11.0 21 20 M M 2 1 29 20
4 37 27 32 9 33 0 0.00 0.0 0 16.7 26 10 M M 9 39 10
5 30 23 27 4 38 0 0.00 0.0 0 9.2 17 40 M M 8 22 40
6 32 25 29 6 36 0 T M 0 8.5 16 20 M M 9 1 23 10
7 36 23 30 6 35 0 0.00 0.0 0 6.7 14 270 M M 6 21 270
8 35 22 29 5 36 0 0.00 0.0 0 6.1 14 360 M M 7 8 18 360
9 35 20 28 4 37 0 M M 0 10.6 24 170 M M 8 128 36 160
10 33 21 27 3 38 0 0.00 0.0 0 4.7 14 320 M M 5 1 22 310
11 31 19 25 1 40 0 0.00 0.0 0 8.9 20 300 M M 1 18 27 310
12 36 17 27 2 38 0 T M 0 9.0 17 220 M M 4 1 23 210
13 32 0 16 -9 49 0 T M 0 13.4 26 360 M M 7 1 35 360
14 13 -5 4 -21 61 0 0.00 0.0 0 9.7 15 200 M M 0 8 23 210
15 31 7 19 -6 46 0 T M 0 14.0 23 220 M M 6 8 35 220
16 34 20 27 1 38 0 0.00 0.0 0 4.8 13 280 M M 4 1 22 290
17 36 27 32 6 33 0 0.18 M 0 12.3 21 120 M M 10 12 28 120
18 37 21 29 3 36 0 0.01 M 0 12.8 23 300 M M 3 1 37 280
19 24 11 18 -9 47 0 0.00 0.0 0 8.2 18 330 M M 1 26 330
20 19 3 11 -16 54 0 0.00 0.0 0 8.1 14 350 M M 0 21 290
21 35 10 23 -4 42 0 0.00 0.0 0 12.9 24 240 M M 0 34 230
22 46 28 37 9 28 0 0.00 0.0 0 12.0 20 220 M M 0 28 230
23 51 31 41 13 24 0 0.00 0.0 0 10.1 18 250 M M 0 28 250
24 40 29 35 7 30 0 0.00 0.0 0 10.3 20 40 M M 2 28 40
25 37 32 35 6 30 0 T M 0 21.2 30 20 M M 7 43 10
26 32 26 29 0 36 0 T M 0 15.0 25 360 M M 10 36 360
27 29 17 23 -6 42 0 T M 0 9.4 20 290 M M 6 30 270
28 28 13 21 -9 44 0 0.00 0.0 0 9.1 18 310 M M 0 27 310
29 36 14 25 -5 40 0 0.00 0.0 0 8.4 14 290 M M 0 21 270
================================================================================
SM 993 576 1094 0 0.19 0.0 305.7 M 125
================================================================================
AV 34.2 19.9 10.5 FASTST M M 4 MAX(MPH)
MISC ----> # 30 20 # 43 10
================================================================================
NOTES:
# LAST OF SEVERAL OCCURRENCES
COLUMN 17 PEAK WIND IN M.P.H.
PRELIMINARY LOCAL CLIMATOLOGICAL DATA (WS FORM: F-6) , PAGE 2
STATION: RACINE WI
MONTH: FEBRUARY
YEAR: 2020
LATITUDE: 42 45 N
LONGITUDE: 87 49 W
[TEMPERATURE DATA] [PRECIPITATION DATA] SYMBOLS USED IN COLUMN 16
AVERAGE MONTHLY: 27.1 TOTAL FOR MONTH: 0.19 1 = FOG OR MIST
DPTR FM NORMAL: 1.5 DPTR FM NORMAL: -1.01 2 = FOG REDUCING VISIBILITY
HIGHEST: 51 ON 23 GRTST 24HR 0.18 ON 17-17 TO 1/4 MILE OR LESS
LOWEST: -5 ON 14 3 = THUNDER
SNOW, ICE PELLETS, HAIL 4 = ICE PELLETS
TOTAL MONTH: 0.0 INCH 5 = HAIL
GRTST 24HR 0.0 6 = FREEZING RAIN OR DRIZZLE
GRTST DEPTH: 0 7 = DUSTSTORM OR SANDSTORM:
VSBY 1/2 MILE OR LESS
8 = SMOKE OR HAZE
[NO. OF DAYS WITH] [WEATHER - DAYS WITH] 9 = BLOWING SNOW
X = TORNADO
MAX 32 OR BELOW: 11 0.01 INCH OR MORE: 2
MAX 90 OR ABOVE: 0 0.10 INCH OR MORE: 1
MIN 32 OR BELOW: 28 0.50 INCH OR MORE: 0
MIN 0 OR BELOW: 2 1.00 INCH OR MORE: 0
[HDD (BASE 65) ]
TOTAL THIS MO. 1094 CLEAR (SCALE 0-3) 12
DPTR FM NORMAL -9 PTCLDY (SCALE 4-7) 11
TOTAL FM JUL 1 4622 CLOUDY (SCALE 8-10) 6
DPTR FM NORMAL -359
[CDD (BASE 65) ]
TOTAL THIS MO. 0
DPTR FM NORMAL 0 [PRESSURE DATA]
TOTAL FM JAN 1 0 HIGHEST SLP 30.77 ON 20
DPTR FM NORMAL 0 LOWEST SLP 29.37 ON 2
[REMARKS]
#FINAL-02-20#