000
CXUS53 KUNR 010930
CF6RAP
PRELIMINARY LOCAL CLIMATOLOGICAL DATA (WS FORM: F-6)
STATION: RAPID CITY AIRPORT SD
MONTH: JULY
YEAR: 2021
LATITUDE: 44 2 N
LONGITUDE: 103 4 W
TEMPERATURE IN F: :PCPN: SNOW: WIND :SUNSHINE: SKY :PK WND
================================================================================
1 2 3 4 5 6A 6B 7 8 9 10 11 12 13 14 15 16 17 18
12Z AVG MX 2MIN
DY MAX MIN AVG DEP HDD CDD WTR SNW DPTH SPD SPD DIR MIN PSBL S-S WX SPD DR
================================================================================
1 90 59 75 6 0 10 0.00 M M 9.3 20 140 M M 2 29 180
2 93 62 78 8 0 13 0.00 M M 14.4 26 170 M M 1 40 170
3 96 66 81 11 0 16 T M M 8.1 20 280 M M 0 26 280
4 95 64 80 10 0 15 0.00 M M 8.6 18 340 M M 0 24 340
5 99 64 82 11 0 17 0.69 M M 9.5 38 340 M M 2 13 51 330
6 82 61 72 1 0 7 T M M 12.3 20 10 M M 4 25 10
7 89 61 75 4 0 10 T M M 8.9 21 300 M M 4 13 25 90
8 90 61 76 5 0 11 0.05 M M 7.7 28 350 M M 2 13 37 340
9 87 62 75 3 0 10 0.06 M M 12.1 26 340 M M 1 13 35 330
10 84 57 71 -1 0 6 0.05 M M 10.4 29 330 M M 1 3 37 320
11 90 53 72 0 0 7 0.00 M M 8.4 20 160 M M 0 26 140
12 89 58 74 2 0 9 0.00 M M 11.7 31 330 M M 0 40 340
13 81 57 69 -3 0 4 1.01 M M 9.8 43 350 M M 3 138 56 340
14 76 57 67 -6 0 2 0.05 M M 4.8 16 250 M M 5 26 250
15 88 57 73 0 0 8 0.00 M M 10.3 20 170 M M 1 26 180
16 89 61 75 2 0 10 0.13 M M 9.6 41 300 M M 1 3 56 310
17 89 60 75 2 0 10 0.01 M M 7.2 31 160 M M 1 8 40 160
18 93 58 76 3 0 11 0.00 M M 4.2 20 250 M M 0 8 23 260
19 92 61 77 4 0 12 0.00 M M 6.8 16 100 M M 0 8 23 90
20 93 64 79 5 0 14 T M M 12.7 22 160 M M 0 8 30 150
21 92 65 79 5 0 14 0.12 M M 8.7 22 340 M M 1 3 29 330
22 97 66 82 8 0 17 0.03 M M 8.1 31 340 M M 1 3 39 330
23 91 65 78 4 0 13 T M M 5.9 23 330 M M 1 31 330
24 91 63 77 3 0 12 0.00 M M 6.3 15 330 M M 0 19 340
25 101 61 81 7 0 16 0.00 M M 9.3 22 200 M M 0 8 30 190
26 99 64 82 8 0 17 0.00 M M 6.7 17 200 M M 0 8 23 190
27 107 61 84 10 0 19 0.00 M M 9.8 26 200 M M 0 8 36 190
28 100 68 84 10 0 19 0.00 M M 12.8 24 10 M M 0 8 36 360
29 88 61 75 1 0 10 0.01 M M 10.3 20 90 M M 1 38 26 90
30 76 56 66 -8 0 1 0.28 M M 4.3 20 350 M M 6 26 350
31 88 56 72 -2 0 7 0.00 M M 7.6 17 350 M M 2 8 21 20
================================================================================
SM 2815 1889 0 347 2.49 M 276.6 M 40
================================================================================
AV 90.8 60.9 8.9 FASTST M M 1 MAX(MPH)
MISC ----> 43 350 # 56 340
================================================================================
NOTES:
# LAST OF SEVERAL OCCURRENCES
COLUMN 17 PEAK WIND IN M.P.H.
PRELIMINARY LOCAL CLIMATOLOGICAL DATA (WS FORM: F-6) , PAGE 2
STATION: RAPID CITY AIRPORT SD
MONTH: JULY
YEAR: 2021
LATITUDE: 44 2 N
LONGITUDE: 103 4 W
[TEMPERATURE DATA] [PRECIPITATION DATA] SYMBOLS USED IN COLUMN 16
AVERAGE MONTHLY: 75.9 TOTAL FOR MONTH: 2.49 1 = FOG OR MIST
DPTR FM NORMAL: 3.5 DPTR FM NORMAL: 0.21 2 = FOG REDUCING VISIBILITY
HIGHEST: 107 ON 27 GRTST 24HR 1.01 ON 13-13 TO 1/4 MILE OR LESS
LOWEST: 53 ON 11 3 = THUNDER
SNOW, ICE PELLETS, HAIL 4 = ICE PELLETS
TOTAL MONTH: M 5 = HAIL
GRTST 24HR M ON M 6 = FREEZING RAIN OR DRIZZLE
GRTST DEPTH: M ON M 7 = DUSTSTORM OR SANDSTORM:
VSBY 1/2 MILE OR LESS
8 = SMOKE OR HAZE
[NO. OF DAYS WITH] [WEATHER - DAYS WITH] 9 = BLOWING SNOW
X = TORNADO
MAX 32 OR BELOW: 0 0.01 INCH OR MORE: 12
MAX 90 OR ABOVE: 18 0.10 INCH OR MORE: 5
MIN 32 OR BELOW: 0 0.50 INCH OR MORE: 2
MIN 0 OR BELOW: 0 1.00 INCH OR MORE: 1
[HDD (BASE 65) ]
TOTAL THIS MO. 0 CLEAR (SCALE 0-3) 27
DPTR FM NORMAL -13 PTCLDY (SCALE 4-7) 4
TOTAL FM JUL 1 0 CLOUDY (SCALE 8-10) 0
DPTR FM NORMAL -7
[CDD (BASE 65) ]
TOTAL THIS MO. 347
DPTR FM NORMAL 103 [PRESSURE DATA]
TOTAL FM JAN 1 521 HIGHEST SLP 30.26 ON 31
DPTR FM NORMAL 184 LOWEST SLP 29.72 ON 8
[REMARKS]
#FINAL-07-21#