000
CXUS51 KPHI 161952
CF6RDG
PRELIMINARY LOCAL CLIMATOLOGICAL DATA (WS FORM: F-6)
STATION: READING PA
MONTH: JUNE
YEAR: 2023
LATITUDE: 40 22 N
LONGITUDE: 75 58 W
TEMPERATURE IN F: :PCPN: SNOW: WIND :SUNSHINE: SKY :PK WND
================================================================================
1 2 3 4 5 6A 6B 7 8 9 10 11 12 13 14 15 16 17 18
12Z AVG MX 2MIN
DY MAX MIN AVG DEP HDD CDD WTR SNW DPTH SPD SPD DIR MIN PSBL S-S WX SPD DR
================================================================================
1 91 50 71 4 0 6 0.00 0.0 0 3.1 13 110 M M 0 8 16 60
2 96 59 78 10 0 13 T 0.0 0 4.0 29 340 M M 1 8 35 350
3 81 61 71 3 0 6 0.07 0.0 0 7.9 15 140 M M 6 138 21 100
4 79 57 68 0 0 3 0.00 0.0 0 6.1 18 10 M M 3 23 30
5 79 51 65 -4 0 0 0.00 0.0 0 6.4 18 340 M M 1 24 340
6 84 53 69 0 0 4 0.72 0.0 0 6.1 28 40 M M 5 138 38 290
7 74 49 62 -7 3 0 0.00 0.0 0 6.9 23 320 M M 9 18 28 320
8 75 45 60 -10 5 0 0.00 0.0 0 5.7 18 290 M M 9 8 24 290
9 75 52 64 -6 1 0 0.14 0.0 0 5.1 20 350 M M 5 18 25 250
10 83 52 68 -2 0 3 0.00 0.0 0 4.0 17 290 M M 1 128 22 290
11 89 58 74 4 0 9 0.00 0.0 0 4.9 17 200 M M 2 8 21 170
12 79 62 71 0 0 6 0.88 0.0 0 9.7 21 160 M M 8 18 30 160
13 78 57 68 -3 0 3 0.00 0.0 0 6.2 17 290 M M 2 21 290
14 77 60 69 -2 0 4 0.14 0.0 0 7.5 36 280 M M 7 138 47 270
15 80 56 68 -4 0 3 0.00 0.0 0 7.3 15 280 M M 1 21 320
16 73 57 65 -7 0 0 0.20 0.0 0 4.6 17 350 M M 5 138 23 350
17 81 59 70 -2 0 5 0.00 0.0 0 11.3 24 310 M M 4 8 32 320
18 83 54 69 -3 0 4 0.00 0.0 0 3.7 13 310 M M 1 18 280
19 86 59 73 0 0 8 0.00 0.0 0 4.0 14 130 M M 1 18 20 140
20 80 66 73 0 0 8 0.00 0.0 0 5.9 12 130 M M 4 1 18 70
21 74 61 68 -5 0 3 T 0.0 0 7.8 20 80 M M 3 28 80
22 69 59 64 -10 1 0 0.03 0.0 0 6.4 14 80 M M 10 18 19 50
23 71 65 68 -6 0 3 0.06 0.0 0 3.2 10 130 M M 10 138 16 120
24 88 69 79 5 0 14 0.15 0.0 0 4.2 14 220 M M 8 138 16 230
25 88 67 78 4 0 13 0.00 0.0 0 3.3 18 160 M M 4 13 25 140
26 89 69 79 5 0 14 0.83 0.0 0 5.2 18 300 M M 6 138 26 190
27 80 67 74 -1 0 9 0.54 0.0 0 2.0 9 260 M M 7 138 14 100
28 80 65 73 -2 0 8 0.00 0.0 0 6.1 17 320 M M 7 128 22 290
29 83 60 72 -3 0 7 0.00 0.0 0 3.1 9 260 M M 6 8 13 270
30 85 61 73 -2 0 8 0.00 0.0 0 5.1 14 160 M M 6 18 20 200
================================================================================
SM 2430 1760 10 164 3.76 0.0 166.8 M 142
================================================================================
AV 81.0 58.7 5.6 FASTST M M 5 MAX(MPH)
MISC ----> 36 280 47 270
================================================================================
NOTES:
# LAST OF SEVERAL OCCURRENCES
COLUMN 17 PEAK WIND IN M.P.H.
PRELIMINARY LOCAL CLIMATOLOGICAL DATA (WS FORM: F-6) , PAGE 2
STATION: READING PA
MONTH: JUNE
YEAR: 2023
LATITUDE: 40 22 N
LONGITUDE: 75 58 W
[TEMPERATURE DATA] [PRECIPITATION DATA] SYMBOLS USED IN COLUMN 16
AVERAGE MONTHLY: 69.8 TOTAL FOR MONTH: 3.76 1 = FOG OR MIST
DPTR FM NORMAL: -1.8 DPTR FM NORMAL: -1.01 2 = FOG REDUCING VISIBILITY
HIGHEST: 96 ON 2 GRTST 24HR 1.27 ON 26-27 TO 1/4 MILE OR LESS
LOWEST: 45 ON 8 3 = THUNDER
SNOW, ICE PELLETS, HAIL 4 = ICE PELLETS
TOTAL MONTH: 0.0 INCH 5 = HAIL
GRTST 24HR 0.0 6 = FREEZING RAIN OR DRIZZLE
GRTST DEPTH: 0 7 = DUSTSTORM OR SANDSTORM:
VSBY 1/2 MILE OR LESS
8 = SMOKE OR HAZE
[NO. OF DAYS WITH] [WEATHER - DAYS WITH] 9 = BLOWING SNOW
X = TORNADO
MAX 32 OR BELOW: 0 0.01 INCH OR MORE: 11
MAX 90 OR ABOVE: 2 0.10 INCH OR MORE: 8
MIN 32 OR BELOW: 0 0.50 INCH OR MORE: 4
MIN 0 OR BELOW: 0 1.00 INCH OR MORE: 0
[HDD (BASE 65) ]
TOTAL THIS MO. 10 CLEAR (SCALE 0-3) 10
DPTR FM NORMAL -7 PTCLDY (SCALE 4-7) 16
TOTAL FM JUL 1 4326 CLOUDY (SCALE 8-10) 4
DPTR FM NORMAL -799
[CDD (BASE 65) ]
TOTAL THIS MO. 164
DPTR FM NORMAL -50 [PRESSURE DATA]
TOTAL FM JAN 1 215 HIGHEST SLP 30.24 ON 21
DPTR FM NORMAL -74 LOWEST SLP 29.47 ON 14
[REMARKS]
#FINAL-06-23#