000
CXUS51 KPHI 161846
CF6RDG
PRELIMINARY LOCAL CLIMATOLOGICAL DATA (WS FORM: F-6)
STATION: READING PA
MONTH: FEBRUARY
YEAR: 2023
LATITUDE: 40 22 N
LONGITUDE: 75 58 W
TEMPERATURE IN F: :PCPN: SNOW: WIND :SUNSHINE: SKY :PK WND
================================================================================
1 2 3 4 5 6A 6B 7 8 9 10 11 12 13 14 15 16 17 18
12Z AVG MX 2MIN
DY MAX MIN AVG DEP HDD CDD WTR SNW DPTH SPD SPD DIR MIN PSBL S-S WX SPD DR
================================================================================
1 37 24 31 0 34 0 T 0.1 T 7.4 16 290 M M 3 19 310
2 40 22 31 0 34 0 0.00 0.0 0 4.6 16 220 M M 0 21 220
3 36 14 25 -6 40 0 T T 0 19.0 36 310 M M 5 44 310
4 27 11 19 -12 46 0 0.00 0.0 0 8.3 23 310 M M 1 31 300
5 49 21 35 4 30 0 0.00 0.0 0 2.9 15 200 M M 1 19 200
6 49 28 39 8 26 0 0.00 0.0 0 7.9 24 340 M M 7 27 330
7 46 23 35 3 30 0 T 0.0 0 3.9 15 180 M M 2 1 19 190
8 55 30 43 11 22 0 0.00 0.0 0 4.2 18 320 M M 1 18 23 280
9 62 29 46 14 19 0 T 0.0 0 5.2 17 200 M M 6 1 26 200
10 61 40 51 19 14 0 0.00 0.0 0 13.6 30 290 M M 3 37 290
11 47 31 39 7 26 0 0.00 0.0 0 8.8 28 310 M M 2 36 320
12 47 27 37 5 28 0 0.01 0.0 0 2.6 10 20 M M 2 14 20
13 58 33 46 13 19 0 0.00 0.0 0 8.1 26 300 M M 1 32 290
14 56 38 47 14 18 0 0.00 0.0 0 7.2 22 310 M M 0 27 300
15 67 45 56 23 9 0 0.00 0.0 0 8.5 21 210 M M 2 26 210
16 61 40 51 18 14 0 0.17 0.0 0 2.4 13 150 M M 5 1 16 170
17 61 33 47 13 18 0 0.17 0.0 0 13.5 31 320 M M 9 128 39 330
18 44 22 33 -1 32 0 0.00 0.0 0 9.5 26 320 M M 1 35 320
19 57 29 43 9 22 0 0.00 0.0 0 6.0 24 190 M M 0 31 200
20 64 34 49 15 16 0 0.00 0.0 0 4.8 21 270 M M 4 27 280
21 56 40 48 14 17 0 0.26 T 0 6.0 25 300 M M 6 1 36 260
22 42 29 36 1 29 0 0.19 T 0 4.0 12 110 M M 7 14 17 70
23 68 38 53 18 12 0 0.00 0.0 0 5.0 13 220 M M 5 18 16 290
24 56 30 43 8 22 0 0.00 0.0 0 15.0 30 310 M M 1 1 39 300
25 34 25 30 -6 35 0 T T 0 5.0 12 120 M M 7 16 100
26 57 26 42 6 23 0 0.00 0.0 0 9.3 23 270 M M 6 18 28 290
27 49 31 40 4 25 0 0.30 0.2 0 7.8 20 130 M M 3 14 31 130
28 42 30 36 0 29 0 0.07 0.0 T 3.5 13 20 M M 8 124 18 40
================================================================================
SM 1428 823 689 0 1.17 0.3 204.0 M 98
================================================================================
AV 51.0 29.4 7.3 FASTST M M 4 MAX(MPH)
MISC ----> 36 310 44 310
================================================================================
NOTES:
# LAST OF SEVERAL OCCURRENCES
COLUMN 17 PEAK WIND IN M.P.H.
PRELIMINARY LOCAL CLIMATOLOGICAL DATA (WS FORM: F-6) , PAGE 2
STATION: READING PA
MONTH: FEBRUARY
YEAR: 2023
LATITUDE: 40 22 N
LONGITUDE: 75 58 W
[TEMPERATURE DATA] [PRECIPITATION DATA] SYMBOLS USED IN COLUMN 16
AVERAGE MONTHLY: 40.2 TOTAL FOR MONTH: 1.17 1 = FOG OR MIST
DPTR FM NORMAL: 7.1 DPTR FM NORMAL: -1.44 2 = FOG REDUCING VISIBILITY
HIGHEST: 68 ON 23 GRTST 24HR 0.30 ON 27-27 TO 1/4 MILE OR LESS
LOWEST: 11 ON 4 3 = THUNDER
SNOW, ICE PELLETS, HAIL 4 = ICE PELLETS
TOTAL MONTH: 0.3 INCH 5 = HAIL
GRTST 24HR 0.2 ON 27-27 6 = FREEZING RAIN OR DRIZZLE
GRTST DEPTH: T 7 = DUSTSTORM OR SANDSTORM:
VSBY 1/2 MILE OR LESS
8 = SMOKE OR HAZE
[NO. OF DAYS WITH] [WEATHER - DAYS WITH] 9 = BLOWING SNOW
X = TORNADO
MAX 32 OR BELOW: 1 0.01 INCH OR MORE: 7
MAX 90 OR ABOVE: 0 0.10 INCH OR MORE: 5
MIN 32 OR BELOW: 19 0.50 INCH OR MORE: 0
MIN 0 OR BELOW: 0 1.00 INCH OR MORE: 0
[HDD (BASE 65) ]
TOTAL THIS MO. 689 CLEAR (SCALE 0-3) 14
DPTR FM NORMAL -203 PTCLDY (SCALE 4-7) 12
TOTAL FM JUL 1 3251 CLOUDY (SCALE 8-10) 2
DPTR FM NORMAL -604
[CDD (BASE 65) ]
TOTAL THIS MO. 0
DPTR FM NORMAL 0 [PRESSURE DATA]
TOTAL FM JAN 1 0 HIGHEST SLP M ON M
DPTR FM NORMAL 0 LOWEST SLP 29.53 ON 21
[REMARKS]
#FINAL-02-23#