000
CXUS51 KPHI 161444
CF6RDG
PRELIMINARY LOCAL CLIMATOLOGICAL DATA (WS FORM: F-6)
STATION: READING PA
MONTH: OCTOBER
YEAR: 2021
LATITUDE: 40 22 N
LONGITUDE: 75 58 W
TEMPERATURE IN F: :PCPN: SNOW: WIND :SUNSHINE: SKY :PK WND
================================================================================
1 2 3 4 5 6A 6B 7 8 9 10 11 12 13 14 15 16 17 18
12Z AVG MX 2MIN
DY MAX MIN AVG DEP HDD CDD WTR SNW DPTH SPD SPD DIR MIN PSBL S-S WX SPD DR
================================================================================
1 68 45 57 -4 8 0 0.00 0.0 0 2.7 12 290 M M 0 1 15 270
2 77 46 62 2 3 0 0.00 0.0 0 2.4 13 210 M M 0 1 16 210
3 83 49 66 6 0 1 0.01 0.0 0 2.1 12 220 M M 3 1 17 200
4 81 66 74 14 0 9 0.04 0.0 0 3.8 12 280 M M 7 1238 14 230
5 68 62 65 6 0 0 0.01 0.0 0 4.8 10 30 M M 10 138 13 20
6 73 63 68 9 0 3 0.00 0.0 0 2.3 8 160 M M 10 18 10 150
7 75 60 68 10 0 3 0.00 0.0 0 1.7 9 250 M M 8 18 10 250
8 79 58 69 11 0 4 T 0.0 0 1.6 12 160 M M 8 128 15 160
9 70 63 67 9 0 2 T 0.0 0 6.9 14 80 M M 10 1 18 60
10 66 61 64 7 1 0 0.00 0.0 0 7.3 14 60 M M 10 1 18 70
11 71 57 64 7 1 0 0.00 0.0 0 5.1 12 30 M M 7 1 14 30
12 68 55 62 5 3 0 0.00 0.0 0 1.5 8 90 M M 9 18 11 60
13 70 58 64 8 1 0 0.00 0.0 0 1.6 8 280 M M 9 128 11 290
14 79 56 68 12 0 3 0.00 0.0 0 3.7 13 330 M M 4 12 16 340
15 84 57 71 15 0 6 0.00 0.0 0 2.8 10 190 M M 2 1 14 190
16 82 52 67 12 0 2 0.25 0.0 0 8.5 43 300 M M 5 1 50 290
17 62 48 55 0 10 0 0.00 0.0 0 10.0 24 310 M M 3 31 320
18 62 45 54 0 11 0 0.00 0.0 0 10.2 24 310 M M 6 38 310
19 71 42 57 3 8 0 0.00 0.0 0 7.5 20 290 M M 0 25 320
20 77 49 63 9 2 0 0.00 0.0 0 5.6 20 310 M M 0 1 24 310
21 77 48 63 10 2 0 0.00 0.0 0 4.8 15 210 M M 1 1 19 190
22 66 50 58 5 7 0 T 0.0 0 5.3 18 280 M M 6 1 23 290
23 61 44 53 0 12 0 0.02 0.0 0 2.7 12 310 M M 7 18 16 270
24 61 40 51 -1 14 0 0.01 0.0 0 2.6 9 150 M M 7 1 13 140
25 78 52 65 13 0 0 0.88 0.0 0 4.8 18 160 M M 5 138 28 160
26 66 49 58 6 7 0 0.29 0.0 0 9.7 26 290 M M 10 1 37 300
27 67 50 59 8 6 0 0.01 0.0 0 10.4 24 330 M M 5 1 30 350
28 64 44 54 3 11 0 0.00 0.0 0 3.4 12 110 M M 1 1 19 140
29 57 51 54 4 11 0 0.83 0.0 0 10.5 22 80 M M 10 18 37 60
30 65 52 59 9 6 0 0.08 0.0 0 4.3 15 170 M M 9 1 20 170
31 64 46 55 5 10 0 0.01 0.0 0 6.8 21 280 M M 5 12 28 270
================================================================================
SM 2192 1618 134 33 2.44 0.0 157.4 M 177
================================================================================
AV 70.7 52.2 5.1 FASTST M M 6 MAX(MPH)
MISC ----> 43 300 50 290
================================================================================
NOTES:
# LAST OF SEVERAL OCCURRENCES
COLUMN 17 PEAK WIND IN M.P.H.
PRELIMINARY LOCAL CLIMATOLOGICAL DATA (WS FORM: F-6) , PAGE 2
STATION: READING PA
MONTH: OCTOBER
YEAR: 2021
LATITUDE: 40 22 N
LONGITUDE: 75 58 W
[TEMPERATURE DATA] [PRECIPITATION DATA] SYMBOLS USED IN COLUMN 16
AVERAGE MONTHLY: 61.5 TOTAL FOR MONTH: 2.44 1 = FOG OR MIST
DPTR FM NORMAL: 6.3 DPTR FM NORMAL: -1.36 2 = FOG REDUCING VISIBILITY
HIGHEST: 84 ON 15 GRTST 24HR 0.88 ON 25-25 TO 1/4 MILE OR LESS
LOWEST: 40 ON 24 3 = THUNDER
SNOW, ICE PELLETS, HAIL 4 = ICE PELLETS
TOTAL MONTH: 0.0 INCH 5 = HAIL
GRTST 24HR 0.0 6 = FREEZING RAIN OR DRIZZLE
GRTST DEPTH: 0 7 = DUSTSTORM OR SANDSTORM:
VSBY 1/2 MILE OR LESS
8 = SMOKE OR HAZE
[NO. OF DAYS WITH] [WEATHER - DAYS WITH] 9 = BLOWING SNOW
X = TORNADO
MAX 32 OR BELOW: 0 0.01 INCH OR MORE: 12
MAX 90 OR ABOVE: 0 0.10 INCH OR MORE: 4
MIN 32 OR BELOW: 0 0.50 INCH OR MORE: 2
MIN 0 OR BELOW: 0 1.00 INCH OR MORE: 0
[HDD (BASE 65) ]
TOTAL THIS MO. 134 CLEAR (SCALE 0-3) 9
DPTR FM NORMAL -185 PTCLDY (SCALE 4-7) 13
TOTAL FM JUL 1 151 CLOUDY (SCALE 8-10) 9
DPTR FM NORMAL -231
[CDD (BASE 65) ]
TOTAL THIS MO. 33
DPTR FM NORMAL 18 [PRESSURE DATA]
TOTAL FM JAN 1 1324 HIGHEST SLP M ON M
DPTR FM NORMAL 270 LOWEST SLP 29.40 ON 26
[REMARKS]
#FINAL-10-21#