000
CXUS53 KGRB 050134
CF6RHI
PRELIMINARY LOCAL CLIMATOLOGICAL DATA (WS FORM: F-6)
STATION: RHINELANDER WI
MONTH: MAY
YEAR: 2020
LATITUDE: 45 37 N
LONGITUDE: 89 27 W
TEMPERATURE IN F: :PCPN: SNOW: WIND :SUNSHINE: SKY :PK WND
================================================================================
1 2 3 4 5 6A 6B 7 8 9 10 11 12 13 14 15 16 17 18
12Z AVG MX 2MIN
DY MAX MIN AVG DEP HDD CDD WTR SNW DPTH SPD SPD DIR MIN PSBL S-S WX SPD DR
================================================================================
1 65 27 46 -2 19 0 0.07 0.0 0 6.2 16 220 M M 4 26 200
2 72 45 59 10 6 0 0.00 0.0 0 12.8 28 270 M M 0 42 260
3 55 33 44 -5 21 0 0.00 0.0 0 9.5 25 280 M M 3 39 260
4 56 32 44 -5 21 0 0.00 0.0 0 7.3 13 110 M M 4 22 110
5 55 32 44 -6 21 0 0.00 0.0 0 5.7 14 110 M M 2 19 110
6 64 27 46 -4 19 0 0.00 0.0 0 5.6 16 290 M M 3 25 280
7 50 30 40 -10 25 0 0.00 0.0 0 8.3 17 360 M M 1 27 320
8 36 23 30 -20 35 0 T T 0 8.2 18 310 M M 8 29 300
9 52 26 39 -12 26 0 T T 0 9.0 25 260 M M 6 32 260
10 37 29 33 -18 32 0 T T 0 6.7 15 330 M M 10 24 340
11 48 24 36 -15 29 0 0.00 0.0 0 4.1 17 280 M M 3 25 300
12 54 21 38 -14 27 0 0.00 0.0 0 4.6 15 280 M M 0 24 270
13 57 26 42 -10 23 0 T 0.0 0 9.8 22 210 M M 5 34 200
14 61 42 52 0 13 0 0.05 0.0 0 5.7 16 160 M M 8 18 23 130
15 62 44 53 0 12 0 0.00 0.0 0 7.2 14 10 M M 4 23 320
16 66 38 52 -1 13 0 0.00 0.0 0 6.8 16 80 M M 2 23 90
17 52 46 49 -4 16 0 0.67 0.0 0 12.6 23 80 M M 9 1 37 60
18 60 47 54 0 11 0 0.13 0.0 0 14.9 30 90 M M 10 43 80
19 70 49 60 6 5 0 0.00 0.0 0 12.6 24 90 M M 5 31 90
20 77 46 62 8 3 0 0.00 0.0 0 6.1 17 120 M M 1 25 120
21 77 42 60 6 5 0 0.00 0.0 0 6.6 16 180 M M 1 28 120
22 71 58 65 10 0 0 0.00 0.0 0 5.0 12 190 M M 10 18 120
23 73 58 66 11 0 1 0.01 0.0 0 5.5 15 110 M M 9 19 110
24 82 57 70 15 0 5 0.00 0.0 0 4.2 14 230 M M 5 22 210
25 82 59 71 15 0 6 0.19 0.0 0 3.0 17 170 M M 3 123 25 160
26 82 60 71 15 0 6 0.07 0.0 0 6.1 20 170 M M 3 123 29 160
27 81 65 73 17 0 8 T 0.0 0 7.8 18 210 M M 5 28 180
28 70 51 61 5 4 0 0.15 0.0 0 3.9 13 330 M M 5 13 21 310
29 58 48 53 -4 12 0 0.01 0.0 0 6.4 16 300 M M 7 1 24 280
30 58 32 45 -12 20 0 0.00 0.0 0 6.4 15 330 M M 5 25 360
31 70 30 50 -8 15 0 0.00 0.0 0 5.0 15 260 M M 0 1 25 250
================================================================================
SM 1953 1247 433 26 1.35 T 223.6 M 141
================================================================================
AV 63.0 40.2 7.2 FASTST M M 5 MAX(MPH)
MISC ----> # 30 90 # 43 80
================================================================================
NOTES:
# LAST OF SEVERAL OCCURRENCES
COLUMN 17 PEAK WIND IN M.P.H.
PRELIMINARY LOCAL CLIMATOLOGICAL DATA (WS FORM: F-6) , PAGE 2
STATION: RHINELANDER WI
MONTH: MAY
YEAR: 2020
LATITUDE: 45 37 N
LONGITUDE: 89 27 W
[TEMPERATURE DATA] [PRECIPITATION DATA] SYMBOLS USED IN COLUMN 16
AVERAGE MONTHLY: 51.6 TOTAL FOR MONTH: 1.35 1 = FOG OR MIST
DPTR FM NORMAL: -1.3 DPTR FM NORMAL: -2.14 2 = FOG REDUCING VISIBILITY
HIGHEST: 82 ON 26,25 GRTST 24HR 0.67 ON 17-17 TO 1/4 MILE OR LESS
LOWEST: 21 ON 12 3 = THUNDER
SNOW, ICE PELLETS, HAIL 4 = ICE PELLETS
TOTAL MONTH: T 5 = HAIL
GRTST 24HR T ON 10-10 6 = FREEZING RAIN OR DRIZZLE
GRTST DEPTH: 0 7 = DUSTSTORM OR SANDSTORM:
VSBY 1/2 MILE OR LESS
8 = SMOKE OR HAZE
[NO. OF DAYS WITH] [WEATHER - DAYS WITH] 9 = BLOWING SNOW
X = TORNADO
MAX 32 OR BELOW: 0 0.01 INCH OR MORE: 9
MAX 90 OR ABOVE: 0 0.10 INCH OR MORE: 4
MIN 32 OR BELOW: 13 0.50 INCH OR MORE: 1
MIN 0 OR BELOW: 0 1.00 INCH OR MORE: 0
[HDD (BASE 65) ]
TOTAL THIS MO. 433 CLEAR (SCALE 0-3) 11
DPTR FM NORMAL 47 PTCLDY (SCALE 4-7) 15
TOTAL FM JUL 1 8828 CLOUDY (SCALE 8-10) 5
DPTR FM NORMAL -58
[CDD (BASE 65) ]
TOTAL THIS MO. 26
DPTR FM NORMAL 15 [PRESSURE DATA]
TOTAL FM JAN 1 26 HIGHEST SLP 30.37 ON 31
DPTR FM NORMAL 14 LOWEST SLP 29.72 ON 2
[REMARKS]
#FINAL-05-20#