000
CXUS53 KGRB 011658
CLMRHI
CLIMATE REPORT
NATIONAL WEATHER SERVICE GREEN BAY
1058 AM CST FRI DEC 01 2023
...................................
...THE RHINELANDER WI CLIMATE SUMMARY FOR THE MONTH OF NOVEMBER 2023...
CLIMATE NORMAL PERIOD: 1991 TO 2020
CLIMATE RECORD PERIOD: 1908 TO 2023
WEATHER OBSERVED NORMAL DEPART LAST YEAR`S
VALUE DATE(S) VALUE FROM VALUE DATE(S)
NORMAL
................................................................
TEMPERATURE (F)
RECORD
HIGH 73 11/05/1975
LOW -16 11/30/1976
HIGHEST 64 11/16 57 7 72 11/02
LOWEST 2 11/28 2 0 -2 11/20
AVG. MAXIMUM 40.8 39.3 1.5 40.7
AVG. MINIMUM 23.0 22.6 0.4 23.6
MEAN 31.9 30.9 1.0 32.2
DAYS MAX >= 90 0 0.0 0.0 0
DAYS MAX <= 32 6 8.2 -2.2 11
DAYS MIN <= 32 26 24.8 1.2 23
DAYS MIN <= 0 0 0.8 -0.8 1
PRECIPITATION (INCHES)
RECORD
MAXIMUM 5.71 1934
MINIMUM 0.12 1939
TOTALS 0.58 2.03 -1.45 3.61
DAYS >= .01 7 11.5 -4.5 15
DAYS >= .10 4 4.7 -0.7 7
DAYS >= .50 0 1.0 -1.0 2
DAYS >= 1.00 0 0.2 -0.2 1
GREATEST
STORM TOTAL 0.19
(MM/DD(HH))
SNOWFALL (INCHES)
RECORDS
TOTAL 32.4 2014
TOTALS 3.2 9.9 -6.7 11.3
SINCE 7/1 5.5 11.8 -6.3 MM
DAYS >= TRACE 14 7.5 6.5 12
DAYS >= 1.0 2 2.7 -0.7 4
GREATEST
SNOW DEPTH 2 11/01 5 11/19
11/20
11/21
24 HR TOTAL MM
DEGREE DAYS
HEATING TOTAL 985 1022 -37 976
SINCE 7/1 1920 2061 -141 MM
COOLING TOTAL 0 0 0 0
SINCE 1/1 311 282 29 MM
................................................................
WIND (MPH)
AVERAGE WIND SPEED 7.6
HIGHEST WIND SPEED/DIRECTION 31/210 DATE 11/16
HIGHEST GUST SPEED/DIRECTION 49/210 DATE 11/16
SKY COVER
POSSIBLE SUNSHINE (PERCENT) MM
AVERAGE SKY COVER 0.42
NUMBER OF DAYS FAIR 12
NUMBER OF DAYS PC 9
NUMBER OF DAYS CLOUDY 6
AVERAGE RH (PERCENT) 66
WEATHER CONDITIONS. NUMBER OF DAYS WITH
THUNDERSTORM 0 MIXED PRECIP 1
HEAVY RAIN 0 RAIN 0
LIGHT RAIN 9 FREEZING RAIN 0
LT FREEZING RAIN 0 HAIL 0
HEAVY SNOW 0 SNOW 0
LIGHT SNOW 13 SLEET 0
FOG 6 FOG W/VIS <= 1/4 MILE 0
HAZE 1
- INDICATES NEGATIVE NUMBERS.
R INDICATES RECORD WAS SET OR TIED.
MM INDICATES DATA IS MISSING.
T INDICATES TRACE AMOUNT.
$$