000
CXUS56 KSGX 011145
CF6RIV
PRELIMINARY LOCAL CLIMATOLOGICAL DATA (WS FORM: F-6)
STATION: RIVERSIDE/MARCH ARB CA
MONTH: DECEMBER
YEAR: 2022
LATITUDE: 33 53 N
LONGITUDE: 117-15 E
TEMPERATURE IN F: :PCPN: SNOW: WIND :SUNSHINE: SKY :PK WND
================================================================================
1 2 3 4 5 6A 6B 7 8 9 10 11 12 13 14 15 16 17 18
12Z AVG MX 2MIN
DY MAX MIN AVG DEP HDD CDD WTR SNW DPTH SPD SPD DIR MIN PSBL S-S WX SPD DR
================================================================================
1 56 49 53 M 12 0 0.00 M M 4.5 9 150 M M 8 M M
2 58 47 53 M 12 0 T M M 2.0 7 120 M M 5 1 M M
3 71 41 56 M 9 0 0.00 M M 2.0 6 110 M M 0 M M
4 66 38 52 M 13 0 T M M 2.1 12 320 M M 3 M M
5 60 46 53 M 12 0 0.00 M M 3.5 9 260 M M 7 1 M M
6 57 38 48 M 17 0 T M M 2.3 7 310 M M 6 M M
7 58 38 48 M 17 0 0.00 M M 3.2 9 320 M M 4 12 M M
8 60 33 47 M 18 0 0.00 M M 1.6 7 320 M M 0 1 M M
9 60 32 46 M 19 0 0.00 M M 1.2 7 340 M M 0 M M
10 61 32 47 M 18 0 0.00 M M 1.1 9 140 M M 1 12 M M
11 54 37 46 M 19 0 0.21 M M 9.1 22 150 M M 7 1 30 150
12 47 37 42 M 23 0 0.07 M M 2.2 10 160 M M 5 M M
13 54 35 45 M 20 0 T M M 1.2 6 30 M M 2 12 M M
14 58 31 45 M 20 0 0.00 M M 0.9 6 290 M M 0 M M
15 63 33 48 M 17 0 0.00 M M 1.9 10 60 M M 0 M M
16 64 44 54 M 11 0 0.00 M M 8.4 15 60 M M 1 22 90
17 62 41 52 M 13 0 0.00 M M 7.4 14 60 M M 3 M M
18 62 32 47 M 18 0 0.00 M M 0.9 6 320 M M 0 M M
19 64 28 46 M 19 0 0.00 M M 1.2 7 80 M M 0 M M
20 66 33 50 M 15 0 0.00 M M 0.8 6 300 M M 0 M M
21 72 32 52 M 13 0 0.00 M M 1.5 9 300 M M 0 M M
22 70 35 53 M 12 0 0.00 M M 0.9 6 300 M M 0 M M
23 70 36 53 M 12 0 0.00 M M 1.0 7 290 M M 0 M M
24 78 37 58 M 7 0 0.00 M M 1.5 6 350 M M 0 M M
25 82 40 61 M 4 0 0.00 M M 3.3 12 310 M M 0 M M
26 79 40 60 M 5 0 0.00 M M 1.3 6 350 M M 1 M M
27 67 46 57 M 8 0 0.20 M M 3.1 10 320 M M 4 1 M M
28 61 49 55 M 10 0 0.09 M M 2.4 8 330 M M 7 1 M M
29 56 49 53 M 12 0 T M M 3.3 10 140 M M 9 1 M M
30 56 51 54 M 11 0 T M M 1.2 7 300 M M 9 1 M M
31 58 51 55 M 10 0 0.43 M M 8.4 20 160 M M 10 1 26 170
================================================================================
SM 1950 1211 426 0 1.00 M 85.4 M 92
================================================================================
AV 62.9 39.1 2.8 FASTST M M 3 MAX(MPH)
MISC ----> 22 150 30 150
================================================================================
NOTES:
# LAST OF SEVERAL OCCURRENCES
COLUMN 17 PEAK WIND IN M.P.H.
PRELIMINARY LOCAL CLIMATOLOGICAL DATA (WS FORM: F-6) , PAGE 2
STATION: RIVERSIDE/MARCH ARB CA
MONTH: DECEMBER
YEAR: 2022
LATITUDE: 33 53 N
LONGITUDE: 117-15 E
[TEMPERATURE DATA] [PRECIPITATION DATA] SYMBOLS USED IN COLUMN 16
AVERAGE MONTHLY: 51.0 TOTAL FOR MONTH: 1.00 1 = FOG OR MIST
DPTR FM NORMAL: 0.0 DPTR FM NORMAL: M 2 = FOG REDUCING VISIBILITY
HIGHEST: 82 ON 25 GRTST 24HR 0.43 ON 31-31 TO 1/4 MILE OR LESS
LOWEST: 28 ON 19 3 = THUNDER
SNOW, ICE PELLETS, HAIL 4 = ICE PELLETS
TOTAL MONTH: M 5 = HAIL
GRTST 24HR M ON M 6 = FREEZING RAIN OR DRIZZLE
GRTST DEPTH: M ON M 7 = DUSTSTORM OR SANDSTORM:
VSBY 1/2 MILE OR LESS
8 = SMOKE OR HAZE
[NO. OF DAYS WITH] [WEATHER - DAYS WITH] 9 = BLOWING SNOW
X = TORNADO
MAX 32 OR BELOW: 0 0.01 INCH OR MORE: 5
MAX 90 OR ABOVE: 0 0.10 INCH OR MORE: 3
MIN 32 OR BELOW: 6 0.50 INCH OR MORE: 0
MIN 0 OR BELOW: 0 1.00 INCH OR MORE: 0
[HDD (BASE 65) ]
TOTAL THIS MO. 426 CLEAR (SCALE 0-3) 18
DPTR FM NORMAL M PTCLDY (SCALE 4-7) 9
TOTAL FM JUL 1 764 CLOUDY (SCALE 8-10) 4
DPTR FM NORMAL M
[CDD (BASE 65) ]
TOTAL THIS MO. 0
DPTR FM NORMAL M [PRESSURE DATA]
TOTAL FM JAN 1 2162 HIGHEST SLP M ON M
DPTR FM NORMAL M LOWEST SLP M ON M
[REMARKS]
#FINAL-12-22#