000
CXUS56 KSGX 011045
CF6RIV
PRELIMINARY LOCAL CLIMATOLOGICAL DATA (WS FORM: F-6)
STATION: RIVERSIDE/MARCH ARB CA
MONTH: JULY
YEAR: 2022
LATITUDE: 33 53 N
LONGITUDE: 117-15 E
TEMPERATURE IN F: :PCPN: SNOW: WIND :SUNSHINE: SKY :PK WND
================================================================================
1 2 3 4 5 6A 6B 7 8 9 10 11 12 13 14 15 16 17 18
12Z AVG MX 2MIN
DY MAX MIN AVG DEP HDD CDD WTR SNW DPTH SPD SPD DIR MIN PSBL S-S WX SPD DR
================================================================================
1 94 65 80 M 0 15 0.00 M M 7.1 17 310 M M 1 20 320
2 92 63 78 M 0 13 0.00 M M 5.2 16 320 M M 0 20 320
3 86 59 73 M 0 8 0.00 M M 5.8 17 310 M M 1 M M
4 85 56 71 M 0 6 0.00 M M 6.2 15 300 M M 0 20 300
5 87 58 73 M 0 8 0.00 M M 6.1 15 300 M M 0 18 300
6 88 59 74 M 0 9 0.00 M M 5.9 13 310 M M 0 20 290
7 94 62 78 M 0 13 0.00 M M 5.9 15 320 M M 0 M M
8 93 61 77 M 0 12 0.00 M M 4.9 15 310 M M 0 M M
9 96 61 79 M 0 14 0.00 M M 5.8 15 300 M M 0 M M
10 98 63 81 M 0 16 0.00 M M 5.2 15 300 M M 0 20 320
11 96 62 79 M 0 14 0.00 M M 5.8 14 300 M M 0 M M
12 90 60 75 M 0 10 0.00 M M 5.8 13 300 M M 0 M M
13 M 61 M M M M 0.00 M M 3.0 5 290 M M 0 M M
14 92 65 79 M 0 14 0.00 M M 6.0 13 310 M M 0 M M
15 100 68 84 M 0 19 0.00 M M 6.3 13 320 M M 0 M M
16 101 69 85 M 0 20 0.00 M M 6.5 16 320 M M 0 M M
17 103 71 87 M 0 22 0.00 M M 6.5 14 310 M M 3 16 280
18 98 72 85 M 0 20 0.00 M M 6.1 16 320 M M 0 20 300
19 98 68 83 M 0 18 0.00 M M 7.1 15 320 M M 0 M M
20 M M M M M M 0.00 M M M M M M M M M M
21 98 67 83 M 0 18 0.00 M M 4.6 15 310 M M 0 M M
22 96 66 81 M 0 16 0.00 M M 4.6 10 290 M M 1 M M
23 96 64 80 M 0 15 0.00 M M 7.0 15 310 M M 1 M M
24 94 63 79 M 0 14 0.00 M M 5.6 14 300 M M 0 M M
25 94 64 79 M 0 14 0.00 M M 6.1 13 320 M M 1 M M
26 94 64 79 M 0 14 0.00 M M 6.3 16 320 M M 1 17 320
27 95 65 80 M 0 15 0.00 M M 4.8 15 320 M M 2 M M
28 93 66 80 M 0 15 0.00 M M 4.4 13 320 M M 3 M M
29 98 67 83 M 0 18 0.00 M M 5.5 15 310 M M 0 M M
30 97 70 84 M 0 19 0.00 M M 5.8 14 320 M M 4 20 320
31 96 72 84 M 0 19 0.00 M M 6.1 16 300 M M 5 M M
================================================================================
SM 2742 1931 0 428 0.00 M 172.0 M 23
================================================================================
AV 94.6 64.4 5.7 FASTST M M 1 MAX(MPH)
MISC ----> # 17 310 # 20 320
================================================================================
NOTES:
# LAST OF SEVERAL OCCURRENCES
COLUMN 17 PEAK WIND IN M.P.H.
PRELIMINARY LOCAL CLIMATOLOGICAL DATA (WS FORM: F-6) , PAGE 2
STATION: RIVERSIDE/MARCH ARB CA
MONTH: JULY
YEAR: 2022
LATITUDE: 33 53 N
LONGITUDE: 117-15 E
[TEMPERATURE DATA] [PRECIPITATION DATA] SYMBOLS USED IN COLUMN 16
AVERAGE MONTHLY: 79.5 TOTAL FOR MONTH: 0.00 1 = FOG OR MIST
DPTR FM NORMAL: 0.0 DPTR FM NORMAL: M 2 = FOG REDUCING VISIBILITY
HIGHEST: 103 ON 17 GRTST 24HR 0.00 ON 1- 1 TO 1/4 MILE OR LESS
LOWEST: 56 ON 4 3 = THUNDER
SNOW, ICE PELLETS, HAIL 4 = ICE PELLETS
TOTAL MONTH: M 5 = HAIL
GRTST 24HR M ON M 6 = FREEZING RAIN OR DRIZZLE
GRTST DEPTH: M ON M 7 = DUSTSTORM OR SANDSTORM:
VSBY 1/2 MILE OR LESS
8 = SMOKE OR HAZE
[NO. OF DAYS WITH] [WEATHER - DAYS WITH] 9 = BLOWING SNOW
X = TORNADO
MAX 32 OR BELOW: 0 0.01 INCH OR MORE: 0
MAX 90 OR ABOVE: 25 0.10 INCH OR MORE: 0
MIN 32 OR BELOW: 0 0.50 INCH OR MORE: 0
MIN 0 OR BELOW: 0 1.00 INCH OR MORE: 0
[HDD (BASE 65) ]
TOTAL THIS MO. 0 CLEAR (SCALE 0-3) 28
DPTR FM NORMAL M PTCLDY (SCALE 4-7) 2
TOTAL FM JUL 1 0 CLOUDY (SCALE 8-10) 1
DPTR FM NORMAL M
[CDD (BASE 65) ]
TOTAL THIS MO. 428
DPTR FM NORMAL M [PRESSURE DATA]
TOTAL FM JAN 1 961 HIGHEST SLP M ON M
DPTR FM NORMAL M LOWEST SLP M ON M
[REMARKS]
#FINAL-07-22#