000
CXUS56 KSGX 011245
CF6RIV
PRELIMINARY LOCAL CLIMATOLOGICAL DATA (WS FORM: F-6)
STATION: RIVERSIDE/MARCH FIELD CA
MONTH: SEPTEMBER
YEAR: 2020
LATITUDE: 33 54 N
LONGITUDE: 117 15 W
TEMPERATURE IN F: :PCPN: SNOW: WIND :SUNSHINE: SKY :PK WND
================================================================================
1 2 3 4 5 6A 6B 7 8 9 10 11 12 13 14 15 16 17 18
12Z AVG MX 2MIN
DY MAX MIN AVG DEP HDD CDD WTR SNW DPTH SPD SPD DIR MIN PSBL S-S WX SPD DR
================================================================================
1 90 56 73 M 0 8 0.00 0.0 0 4.7 12 310 M M 0 M M
2 93 56 75 M 0 10 0.00 0.0 0 4.8 13 320 M M 0 17 320
3 98 59 79 M 0 14 0.00 0.0 0 4.7 14 310 M M 0 M M
4 103 62 83 M 0 18 0.00 0.0 0 5.1 14 290 M M 0 M M
5 115 67 91 M 0 26 0.00 0.0 0 4.1 15 290 M M 1 M M
6 116 69 93 M 0 28 0.00 0.0 M 5.1 21 290 M M 1 28 340
7 96 66 81 M 0 16 0.00 0.0 0 4.1 10 300 M M 0 M M
8 82 63 73 M 0 8 0.00 0.0 0 3.1 8 310 M M 3 1 M M
9 93 57 75 M 0 10 0.00 0.0 0 6.7 22 320 M M 0 33 330
10 90 49 70 M 0 5 0.00 0.0 0 3.2 14 310 M M 1 M M
11 94 50 72 M 0 7 0.00 0.0 0 2.4 14 300 M M 0 M M
12 94 51 73 M 0 8 0.00 0.0 0 3.0 14 300 M M 1 8 M M
13 95 53 74 M 0 9 0.00 0.0 0 4.2 13 310 M M 0 8 M M
14 96 54 75 M 0 10 0.00 0.0 0 3.9 14 310 M M 0 8 M M
15 96 55 76 M 0 11 0.00 0.0 0 4.3 14 300 M M 0 8 M M
16 97 54 76 M 0 11 0.00 0.0 0 M M M M M M 22 M
17 99 53 76 M 0 11 0.00 0.0 0 3.1 9 300 M M 0 M M
18 102 61 82 M 0 17 0.00 0.0 0 4.5 15 310 M M 0 M M
19 97 58 78 M 0 13 0.00 0.0 0 3.9 15 310 M M 0 M M
20 96 56 76 M 0 11 0.00 0.0 0 3.5 15 320 M M 0 21 310
21 93 56 75 M 0 10 0.00 0.0 0 3.9 12 310 M M 0 M M
22 94 53 74 M 0 9 0.00 0.0 0 3.6 14 310 M M 0 M M
23 92 53 73 M 0 8 0.00 0.0 0 3.3 13 290 M M 0 M M
24 95 55 75 M 0 10 0.00 0.0 0 3.2 12 300 M M 0 M M
25 91 58 75 M 0 10 0.00 0.0 M 2.3 7 340 M M 0 M M
26 90 51 71 M 0 6 0.00 0.0 M 6.4 10 290 M M 0 M M
27 93 55 74 M 0 9 0.00 0.0 0 4.3 13 300 M M 0 1 M M
28 102 55 79 M 0 14 0.00 0.0 0 3.7 14 290 M M 0 18 310
29 102 55 79 M 0 14 0.00 0.0 0 4.0 14 300 M M 0 M M
30 104 56 80 M 0 15 0.00 0.0 0 3.5 14 290 M M 0 8 M M
================================================================================
SM 2898 1696 0 356 0.00 0.0 116.6 M 7
================================================================================
AV 96.6 56.5 4.0 FASTST M M 0 MAX(MPH)
MISC ----> # 22 320 # 33 330
================================================================================
NOTES:
# LAST OF SEVERAL OCCURRENCES
COLUMN 17 PEAK WIND IN M.P.H.
PRELIMINARY LOCAL CLIMATOLOGICAL DATA (WS FORM: F-6) , PAGE 2
STATION: RIVERSIDE/MARCH FIELD CA
MONTH: SEPTEMBER
YEAR: 2020
LATITUDE: 33 54 N
LONGITUDE: 117 15 W
[TEMPERATURE DATA] [PRECIPITATION DATA] SYMBOLS USED IN COLUMN 16
AVERAGE MONTHLY: 76.6 TOTAL FOR MONTH: 0.00 1 = FOG OR MIST
DPTR FM NORMAL: M DPTR FM NORMAL: M 2 = FOG REDUCING VISIBILITY
HIGHEST: 116 ON 6 GRTST 24HR 0.00 ON 30-30 TO 1/4 MILE OR LESS
LOWEST: 49 ON 10 3 = THUNDER
SNOW, ICE PELLETS, HAIL 4 = ICE PELLETS
TOTAL MONTH: 0.0 INCH 5 = HAIL
GRTST 24HR 0.0 6 = FREEZING RAIN OR DRIZZLE
GRTST DEPTH: 0 7 = DUSTSTORM OR SANDSTORM:
VSBY 1/2 MILE OR LESS
8 = SMOKE OR HAZE
[NO. OF DAYS WITH] [WEATHER - DAYS WITH] 9 = BLOWING SNOW
X = TORNADO
MAX 32 OR BELOW: 0 0.01 INCH OR MORE: 0
MAX 90 OR ABOVE: 29 0.10 INCH OR MORE: 0
MIN 32 OR BELOW: 0 0.50 INCH OR MORE: 0
MIN 0 OR BELOW: 0 1.00 INCH OR MORE: 0
[HDD (BASE 65) ]
TOTAL THIS MO. 0 CLEAR (SCALE 0-3) 28
DPTR FM NORMAL M PTCLDY (SCALE 4-7) 1
TOTAL FM JUL 1 0 CLOUDY (SCALE 8-10) 0
DPTR FM NORMAL M
[CDD (BASE 65) ]
TOTAL THIS MO. 356
DPTR FM NORMAL M [PRESSURE DATA]
TOTAL FM JAN 1 1529 HIGHEST SLP 30.01 ON 16
DPTR FM NORMAL M LOWEST SLP 29.91 ON 16
[REMARKS]
#FINAL-09-20#