000
CXUS56 KSGX 011245
CF6RIV
PRELIMINARY LOCAL CLIMATOLOGICAL DATA (WS FORM: F-6)
STATION: RIVERSIDE/MARCH FIELD CA
MONTH: APRIL
YEAR: 2020
LATITUDE: 33 54 N
LONGITUDE: 117 15 W
TEMPERATURE IN F: :PCPN: SNOW: WIND :SUNSHINE: SKY :PK WND
================================================================================
1 2 3 4 5 6A 6B 7 8 9 10 11 12 13 14 15 16 17 18
12Z AVG MX 2MIN
DY MAX MIN AVG DEP HDD CDD WTR SNW DPTH SPD SPD DIR MIN PSBL S-S WX SPD DR
================================================================================
1 74 42 58 M 7 0 0.00 0.0 0 4.0 14 310 M M 1 1 M M
2 68 49 59 M 6 0 0.00 0.0 0 5.5 9 150 M M 9 1 M M
3 68 49 59 M 6 0 0.00 0.0 0 5.4 12 300 M M 4 M M
4 67 49 58 M 7 0 0.00 0.0 0 5.8 13 170 M M 8 16 170
5 61 50 56 M 9 0 0.00 0.0 0 7.7 10 150 M M 9 M M
6 55 49 52 M 13 0 1.03 M 0 7.5 15 160 M M 9 1 21 160
7 61 48 55 M 10 0 0.60 M M 4.7 17 160 M M 8 1 23 160
8 53 46 50 M 15 0 0.47 M 0 6.4 10 330 M M 7 13 M M
9 51 45 48 M 17 0 0.79 M 0 4.6 9 140 M M 9 1 M M
10 55 47 51 M 14 0 0.35 M 0 5.8 15 100 M M 9 M M
11 67 46 57 M 8 0 0.00 0.0 0 4.7 9 300 M M 5 M M
12 58 51 55 M 10 0 0.09 0.0 0 5.2 9 190 M M 10 1 M M
13 59 49 54 M 11 0 0.09 M 0 4.0 12 290 M M 9 1 M M
14 75 43 59 M 6 0 0.00 0.0 0 4.2 12 350 M M 2 1 M M
15 78 36 57 M 8 0 0.00 0.0 0 3.5 13 300 M M 0 M M
16 75 39 57 M 8 0 0.00 0.0 0 4.5 16 140 M M 0 22 140
17 66 43 55 M 10 0 0.27 M 0 3.3 10 150 M M 5 M M
18 60 50 55 M 10 0 T 0.0 0 4.6 10 310 M M 9 1 M M
19 66 50 58 M 7 0 0.00 0.0 M 7.3 12 300 M M 7 M M
20 67 49 58 M 7 0 0.00 0.0 0 6.4 14 330 M M 7 M M
21 72 48 60 M 5 0 0.00 0.0 0 5.2 14 310 M M 3 M M
22 85 44 65 M 0 0 0.00 0.0 0 5.2 17 280 M M 0 23 290
23 88 47 68 M 0 3 0.00 0.0 0 3.7 9 300 M M 0 M M
24 93 50 72 M 0 7 0.00 0.0 0 3.2 10 280 M M 0 M M
25 92 51 72 M 0 7 0.00 0.0 0 3.2 14 300 M M 0 M M
26 89 48 69 M 0 4 0.00 0.0 0 3.0 12 310 M M 0 M M
27 86 48 67 M 0 2 0.00 0.0 0 3.8 14 300 M M 0 M M
28 90 49 70 M 0 5 0.00 0.0 0 4.0 15 320 M M 0 M M
29 87 55 71 M 0 6 0.00 0.0 0 4.7 13 290 M M 2 M M
30 86 57 72 M 0 7 0.00 0.0 0 3.7 10 300 M M 1 1 M M
================================================================================
SM 2152 1427 194 41 3.69 0.0 144.8 M 133
================================================================================
AV 71.7 47.6 4.8 FASTST M M 4 MAX(MPH)
MISC ----> # 17 160 # 23 160
================================================================================
NOTES:
# LAST OF SEVERAL OCCURRENCES
COLUMN 17 PEAK WIND IN M.P.H.
PRELIMINARY LOCAL CLIMATOLOGICAL DATA (WS FORM: F-6) , PAGE 2
STATION: RIVERSIDE/MARCH FIELD CA
MONTH: APRIL
YEAR: 2020
LATITUDE: 33 54 N
LONGITUDE: 117 15 W
[TEMPERATURE DATA] [PRECIPITATION DATA] SYMBOLS USED IN COLUMN 16
AVERAGE MONTHLY: 59.7 TOTAL FOR MONTH: 3.69 1 = FOG OR MIST
DPTR FM NORMAL: M DPTR FM NORMAL: M 2 = FOG REDUCING VISIBILITY
HIGHEST: 93 ON 24 GRTST 24HR 1.03 ON 6- 6 TO 1/4 MILE OR LESS
LOWEST: 36 ON 15 3 = THUNDER
SNOW, ICE PELLETS, HAIL 4 = ICE PELLETS
TOTAL MONTH: 0.0 INCH 5 = HAIL
GRTST 24HR 0.0 6 = FREEZING RAIN OR DRIZZLE
GRTST DEPTH: 0 7 = DUSTSTORM OR SANDSTORM:
VSBY 1/2 MILE OR LESS
8 = SMOKE OR HAZE
[NO. OF DAYS WITH] [WEATHER - DAYS WITH] 9 = BLOWING SNOW
X = TORNADO
MAX 32 OR BELOW: 0 0.01 INCH OR MORE: 8
MAX 90 OR ABOVE: 3 0.10 INCH OR MORE: 6
MIN 32 OR BELOW: 0 0.50 INCH OR MORE: 3
MIN 0 OR BELOW: 0 1.00 INCH OR MORE: 1
[HDD (BASE 65) ]
TOTAL THIS MO. 194 CLEAR (SCALE 0-3) 13
DPTR FM NORMAL M PTCLDY (SCALE 4-7) 9
TOTAL FM JUL 1 2132 CLOUDY (SCALE 8-10) 8
DPTR FM NORMAL M
[CDD (BASE 65) ]
TOTAL THIS MO. 41
DPTR FM NORMAL M [PRESSURE DATA]
TOTAL FM JAN 1 41 HIGHEST SLP M ON M
DPTR FM NORMAL M LOWEST SLP M ON M
[REMARKS]
#FINAL-04-20#