000
CXUS54 KCRP 031412
CF6RKP
PRELIMINARY LOCAL CLIMATOLOGICAL DATA (WS FORM: F-6)
STATION: ROCKPORT
MONTH: NOVEMBER
YEAR: 2023
LATITUDE: 28 4 N
LONGITUDE: 97 3 W
TEMPERATURE IN F: :PCPN: SNOW: WIND :SUNSHINE: SKY :PK WND
================================================================================
1 2 3 4 5 6A 6B 7 8 9 10 11 12 13 14 15 16 17 18
12Z AVG MX 2MIN
DY MAX MIN AVG DEP HDD CDD WTR SNW DPTH SPD SPD DIR MIN PSBL S-S WX SPD DR
================================================================================
1 64 44 54 -17 11 0 0.00 0.0 0 8.5 17 30 M M 0 26 30
2 70 45 58 -13 7 0 0.00 0.0 0 8.0 15 60 M M 5 20 60
3 78 58 68 -2 0 3 0.00 0.0 0 5.8 12 110 M M 3 14 120
4 81 60 71 1 0 6 0.00 0.0 0 4.7 10 100 M M 0 8 14 120
5 83 61 72 2 0 7 0.00 0.0 0 4.6 10 140 M M 0 8 14 140
6 83 66 75 6 0 10 0.00 0.0 0 7.2 16 170 M M 0 8 26 150
7 83 67 75 6 0 10 0.00 0.0 0 8.4 15 170 M M 1 8 24 170
8 83 73 78 9 0 13 0.00 0.0 0 9.0 16 140 M M 1 25 200
9 80 72 76 8 0 11 M 0.0 0 6.7 16 160 M M 7 138 25 150
10 72 59 66 -2 0 1 M 0.0 0 13.4 22 360 M M 10 1 31 360
11 60 57 59 -9 6 0 M 0.0 0 9.2 15 20 M M 9 18 21 20
12 63 59 61 -6 4 0 M 0.0 0 9.6 18 20 M M 10 1 31 20
13 64 61 63 -4 2 0 T 0.0 0 14.4 21 20 M M 10 1 29 20
14 76 59 68 1 0 3 0.00 0.0 0 8.2 15 20 M M 5 1 22 30
15 78 56 67 1 0 2 0.00 0.0 0 5.6 12 350 M M 0 18 14 320
16 69 56 63 -3 2 0 0.00 0.0 0 7.4 14 50 M M 5 18 16 50
17 79 54 67 1 0 2 0.00 0.0 0 3.6 7 170 M M 1 12 14 80
18 75 61 68 2 0 3 0.00 0.0 0 6.9 17 340 M M 4 18 21 340
19 78 62 70 5 0 5 T 0.0 0 6.1 14 140 M M 6 18 19 150
20 80 65 73 8 0 8 0.00 0.0 0 7.2 16 340 M M 4 18 24 200
21 68 55 62 -3 3 0 0.00 0.0 0 14.2 23 330 M M 1 34 320
22 61 47 54 -10 11 0 0.00 0.0 0 7.9 18 330 M M 0 24 330
23 57 48 53 -11 12 0 T 0.0 0 4.6 10 290 M M 9 1 16 280
24 70 50 60 -4 5 0 0.00 0.0 0 9.5 17 70 M M 4 24 60
25 70 59 65 1 0 0 T 0.0 0 11.4 17 70 M M 8 1 24 60
26 65 52 59 -4 6 0 0.00 0.0 0 10.9 21 10 M M 9 18 34 360
27 56 50 53 -10 12 0 0.00 0.0 0 7.5 15 30 M M 10 20 60
28 61 53 57 -6 8 0 0.00 0.0 0 6.8 13 50 M M 9 18 50
29 70 58 64 1 1 0 T 0.0 0 9.4 15 100 M M 10 1 20 110
30 77 65 71 9 0 6 0.06 0.0 0 8.3 20 190 M M 8 18 33 190
================================================================================
SM 2154 1732 90 90 0.06 0.0 245.0 M 149
================================================================================
AV 71.8 57.7 8.2 FASTST M M 5 MAX(MPH)
MISC ----> 23 330 # 34 320
================================================================================
NOTES:
# LAST OF SEVERAL OCCURRENCES
COLUMN 17 PEAK WIND IN M.P.H.
PRELIMINARY LOCAL CLIMATOLOGICAL DATA (WS FORM: F-6) , PAGE 2
STATION: ROCKPORT
MONTH: NOVEMBER
YEAR: 2023
LATITUDE: 28 4 N
LONGITUDE: 97 3 W
[TEMPERATURE DATA] [PRECIPITATION DATA] SYMBOLS USED IN COLUMN 16
AVERAGE MONTHLY: 64.8 TOTAL FOR MONTH: 0.06 1 = FOG OR MIST
DPTR FM NORMAL: -1.7 DPTR FM NORMAL: -2.37 2 = FOG REDUCING VISIBILITY
HIGHEST: 83 ON 8, 7 GRTST 24HR 0.06 ON 30-30 TO 1/4 MILE OR LESS
LOWEST: 44 ON 1 3 = THUNDER
SNOW, ICE PELLETS, HAIL 4 = ICE PELLETS
TOTAL MONTH: 0.0 INCH 5 = HAIL
GRTST 24HR 0.0 6 = FREEZING RAIN OR DRIZZLE
GRTST DEPTH: 0 7 = DUSTSTORM OR SANDSTORM:
VSBY 1/2 MILE OR LESS
8 = SMOKE OR HAZE
[NO. OF DAYS WITH] [WEATHER - DAYS WITH] 9 = BLOWING SNOW
X = TORNADO
MAX 32 OR BELOW: 0 0.01 INCH OR MORE: 1
MAX 90 OR ABOVE: 0 0.10 INCH OR MORE: 0
MIN 32 OR BELOW: 0 0.50 INCH OR MORE: 0
MIN 0 OR BELOW: 0 1.00 INCH OR MORE: 0
[HDD (BASE 65) ]
TOTAL THIS MO. 90 CLEAR (SCALE 0-3) 11
DPTR FM NORMAL 3 PTCLDY (SCALE 4-7) 9
TOTAL FM JUL 1 117 CLOUDY (SCALE 8-10) 10
DPTR FM NORMAL 21
[CDD (BASE 65) ]
TOTAL THIS MO. 90
DPTR FM NORMAL -42 [PRESSURE DATA]
TOTAL FM JAN 1 4025 HIGHEST SLP 30.48 ON 1
DPTR FM NORMAL 296 LOWEST SLP 29.63 ON 20
[REMARKS]
#FINAL-11-23#