000
CXUS55 KRIW 011010
CF6RKS
PRELIMINARY LOCAL CLIMATOLOGICAL DATA (WS FORM: F-6)
STATION: ROCK SPRINGS WY
MONTH: MAY
YEAR: 2023
LATITUDE: 41 35 N
LONGITUDE: 109 4 W
TEMPERATURE IN F: :PCPN: SNOW: WIND :SUNSHINE: SKY :PK WND
================================================================================
1 2 3 4 5 6A 6B 7 8 9 10 11 12 13 14 15 16 17 18
12Z AVG MX 2MIN
DY MAX MIN AVG DEP HDD CDD WTR SNW DPTH SPD SPD DIR MIN PSBL S-S WX SPD DR
================================================================================
1 76 42 59 14 6 0 0.00 M M 9.2 24 70 M M 1 32 70
2 68 43 56 10 9 0 0.00 M M 11.5 30 180 M M 1 37 190
3 71 38 55 9 10 0 0.00 M M 5.3 18 230 M M 0 23 230
4 61 44 53 7 12 0 0.03 M M 10.0 36 190 M M 5 13 48 190
5 57 36 47 0 18 0 T M M 10.7 26 290 M M 3 36 270
6 52 32 42 -5 23 0 0.13 M M 10.4 26 240 M M 8 12 33 240
7 55 31 43 -5 22 0 T M M 9.3 28 270 M M 4 12 38 260
8 62 34 48 0 17 0 0.01 M M 8.2 35 260 M M 4 44 260
9 66 36 51 3 14 0 0.00 M M 6.5 18 260 M M 1 27 250
10 67 41 54 5 11 0 T M M 13.4 28 140 M M 3 45 140
11 64 41 53 4 12 0 T M M 9.3 22 60 M M 7 28 30
12 62 40 51 2 14 0 0.00 M M 12.6 24 60 M M 9 31 50
13 56 39 48 -2 17 0 0.00 M M 20.5 33 60 M M 7 46 60
14 63 42 53 3 12 0 T M M 23.0 35 50 M M 7 3 44 50
15 70 41 56 6 9 0 0.06 M M 9.6 33 210 M M 4 38 46 310
16 74 42 58 7 7 0 0.00 M M 10.6 25 280 M M 3 35 260
17 73 44 59 8 6 0 0.00 M M 8.5 30 270 M M 1 38 250
18 65 44 55 3 10 0 0.03 M M 7.6 25 40 M M 4 138 33 40
19 68 41 55 3 10 0 0.00 M M 7.2 17 70 M M 0 18 24 40
20 73 42 58 6 7 0 T M M 5.2 26 110 M M 2 40 90
21 77 46 62 9 3 0 0.00 M M 6.5 24 20 M M 3 32 40
22 76 50 63 10 2 0 0.14 M M 6.1 32 150 M M 3 3 38 140
23 73 45 59 6 6 0 0.01 M M 6.6 22 270 M M 3 29 270
24 75 49 62 8 3 0 0.03 M M 9.2 29 290 M M 5 3 38 290
25 68 46 57 3 8 0 0.02 M M 8.8 25 300 M M 6 3 33 300
26 69 43 56 2 9 0 0.01 M M 8.2 39 290 M M 2 52 300
27 63 38 51 -4 14 0 T M M 9.1 29 220 M M 3 37 220
28 69 38 54 -1 11 0 0.07 M M 7.7 30 280 M M 2 13 40 290
29 71 44 58 3 7 0 0.04 M M 8.0 30 180 M M 4 3 41 180
30 72 43 58 2 7 0 0.00 M M 7.5 39 190 M M 1 3 49 170
31 74 43 59 3 6 0 0.00 M M 7.7 31 160 M M 2 43 160
================================================================================
SM 2090 1278 322 0 0.58 M 294.0 M 108
================================================================================
AV 67.4 41.2 9.5 FASTST M M 3 MAX(MPH)
MISC ----> # 39 290 52 300
================================================================================
NOTES:
# LAST OF SEVERAL OCCURRENCES
COLUMN 17 PEAK WIND IN M.P.H.
PRELIMINARY LOCAL CLIMATOLOGICAL DATA (WS FORM: F-6) , PAGE 2
STATION: ROCK SPRINGS WY
MONTH: MAY
YEAR: 2023
LATITUDE: 41 35 N
LONGITUDE: 109 4 W
[TEMPERATURE DATA] [PRECIPITATION DATA] SYMBOLS USED IN COLUMN 16
AVERAGE MONTHLY: 54.3 TOTAL FOR MONTH: 0.58 1 = FOG OR MIST
DPTR FM NORMAL: 3.5 DPTR FM NORMAL: -0.69 2 = FOG REDUCING VISIBILITY
HIGHEST: 77 ON 21 GRTST 24HR 0.14 ON 22-22 TO 1/4 MILE OR LESS
LOWEST: 31 ON 7 3 = THUNDER
SNOW, ICE PELLETS, HAIL 4 = ICE PELLETS
TOTAL MONTH: M 5 = HAIL
GRTST 24HR M ON M 6 = FREEZING RAIN OR DRIZZLE
GRTST DEPTH: M ON M 7 = DUSTSTORM OR SANDSTORM:
VSBY 1/2 MILE OR LESS
8 = SMOKE OR HAZE
[NO. OF DAYS WITH] [WEATHER - DAYS WITH] 9 = BLOWING SNOW
X = TORNADO
MAX 32 OR BELOW: 0 0.01 INCH OR MORE: 12
MAX 90 OR ABOVE: 0 0.10 INCH OR MORE: 2
MIN 32 OR BELOW: 2 0.50 INCH OR MORE: 0
MIN 0 OR BELOW: 0 1.00 INCH OR MORE: 0
[HDD (BASE 65) ]
TOTAL THIS MO. 322 CLEAR (SCALE 0-3) 15
DPTR FM NORMAL -120 PTCLDY (SCALE 4-7) 15
TOTAL FM JUL 1 8309 CLOUDY (SCALE 8-10) 1
DPTR FM NORMAL 404
[CDD (BASE 65) ]
TOTAL THIS MO. 0
DPTR FM NORMAL -2 [PRESSURE DATA]
TOTAL FM JAN 1 0 HIGHEST SLP 30.37 ON 15
DPTR FM NORMAL -2 LOWEST SLP 29.63 ON 1
[REMARKS]
#FINAL-05-23#