000
CXUS55 KRIW 011010
CF6RKS
PRELIMINARY LOCAL CLIMATOLOGICAL DATA (WS FORM: F-6)
STATION: ROCK SPRINGS WY
MONTH: MARCH
YEAR: 2022
LATITUDE: 41 35 N
LONGITUDE: 109 4 W
TEMPERATURE IN F: :PCPN: SNOW: WIND :SUNSHINE: SKY :PK WND
================================================================================
1 2 3 4 5 6A 6B 7 8 9 10 11 12 13 14 15 16 17 18
12Z AVG MX 2MIN
DY MAX MIN AVG DEP HDD CDD WTR SNW DPTH SPD SPD DIR MIN PSBL S-S WX SPD DR
================================================================================
1 55 31 43 14 22 0 0.00 M M 13.2 24 260 M M 0 29 270
2 59 27 43 14 22 0 0.00 M M 5.7 17 260 M M 0 23 260
3 58 27 43 14 22 0 0.00 M M 8.2 22 210 M M 0 29 220
4 45 30 38 8 27 0 0.01 M M 7.8 26 180 M M 7 123 34 180
5 31 19 25 -5 40 0 0.06 M M 15.7 24 60 M M 10 128 33 70
6 19 6 13 -18 52 0 T M M 17.9 32 60 M M 10 19 40 50
7 20 -3 9 -22 56 0 0.00 M M 10.5 22 260 M M 1 28 260
8 30 9 20 -11 45 0 T M M 17.7 31 260 M M 8 39 270
9 24 -4 10 -22 55 0 T M M 15.0 24 60 M M 9 18 32 240
10 15 -9 3 -29 62 0 0.00 M M 12.6 24 260 M M 4 18 31 240
11 26 1 14 -19 51 0 0.00 M M 23.6 39 260 M M 1 48 260
12 40 23 32 -1 33 0 0.00 M M 17.9 36 270 M M 1 43 270
13 38 24 31 -2 34 0 T M M 14.1 29 260 M M 3 1 37 260
14 40 21 31 -3 34 0 0.00 M M 13.9 25 250 M M 0 31 260
15 52 25 39 5 26 0 0.03 M M 11.5 24 260 M M 3 32 260
16 42 26 34 0 31 0 0.00 M M 15.8 32 260 M M 2 42 260
17 39 20 30 -5 35 0 T M M 11.2 20 260 M M 3 1 27 290
18 45 23 34 -1 31 0 0.00 M M 13.7 31 260 M M 1 39 250
19 51 26 39 4 26 0 0.00 M M 10.0 26 220 M M 1 33 220
20 50 26 38 2 27 0 T M M 13.5 30 240 M M 7 1 41 260
21 43 17 30 -6 35 0 0.00 M M 14.7 25 260 M M 2 35 280
22 41 21 31 -5 34 0 0.00 M M 9.0 22 50 M M 6 28 50
23 54 22 38 2 27 0 0.00 M M 15.1 25 260 M M 0 32 270
24 60 31 46 9 19 0 0.00 M M 14.0 29 260 M M 0 40 250
25 65 34 50 13 15 0 0.00 M M 12.1 30 260 M M 0 42 260
26 68 36 52 15 13 0 0.00 M M 9.8 28 290 M M 1 35 290
27 70 35 53 16 12 0 0.00 M M 8.0 21 260 M M 1 29 260
28 64 39 52 14 13 0 0.00 M M 10.5 32 210 M M 3 41 200
29 51 28 40 2 25 0 0.08 M M 13.4 29 10 M M 10 1 38 20
30 50 22 36 -2 29 0 T M M 10.6 21 270 M M 4 1 26 280
31 47 29 38 0 27 0 0.02 M M 13.1 25 260 M M 3 1 33 250
================================================================================
SM 1392 662 980 0 0.20 M 399.8 M 101
================================================================================
AV 44.9 21.4 12.9 FASTST M M 3 MAX(MPH)
MISC ----> 39 260 48 260
================================================================================
NOTES:
# LAST OF SEVERAL OCCURRENCES
COLUMN 17 PEAK WIND IN M.P.H.
PRELIMINARY LOCAL CLIMATOLOGICAL DATA (WS FORM: F-6) , PAGE 2
STATION: ROCK SPRINGS WY
MONTH: MARCH
YEAR: 2022
LATITUDE: 41 35 N
LONGITUDE: 109 4 W
[TEMPERATURE DATA] [PRECIPITATION DATA] SYMBOLS USED IN COLUMN 16
AVERAGE MONTHLY: 33.1 TOTAL FOR MONTH: 0.20 1 = FOG OR MIST
DPTR FM NORMAL: -0.9 DPTR FM NORMAL: -0.38 2 = FOG REDUCING VISIBILITY
HIGHEST: 70 ON 27 GRTST 24HR 0.08 ON 29-29 TO 1/4 MILE OR LESS
LOWEST: -9 ON 10 3 = THUNDER
SNOW, ICE PELLETS, HAIL 4 = ICE PELLETS
TOTAL MONTH: M 5 = HAIL
GRTST 24HR M ON M 6 = FREEZING RAIN OR DRIZZLE
GRTST DEPTH: M ON M 7 = DUSTSTORM OR SANDSTORM:
VSBY 1/2 MILE OR LESS
8 = SMOKE OR HAZE
[NO. OF DAYS WITH] [WEATHER - DAYS WITH] 9 = BLOWING SNOW
X = TORNADO
MAX 32 OR BELOW: 7 0.01 INCH OR MORE: 5
MAX 90 OR ABOVE: 0 0.10 INCH OR MORE: 0
MIN 32 OR BELOW: 27 0.50 INCH OR MORE: 0
MIN 0 OR BELOW: 3 1.00 INCH OR MORE: 0
[HDD (BASE 65) ]
TOTAL THIS MO. 980 CLEAR (SCALE 0-3) 17
DPTR FM NORMAL 19 PTCLDY (SCALE 4-7) 10
TOTAL FM JUL 1 6251 CLOUDY (SCALE 8-10) 4
DPTR FM NORMAL -500
[CDD (BASE 65) ]
TOTAL THIS MO. 0
DPTR FM NORMAL 0 [PRESSURE DATA]
TOTAL FM JAN 1 0 HIGHEST SLP 30.48 ON 7
DPTR FM NORMAL 0 LOWEST SLP 29.50 ON 29
[REMARKS]
#FINAL-03-22#