000
CXUS51 KRNK 011335
CF6RNK
PRELIMINARY LOCAL CLIMATOLOGICAL DATA (WS FORM: F-6)
STATION: BLACKSBURG VA
MONTH: JANUARY
YEAR: 2021
LATITUDE: 37 13 N
LONGITUDE: 80 25 W
TEMPERATURE IN F: :PCPN: SNOW: WIND :SUNSHINE: SKY :PK WND
================================================================================
1 2 3 4 5 6A 6B 7 8 9 10 11 12 13 14 15 16 17 18
12Z AVG MX 2MIN
DY MAX MIN AVG DEP HDD CDD WTR SNW DPTH SPD SPD DIR MIN PSBL S-S WX SPD DR
================================================================================
1 46 31 39 8 26 0 0.44 0.0 0 5.8 14 100 M M 10 1 18 100
2 56 34 45 14 20 0 T 0.0 0 2.7 13 310 M M 6 12 18 310
3 47 35 41 10 24 0 0.07 0.0 0 5.4 12 300 M M 10 12 20 300
4 43 26 35 4 30 0 T T 0 2.7 9 300 M M 6 M M
5 40 27 34 3 31 0 T 0.0 0 4.2 13 300 M M 10 20 310
6 37 30 34 3 31 0 T T 0 6.7 15 320 M M 10 18 300
7 38 29 34 3 31 0 0.00 0.0 0 1.5 8 320 M M 7 M M
8 34 28 31 0 34 0 0.26 2.5 3 2.6 7 290 M M 10 1 M M
9 34 21 28 -3 37 0 0.00 0.0 2 5.1 15 310 M M 1 20 310
10 44 17 31 0 34 0 0.00 0.0 1 0.3 5 290 M M 0 M M
11 32 19 26 -5 39 0 0.06 0.3 1 0.7 5 300 M M 7 1 M M
12 44 25 35 4 30 0 0.00 0.0 T 3.9 12 310 M M 5 1 17 280
13 48 24 36 5 29 0 0.00 0.0 T 1.7 8 250 M M 0 M M
14 48 19 34 3 31 0 0.00 0.0 0 1.7 8 240 M M 0 M M
15 36 23 30 -1 35 0 0.12 0.1 T 1.2 7 90 M M 7 124 M M
16 35 23 29 -2 36 0 0.02 0.8 T 4.0 17 290 M M 10 12 25 290
17 36 29 33 2 32 0 T T T 5.8 8 250 M M 10 18 240
18 34 27 31 0 34 0 0.02 0.4 T 6.6 14 290 M M 9 1 24 290
19 48 24 36 5 29 0 0.00 0.0 T 2.3 13 230 M M 6 17 250
20 40 24 32 1 33 0 0.00 0.0 T 6.9 15 300 M M 4 29 280
21 44 24 34 2 31 0 0.01 0.1 0 4.9 14 310 M M 5 4 21 300
22 47 31 39 7 26 0 0.00 0.0 0 8.6 16 300 M M 0 29 290
23 38 18 28 -4 37 0 0.00 0.0 0 6.8 17 300 M M 0 30 300
24 40 15 28 -4 37 0 T T 0 0.3 5 120 M M 7 4 M M
25 40 31 36 4 29 0 1.04 0.0 0 2.7 12 100 M M 10 1 25 10
26 55 31 43 11 22 0 0.66 0.0 0 1.7 7 110 M M 6 12 M M
27 49 31 40 8 25 0 0.37 1.2 1 3.8 13 90 M M 4 1 26 260
28 32 18 25 -7 40 0 0.08 0.8 2 10.4 22 300 M M 8 33 300
29 31 16 24 -8 41 0 T T 2 8.3 14 290 M M 3 26 290
30 38 13 26 -6 39 0 0.06 0.9 3 1.5 6 90 M M 3 1 M M
31 30 26 28 -4 37 0 0.41 4.2 6 4.5 8 90 M M 10 1246 M M
================================================================================
SM 1264 769 990 0 3.62 11.3 125.3 M 184
================================================================================
AV 40.8 24.8 4.0 FASTST M M 6 MAX(MPH)
MISC ----> 22 300 33 300
================================================================================
NOTES:
# LAST OF SEVERAL OCCURRENCES
COLUMN 17 PEAK WIND IN M.P.H.
PRELIMINARY LOCAL CLIMATOLOGICAL DATA (WS FORM: F-6) , PAGE 2
STATION: BLACKSBURG VA
MONTH: JANUARY
YEAR: 2021
LATITUDE: 37 13 N
LONGITUDE: 80 25 W
[TEMPERATURE DATA] [PRECIPITATION DATA] SYMBOLS USED IN COLUMN 16
AVERAGE MONTHLY: 32.8 TOTAL FOR MONTH: 3.62 1 = FOG OR MIST
DPTR FM NORMAL: 1.3 DPTR FM NORMAL: 0.54 2 = FOG REDUCING VISIBILITY
HIGHEST: 56 ON 2 GRTST 24HR 2.68 ON 25-26 TO 1/4 MILE OR LESS
LOWEST: 13 ON 30 3 = THUNDER
SNOW, ICE PELLETS, HAIL 4 = ICE PELLETS
TOTAL MONTH: 11.3 INCHES 5 = HAIL
GRTST 24HR 4.2 ON 31-31 6 = FREEZING RAIN OR DRIZZLE
GRTST DEPTH: 6 ON 31 7 = DUSTSTORM OR SANDSTORM:
VSBY 1/2 MILE OR LESS
8 = SMOKE OR HAZE
[NO. OF DAYS WITH] [WEATHER - DAYS WITH] 9 = BLOWING SNOW
X = TORNADO
MAX 32 OR BELOW: 4 0.01 INCH OR MORE: 14
MAX 90 OR ABOVE: 0 0.10 INCH OR MORE: 7
MIN 32 OR BELOW: 29 0.50 INCH OR MORE: 2
MIN 0 OR BELOW: 0 1.00 INCH OR MORE: 1
[HDD (BASE 65) ]
TOTAL THIS MO. 990 CLEAR (SCALE 0-3) 7
DPTR FM NORMAL -50 PTCLDY (SCALE 4-7) 13
TOTAL FM JUL 1 2853 CLOUDY (SCALE 8-10) 11
DPTR FM NORMAL -338
[CDD (BASE 65) ]
TOTAL THIS MO. 0
DPTR FM NORMAL 0 [PRESSURE DATA]
TOTAL FM JAN 1 0 HIGHEST SLP M ON M
DPTR FM NORMAL 0 LOWEST SLP M ON M
[REMARKS]
#FINAL-01-21#