000
CXUS54 KFWD 010831
CF6RPH
PRELIMINARY LOCAL CLIMATOLOGICAL DATA (WS FORM: F-6)
STATION: GRAHAM
MONTH: NOVEMBER
YEAR: 2021
LATITUDE: 33 6 N
LONGITUDE: 98 30 W
TEMPERATURE IN F: :PCPN: SNOW: WIND :SUNSHINE: SKY :PK WND
================================================================================
1 2 3 4 5 6A 6B 7 8 9 10 11 12 13 14 15 16 17 18
12Z AVG MX 2MIN
DY MAX MIN AVG DEP HDD CDD WTR SNW DPTH SPD SPD DIR MIN PSBL S-S WX SPD DR
================================================================================
1 66 50 58 -1 7 0 T M M 3.9 9 30 M M 7 M M
2 52 48 50 -8 15 0 0.05 M M 6.9 12 40 M M 10 1 18 30
3 49 47 48 -10 17 0 0.03 M M 6.0 9 360 M M 10 1 M M
4 53 41 47 -11 18 0 0.00 M M 1.1 5 120 M M 8 M M
5 62 37 50 -7 15 0 0.00 M M 4.2 9 130 M M 1 M M
6 69 41 55 -2 10 0 0.00 M M 5.1 9 160 M M 0 M M
7 78 46 62 5 3 0 0.00 M M 6.4 12 160 M M 0 20 160
8 76 52 64 8 1 0 0.00 M M 7.1 12 150 M M 0 20 170
9 77 60 69 13 0 4 0.00 M M 6.3 12 190 M M 2 17 180
10 78 61 70 15 0 5 T M M 8.2 14 200 M M 5 24 200
11 67 42 55 0 10 0 M M M 4.1 12 20 M M 0 20 10
12 65 34 50 -4 15 0 0.00 M M 5.4 17 350 M M 0 8 31 M
13 71 29 50 -4 15 0 0.00 M M 4.0 9 150 M M 0 8 18 200
14 71 41 56 2 9 0 0.00 M M 4.1 12 10 M M 0 18 60
15 83 37 60 7 5 0 0.00 M M 3.4 9 140 M M 0 16 140
16 85 59 72 19 0 7 0.00 M M 9.5 16 190 M M 0 25 200
17 71 44 58 6 7 0 0.00 M M 10.2 17 350 M M 0 22 350
18 60 31 46 -6 19 0 0.00 M M 6.9 14 20 M M 0 8 21 30
19 64 27 46 -6 19 0 0.00 M M 5.4 12 170 M M 0 21 170
20 79 50 65 14 0 0 0.00 M M 7.9 15 220 M M 1 20 99
21 64 44 54 3 11 0 0.00 M M 8.5 18 350 M M 4 28 360
22 67 27 47 -3 18 0 0.00 M M 1.2 6 200 M M 0 M M
23 74 32 53 3 12 0 0.00 M M 6.3 16 200 M M 0 23 160
24 76 56 66 17 0 1 0.00 M M 9.0 14 200 M M 3 23 190
25 58 29 44 -5 21 0 0.00 M M 12.9 22 360 M M 1 32 M
26 63 21 42 -7 23 0 0.00 M M 3.1 8 160 M M 0 M M
27 55 45 50 2 15 0 0.04 M M 3.2 8 190 M M 9 1 M M
28 64 36 50 2 15 0 0.00 M M 3.6 10 350 M M 1 1 M M
29 77 33 55 7 10 0 0.00 M M 3.3 10 210 M M 0 M M
30 78 41 60 13 5 0 0.00 M M 4.6 9 170 M M 1 17 170
================================================================================
SM 2052 1241 315 17 0.12 M 171.8 M 63
================================================================================
AV 68.4 41.4 5.7 FASTST M M 2 MAX(MPH)
MISC ----> 22 360 32 9999
================================================================================
NOTES:
# LAST OF SEVERAL OCCURRENCES
COLUMN 17 PEAK WIND IN M.P.H.
PRELIMINARY LOCAL CLIMATOLOGICAL DATA (WS FORM: F-6) , PAGE 2
STATION: GRAHAM
MONTH: NOVEMBER
YEAR: 2021
LATITUDE: 33 6 N
LONGITUDE: 98 30 W
[TEMPERATURE DATA] [PRECIPITATION DATA] SYMBOLS USED IN COLUMN 16
AVERAGE MONTHLY: 54.9 TOTAL FOR MONTH: 0.12 1 = FOG OR MIST
DPTR FM NORMAL: 1.9 DPTR FM NORMAL: -1.77 2 = FOG REDUCING VISIBILITY
HIGHEST: 85 ON 16 GRTST 24HR 0.05 ON 2- 2 TO 1/4 MILE OR LESS
LOWEST: 21 ON 26 3 = THUNDER
SNOW, ICE PELLETS, HAIL 4 = ICE PELLETS
TOTAL MONTH: M 5 = HAIL
GRTST 24HR M ON M 6 = FREEZING RAIN OR DRIZZLE
GRTST DEPTH: M ON M 7 = DUSTSTORM OR SANDSTORM:
VSBY 1/2 MILE OR LESS
8 = SMOKE OR HAZE
[NO. OF DAYS WITH] [WEATHER - DAYS WITH] 9 = BLOWING SNOW
X = TORNADO
MAX 32 OR BELOW: 0 0.01 INCH OR MORE: 3
MAX 90 OR ABOVE: 0 0.10 INCH OR MORE: 0
MIN 32 OR BELOW: 7 0.50 INCH OR MORE: 0
MIN 0 OR BELOW: 0 1.00 INCH OR MORE: 0
[HDD (BASE 65) ]
TOTAL THIS MO. 315 CLEAR (SCALE 0-3) 23
DPTR FM NORMAL -56 PTCLDY (SCALE 4-7) 3
TOTAL FM JUL 1 339 CLOUDY (SCALE 8-10) 4
DPTR FM NORMAL -166
[CDD (BASE 65) ]
TOTAL THIS MO. 17
DPTR FM NORMAL 6 [PRESSURE DATA]
TOTAL FM JAN 1 71 HIGHEST SLP M ON M
DPTR FM NORMAL -2228 LOWEST SLP M ON M
[REMARKS]
#FINAL-11-21#