000
CXUS56 KFGZ 010910
CF6RQE
PRELIMINARY LOCAL CLIMATOLOGICAL DATA (WS FORM: F-6)
STATION: WINDOW ROCK AZ AIRPORT
MONTH: JUNE
YEAR: 2022
LATITUDE: 35 39 N
LONGITUDE: 109 4 W
TEMPERATURE IN F: :PCPN: SNOW: WIND :SUNSHINE: SKY :PK WND
================================================================================
1 2 3 4 5 6A 6B 7 8 9 10 11 12 13 14 15 16 17 18
12Z AVG MX 2MIN
DY MAX MIN AVG DEP HDD CDD WTR SNW DPTH SPD SPD DIR MIN PSBL S-S WX SPD DR
================================================================================
1 81 32 57 -3 8 0 0.00 M M 5.4 21 230 M M 0 28 210
2 86 36 61 0 4 0 0.00 M M 4.9 22 230 M M 0 28 240
3 84 42 63 2 2 0 0.00 M M 7.4 25 250 M M 0 32 210
4 82 44 63 2 2 0 0.00 M M 7.9 23 220 M M 0 30 220
5 85 51 68 6 0 3 0.00 M M 7.3 23 270 M M 0 31 260
6 88 54 71 9 0 6 0.00 M M 7.5 20 280 M M 1 8 26 250
7 91 54 73 11 0 8 0.00 M M 5.5 22 300 M M 0 32 300
8 93 48 71 8 0 6 0.00 M M 5.8 29 240 M M 0 47 260
9 92 61 77 14 0 12 0.00 M M 6.5 20 270 M M 0 28 280
10 95 45 70 7 0 5 0.00 M M 5.3 23 270 M M 0 28 280
11 94 51 73 9 0 8 0.00 M M 7.4 25 240 M M 0 32 250
12 91 50 71 7 0 6 0.00 M M 10.2 28 260 M M 0 36 230
13 89 57 73 9 0 8 0.00 M M 17.8 38 230 M M 0 8 51 250
14 87 51 69 4 0 4 0.00 M M 11.4 23 220 M M 0 36 260
15 91 43 67 2 0 2 0.00 M M 5.6 15 280 M M 0 20 320
16 95 41 68 2 0 3 0.00 M M 5.2 16 220 M M 0 8 27 210
17 91 62 77 11 0 12 T M M 9.4 30 150 M M 2 3 39 150
18 83 58 71 5 0 6 0.26 M M 6.7 22 170 M M 5 13 32 200
19 80 55 68 2 0 3 0.04 M M 10.9 33 230 M M 4 45 230
20 83 43 63 -4 2 0 0.00 M M 5.6 21 220 M M 0 26 250
21 87 44 66 -1 0 1 T M M 4.4 18 130 M M 3 29 130
22 78 59 69 1 0 4 0.11 M M 6.9 16 60 M M 5 13 24 70
23 86 56 71 3 0 6 0.00 M M 6.3 31 260 M M 2 8 40 260
24 86 56 71 3 0 6 T M M 6.6 21 240 M M 4 30 250
25 82 49 66 -2 0 1 0.00 M M 3.7 17 360 M M 3 22 160
26 76 57 67 -2 0 2 0.03 M M 5.0 16 160 M M 9 3 20 180
27 81 55 68 -1 0 3 0.01 M M 5.8 20 50 M M 5 23 50
28 87 47 67 -2 0 2 0.00 M M 4.6 16 20 M M 0 23 20
29 87 50 69 -1 0 4 0.00 M M 3.4 18 240 M M 2 3 23 240
30 83 51 67 -3 0 2 T M M 5.7 21 100 M M 4 3 28 100
================================================================================
SM 2594 1502 18 123 0.45 M 206.1 M 49
================================================================================
AV 86.5 50.1 6.9 FASTST M M 2 MAX(MPH)
MISC ----> 38 230 51 250
================================================================================
NOTES:
# LAST OF SEVERAL OCCURRENCES
COLUMN 17 PEAK WIND IN M.P.H.
PRELIMINARY LOCAL CLIMATOLOGICAL DATA (WS FORM: F-6) , PAGE 2
STATION: WINDOW ROCK AZ AIRPORT
MONTH: JUNE
YEAR: 2022
LATITUDE: 35 39 N
LONGITUDE: 109 4 W
[TEMPERATURE DATA] [PRECIPITATION DATA] SYMBOLS USED IN COLUMN 16
AVERAGE MONTHLY: 68.3 TOTAL FOR MONTH: 0.45 1 = FOG OR MIST
DPTR FM NORMAL: 3.1 DPTR FM NORMAL: 0.17 2 = FOG REDUCING VISIBILITY
HIGHEST: 95 ON 16,10 GRTST 24HR 0.30 ON 18-19 TO 1/4 MILE OR LESS
LOWEST: 32 ON 1 3 = THUNDER
SNOW, ICE PELLETS, HAIL 4 = ICE PELLETS
TOTAL MONTH: M 5 = HAIL
GRTST 24HR M ON M 6 = FREEZING RAIN OR DRIZZLE
GRTST DEPTH: M ON M 7 = DUSTSTORM OR SANDSTORM:
VSBY 1/2 MILE OR LESS
8 = SMOKE OR HAZE
[NO. OF DAYS WITH] [WEATHER - DAYS WITH] 9 = BLOWING SNOW
X = TORNADO
MAX 32 OR BELOW: 0 0.01 INCH OR MORE: 5
MAX 90 OR ABOVE: 9 0.10 INCH OR MORE: 2
MIN 32 OR BELOW: 1 0.50 INCH OR MORE: 0
MIN 0 OR BELOW: 0 1.00 INCH OR MORE: 0
[HDD (BASE 65) ]
TOTAL THIS MO. 18 CLEAR (SCALE 0-3) 23
DPTR FM NORMAL -45 PTCLDY (SCALE 4-7) 6
TOTAL FM JUL 1 5661 CLOUDY (SCALE 8-10) 1
DPTR FM NORMAL -495
[CDD (BASE 65) ]
TOTAL THIS MO. 123
DPTR FM NORMAL 54 [PRESSURE DATA]
TOTAL FM JAN 1 129 HIGHEST SLP M ON M
DPTR FM NORMAL 56 LOWEST SLP 29.54 ON 13
[REMARKS]
#FINAL-06-22#