000
CXUS53 KARX 012218
CF6RST
PRELIMINARY LOCAL CLIMATOLOGICAL DATA (WS FORM: F-6)
STATION: ROCHESTER MN
MONTH: JULY
YEAR: 2023
LATITUDE: 43 55 N
LONGITUDE: 92 30 W
TEMPERATURE IN F: :PCPN: SNOW: WIND :SUNSHINE: SKY :PK WND
================================================================================
1 2 3 4 5 6A 6B 7 8 9 10 11 12 13 14 15 16 17 18
12Z AVG MX 2MIN
DY MAX MIN AVG DEP HDD CDD WTR SNW DPTH SPD SPD DIR MIN PSBL S-S WX SPD DR
================================================================================
1 82 66 74 4 0 9 T 0.0 0 5.8 12 350 M M 3 18 10
2 85 63 74 4 0 9 0.00 0.0 0 5.5 13 10 M M 2 18 10
3 88 62 75 4 0 10 T 0.0 0 8.7 28 30 M M 1 3 37 30
4 84 63 74 3 0 9 0.00 0.0 0 10.0 18 250 M M 2 3 26 220
5 78 56 67 -4 0 2 T 0.0 0 9.4 18 330 M M 4 24 340
6 72 51 62 -9 3 0 0.00 0.0 0 7.8 15 340 M M 3 21 320
7 72 46 59 -12 6 0 T 0.0 0 6.0 18 200 M M 2 26 200
8 76 52 64 -7 1 0 0.00 0.0 0 7.9 14 300 M M 1 1 20 290
9 80 50 65 -6 0 0 0.00 0.0 0 9.5 18 250 M M 0 26 230
10 87 64 76 5 0 11 T 0.0 0 13.2 24 240 M M 1 3 35 240
11 74 59 67 -4 0 2 T 0.0 0 6.7 16 40 M M 2 19 40
12 68 58 63 -8 2 0 0.40 0.0 0 6.5 17 330 M M 8 12 24 320
13 83 61 72 1 0 7 0.05 0.0 0 9.8 18 230 M M 5 123 27 300
14 83 61 72 1 0 7 T 0.0 0 8.1 20 230 M M 2 28 230
15 80 57 69 -2 0 4 0.00 0.0 0 8.7 20 290 M M 0 18 29 250
16 76 53 65 -6 0 0 T 0.0 0 11.4 23 260 M M 1 8 35 260
17 72 50 61 -10 4 0 0.00 0.0 0 8.3 18 300 M M 3 24 290
18 78 51 65 -6 0 0 0.00 0.0 0 4.1 10 140 M M 0 12 130
19 82 58 70 -1 0 5 T 0.0 0 9.1 18 220 M M 2 3 28 210
20 77 60 69 -2 0 4 0.00 0.0 0 11.3 22 330 M M 2 31 310
21 82 55 69 -1 0 4 0.00 0.0 0 6.4 15 270 M M 2 3 20 260
22 83 58 71 1 0 6 1.04 0.0 0 7.6 33 30 M M 1 13 45 30
23 82 55 69 -1 0 4 0.00 0.0 0 3.7 8 300 M M 1 1 14 310
24 86 59 73 3 0 8 0.00 0.0 0 3.3 10 200 M M 0 1 14 210
25 87 64 76 6 0 11 0.00 0.0 0 8.1 15 150 M M 1 1 21 170
26 88 64 76 6 0 11 0.62 0.0 0 6.0 36 330 M M 1 13 59 360
27 89 68 79 9 0 14 0.00 0.0 0 10.4 22 100 M M 1 3 32 190
28 85 65 75 5 0 10 0.07 0.0 0 8.5 25 310 M M 4 13 46 290
29 81 62 72 2 0 7 0.00 0.0 0 6.8 15 340 M M 2 22 310
30 80 58 69 -1 0 4 0.00 0.0 0 5.9 14 300 M M 1 19 290
31 81 55 68 -2 0 3 0.00 0.0 0 3.4 9 110 M M 0 12 100
================================================================================
SM 2501 1804 16 161 2.18 0.0 237.9 M 58
================================================================================
AV 80.7 58.2 7.7 FASTST M M 2 MAX(MPH)
MISC ----> 36 330 59 360
================================================================================
NOTES:
# LAST OF SEVERAL OCCURRENCES
COLUMN 17 PEAK WIND IN M.P.H.
PRELIMINARY LOCAL CLIMATOLOGICAL DATA (WS FORM: F-6) , PAGE 2
STATION: ROCHESTER MN
MONTH: JULY
YEAR: 2023
LATITUDE: 43 55 N
LONGITUDE: 92 30 W
[TEMPERATURE DATA] [PRECIPITATION DATA] SYMBOLS USED IN COLUMN 16
AVERAGE MONTHLY: 69.4 TOTAL FOR MONTH: 2.18 1 = FOG OR MIST
DPTR FM NORMAL: -1.1 DPTR FM NORMAL: -2.01 2 = FOG REDUCING VISIBILITY
HIGHEST: 89 ON 27 GRTST 24HR 1.04 ON 22-22 TO 1/4 MILE OR LESS
LOWEST: 46 ON 7 3 = THUNDER
SNOW, ICE PELLETS, HAIL 4 = ICE PELLETS
TOTAL MONTH: 0.0 INCH 5 = HAIL
GRTST 24HR 0.0 6 = FREEZING RAIN OR DRIZZLE
GRTST DEPTH: 0 7 = DUSTSTORM OR SANDSTORM:
VSBY 1/2 MILE OR LESS
8 = SMOKE OR HAZE
[NO. OF DAYS WITH] [WEATHER - DAYS WITH] 9 = BLOWING SNOW
X = TORNADO
MAX 32 OR BELOW: 0 0.01 INCH OR MORE: 5
MAX 90 OR ABOVE: 0 0.10 INCH OR MORE: 3
MIN 32 OR BELOW: 0 0.50 INCH OR MORE: 2
MIN 0 OR BELOW: 0 1.00 INCH OR MORE: 1
[HDD (BASE 65) ]
TOTAL THIS MO. 16 CLEAR (SCALE 0-3) 25
DPTR FM NORMAL 2 PTCLDY (SCALE 4-7) 6
TOTAL FM JUL 1 16 CLOUDY (SCALE 8-10) 0
DPTR FM NORMAL 15
[CDD (BASE 65) ]
TOTAL THIS MO. 161
DPTR FM NORMAL -25 [PRESSURE DATA]
TOTAL FM JAN 1 373 HIGHEST SLP 30.19 ON 31
DPTR FM NORMAL 27 LOWEST SLP 29.71 ON 26
[REMARKS]
#FINAL-07-23#