000
CXUS53 KARX 072213
CLSRST
CLIMATE REPORT
NATIONAL WEATHER SERVICE LA CROSSE WI
413 PM CST TUE DEC 07 2021
...................................
...THE ROCHESTER MN CLIMATE SUMMARY FOR THE SEASON, FROM
9/1/2021 TO 11/30/2021...
CLIMATE NORMAL PERIOD 1991 TO 2020
CLIMATE RECORD PERIOD 1886 TO 2021
WEATHER OBSERVED NORMAL DEPART LAST YEAR`S
VALUE DATE(S) VALUE FROM VALUE DATE(S)
NORMAL
................................................................
TEMPERATURE (F)
RECORD
HIGH 100 09/06/1913
LOW -24 11/28/1887
HIGHEST 86 09/19 82 09/06
LOWEST 11 11/25 11 10/27
11/26
AVG. MAXIMUM 60.9 57.1 3.8 55.6
AVG. MINIMUM 40.5 38.0 2.5 37.2
MEAN 50.7 47.5 3.2 46.4
DAYS MAX >= 90 0 0.4 -0.4 MM
DAYS MAX <= 32 3 7.3 -4.3 MM
DAYS MIN <= 32 29 32.4 -3.4 MM
DAYS MIN <= 0 0 0.5 -0.5 MM
PRECIPITATION (INCHES)
RECORD
MAXIMUM 16.95 2019
MINIMUM 1.49 1976
TOTALS 5.15 7.83 -2.68 6.73
DAYS >= .01 22 28.0 -6.0 MM
DAYS >= .10 8 15.0 -7.0 MM
DAYS >= .50 3 4.5 -1.5 MM
DAYS >= 1.00 2 1.8 0.2 MM
GREATEST
24 HR. TOTAL 1.79 11/10 TO 11/11 2.01 08/31 TO 09/01
SNOWFALL (INCHES)
RECORDS
TOTAL 24.8 1991
SNOW DEPTH 12 11/30/1934
TOTALS 0.6 5.4 -4.8 8.6
SNOWDEPTH AVG. T 0
DAYS >= TRACE 7 5.3 1.7 MM
DAYS >= 1.0 0 1.5 -1.5 MM
GREATEST
SNOW DEPTH MM 3 11/25
DEGREE DAYS
HEATING TOTAL 1329 1645 -316 1703
COOLING TOTAL 52 59 -7 29
................................................................
WIND (MPH)
AVERAGE WIND SPEED 10.6
HIGHEST WIND SPEED/DIRECTION 37/310 DATE 11/21
HIGHEST GUST SPEED/DIRECTION 49/140 DATE 11/16
AVERAGE RH (PERCENT) 70
WEATHER CONDITIONS. NUMBER OF DAYS WITH
THUNDERSTORM 4 MIXED PRECIP 0
HEAVY RAIN 7 RAIN 8
LIGHT RAIN 28 FREEZING RAIN 0
LT FREEZING RAIN 0 HAIL 0
HEAVY SNOW 0 SNOW 0
LIGHT SNOW 7 SLEET 0
FOG 26 FOG W/VIS <= 1/4 MILE 8
HAZE 1
- INDICATES NEGATIVE NUMBERS.
R INDICATES RECORD WAS SET OR TIED.
MM INDICATES DATA IS MISSING.
T INDICATES TRACE AMOUNT.
$$
BOYNE