000
CXUS53 KARX 020801
CLSRST
CLIMATE REPORT
NATIONAL WEATHER SERVICE
201 AM CST TUE MAR 02 2021
...................................
...THE ROCHESTER MN CLIMATE SUMMARY FOR THE SEASON, FROM
12/1/2020 TO 2/28/2021...
CLIMATE NORMAL PERIOD 1981 TO 2010
CLIMATE RECORD PERIOD 1886 TO 2021
WEATHER OBSERVED NORMAL DEPART LAST YEAR`S
VALUE DATE(S) VALUE FROM VALUE DATE(S)
NORMAL
................................................................
TEMPERATURE (F)
RECORD
HIGH 64 12/04/2017
LOW -42 01/07/1887
HIGHEST 52 12/09 42 12/29
02/02
LOWEST -23 02/15 -24 02/14
AVG. MAXIMUM 25.4 26.2 -0.8 26.9
AVG. MINIMUM 10.4 10.8 -0.4 11.1
MEAN 17.9 18.5 -0.6 19.0
DAYS MAX >= 90 0 0.0 0.0 0
DAYS MAX <= 32 59 58.0 1.0 62
DAYS MIN <= 32 90 86.3 3.7 91
DAYS MIN <= 0 20 22.0 -2.0 20
PRECIPITATION (INCHES)
RECORD
MAXIMUM 6.30 2018
MINIMUM 0.71 1928
TOTALS 1.99 2.92 -0.93 3.40
DAYS >= .01 19 26.0 -7.0 MM
DAYS >= .10 7 8.6 -1.6 MM
DAYS >= .50 1 0.9 0.1 MM
DAYS >= 1.00 0 0.1 -0.1 MM
GREATEST
24 HR. TOTAL 0.52 0MM14 TO 01/14 0.74
SNOWFALL (INCHES)
RECORDS
TOTAL 68.2 2018
SNOW DEPTH 29 12/26/2010
12/25/2010
12/21/2010
TOTALS 24.2 33.0 -8.8 34.2
SNOWDEPTH AVG. 3 5
DAYS >= TRACE 37 25.0 12.0 MM
DAYS >= 1.0 9 10.0 -1.0 MM
GREATEST
SNOW DEPTH 11 02/22 15 02/20
02/19
02/18
DEGREE DAYS
HEATING TOTAL 4190 4188 2 4159
COOLING TOTAL 0 0 0 0
................................................................
WIND (MPH)
AVERAGE WIND SPEED 11.0
HIGHEST WIND SPEED/DIRECTION 38/290 DATE 12/21
HIGHEST GUST SPEED/DIRECTION 52/300 DATE 12/21
AVERAGE RH (PERCENT) 77
WEATHER CONDITIONS. NUMBER OF DAYS WITH
THUNDERSTORM 0 MIXED PRECIP 0
HEAVY RAIN 0 RAIN 0
LIGHT RAIN 3 FREEZING RAIN 0
LT FREEZING RAIN 6 HAIL 0
HEAVY SNOW 0 SNOW 6
LIGHT SNOW 36 SLEET 0
FOG 53 FOG W/VIS <= 1/4 MILE 14
HAZE 34
- INDICATES NEGATIVE NUMBERS.
R INDICATES RECORD WAS SET OR TIED.
MM INDICATES DATA IS MISSING.
T INDICATES TRACE AMOUNT.
$$
BOYNE