000
CXUS55 KCYS 011703
CF6RWL
PRELIMINARY LOCAL CLIMATOLOGICAL DATA (WS FORM: F-6)
STATION: RAWLINS WYOMING AIRPORT
MONTH: OCTOBER
YEAR: 2023
LATITUDE: 41 47 N
LONGITUDE: 107 12 W
TEMPERATURE IN F: :PCPN: SNOW: WIND :SUNSHINE: SKY :PK WND
================================================================================
1 2 3 4 5 6A 6B 7 8 9 10 11 12 13 14 15 16 17 18
12Z AVG MX 2MIN
DY MAX MIN AVG DEP HDD CDD WTR SNW DPTH SPD SPD DIR MIN PSBL S-S WX SPD DR
================================================================================
1 73 41 57 7 8 0 T M M 9.4 29 240 M M 3 41 230
2 61 39 50 0 15 0 0.01 M M 10.0 31 230 M M 5 48 230
3 54 36 45 -4 20 0 0.11 M M 16.9 31 280 M M 7 1 42 230
4 58 35 47 -2 18 0 0.00 M M 15.3 26 230 M M 6 39 230
5 63 37 50 2 15 0 0.00 M M 9.7 23 230 M M 2 31 230
6 59 33 46 -2 19 0 0.00 M M 4.7 13 40 M M 5 17 50
7 68 25 47 0 18 0 0.00 M M 3.4 16 220 M M 0 22 240
8 72 28 50 3 15 0 0.00 M M 5.6 18 230 M M 0 27 220
9 71 36 54 8 11 0 0.00 M M 6.8 21 230 M M 0 26 230
10 73 28 51 5 14 0 0.00 M M 7.2 25 190 M M 1 35 190
11 66 38 52 6 13 0 0.14 M M 10.8 35 180 M M 9 13 46 160
12 38 32 35 -10 30 0 0.54 M M 13.1 22 360 M M 10 12 31 360
13 40 26 33 -12 32 0 T M M 3.9 10 220 M M 7 13 230
14 51 24 38 -6 27 0 0.00 M M 5.4 18 200 M M 0 26 210
15 60 27 44 0 21 0 0.00 M M 4.4 16 250 M M 0 27 260
16 67 30 49 5 16 0 0.00 M M 4.6 16 250 M M 0 1 23 210
17 71 40 56 13 9 0 0.00 M M 15.7 31 250 M M 0 46 220
18 68 42 55 12 10 0 0.00 M M 10.3 21 240 M M 0 28 220
19 71 40 56 14 9 0 0.00 M M 13.3 21 220 M M 0 29 210
20 73 38 56 14 9 0 0.00 M M 9.7 25 230 M M 0 35 230
21 72 32 52 10 13 0 0.00 M M 6.8 25 240 M M 1 34 240
22 67 40 54 13 11 0 0.00 M M 6.6 25 230 M M 0 35 230
23 69 36 53 12 12 0 T M M 9.9 24 210 M M 3 35 190
24 62 30 46 6 19 0 0.00 M M 6.5 23 210 M M 1 33 210
25 64 31 48 8 17 0 T M M 13.8 33 200 M M 0 47 200
26 51 19 35 -5 30 0 0.12 M M 16.8 32 260 M M 4 12 46 240
27 42 13 28 -11 37 0 0.00 M M 7.0 22 220 M M 1 29 220
28 32 19 26 -13 39 0 0.00 M M 9.1 16 340 M M 10 22 340
29 29 8 19 -19 46 0 0.00 M M 6.6 16 340 M M 2 25 350
30 40 14 27 -11 38 0 0.00 M M 10.9 29 220 M M 0 43 230
31 46 13 30 -8 35 0 0.00 M M 11.6 26 220 M M 0 37 240
================================================================================
SM 1831 930 626 0 0.92 M 285.8 M 77
================================================================================
AV 59.1 30.0 9.2 FASTST M M 2 MAX(MPH)
MISC ----> 35 180 48 230
================================================================================
NOTES:
# LAST OF SEVERAL OCCURRENCES
COLUMN 17 PEAK WIND IN M.P.H.
PRELIMINARY LOCAL CLIMATOLOGICAL DATA (WS FORM: F-6) , PAGE 2
STATION: RAWLINS WYOMING AIRPORT
MONTH: OCTOBER
YEAR: 2023
LATITUDE: 41 47 N
LONGITUDE: 107 12 W
[TEMPERATURE DATA] [PRECIPITATION DATA] SYMBOLS USED IN COLUMN 16
AVERAGE MONTHLY: 44.5 TOTAL FOR MONTH: 0.92 1 = FOG OR MIST
DPTR FM NORMAL: 0.9 DPTR FM NORMAL: 0.24 2 = FOG REDUCING VISIBILITY
HIGHEST: 73 ON 20,10 GRTST 24HR 0.54 ON 11-12 TO 1/4 MILE OR LESS
LOWEST: 8 ON 29 3 = THUNDER
SNOW, ICE PELLETS, HAIL 4 = ICE PELLETS
TOTAL MONTH: M 5 = HAIL
GRTST 24HR M ON M 6 = FREEZING RAIN OR DRIZZLE
GRTST DEPTH: M ON M 7 = DUSTSTORM OR SANDSTORM:
VSBY 1/2 MILE OR LESS
8 = SMOKE OR HAZE
[NO. OF DAYS WITH] [WEATHER - DAYS WITH] 9 = BLOWING SNOW
X = TORNADO
MAX 32 OR BELOW: 2 0.01 INCH OR MORE: 5
MAX 90 OR ABOVE: 0 0.10 INCH OR MORE: 4
MIN 32 OR BELOW: 17 0.50 INCH OR MORE: 1
MIN 0 OR BELOW: 0 1.00 INCH OR MORE: 0
[HDD (BASE 65) ]
TOTAL THIS MO. 626 CLEAR (SCALE 0-3) 21
DPTR FM NORMAL -37 PTCLDY (SCALE 4-7) 7
TOTAL FM JUL 1 882 CLOUDY (SCALE 8-10) 3
DPTR FM NORMAL -123
[CDD (BASE 65) ]
TOTAL THIS MO. 0
DPTR FM NORMAL 0 [PRESSURE DATA]
TOTAL FM JAN 1 263 HIGHEST SLP 30.60 ON 29
DPTR FM NORMAL 38 LOWEST SLP 29.25 ON 11
[REMARKS]
#FINAL-10-23#
OCTOBER 12... RECORD DAILY MAXIMUM PRECIPITATION: 0.54" (PREVIOUS: 0.24" IN 2008)
OCTOBER 20... RECORD HIGH TEMPERATURE: 73F (PREVIOUS: 72F IN 2003)