000
CXUS54 KEWX 011010
CF6RYW
PRELIMINARY LOCAL CLIMATOLOGICAL DATA (WS FORM: F-6)
STATION: LAGO VISTA
MONTH: JULY
YEAR: 2023
LATITUDE: 30 30 N
LONGITUDE: 97 58 W
TEMPERATURE IN F: :PCPN: SNOW: WIND :SUNSHINE: SKY :PK WND
================================================================================
1 2 3 4 5 6A 6B 7 8 9 10 11 12 13 14 15 16 17 18
12Z AVG MX 2MIN
DY MAX MIN AVG DEP HDD CDD WTR SNW DPTH SPD SPD DIR MIN PSBL S-S WX SPD DR
================================================================================
1 98 72 85 M 0 20 0.02 M M 7.4 14 20 M M 4 25 20
2 93 71 82 M 0 17 0.00 M M 3.3 8 260 M M 1 M M
3 95 78 87 M 0 22 0.00 M M 5.8 9 220 M M 1 16 210
4 94 76 85 M 0 20 0.00 M M 5.8 10 130 M M 1 17 130
5 94 76 85 M 0 20 0.00 M M 6.9 12 150 M M 3 20 150
6 90 74 82 M 0 17 0.00 M M 6.9 15 140 M M 5 22 140
7 92 73 83 M 0 18 0.00 M M 7.4 13 170 M M 4 17 160
8 98 74 86 M 0 21 0.00 M M 5.9 10 200 M M 3 17 210
9 100 76 88 M 0 23 0.00 M M 7.0 10 160 M M 1 22 160
10 102 76 89 M 0 24 0.00 M M 7.3 16 170 M M 0 25 170
11 102 78 90 M 0 25 0.00 M M 8.2 14 190 M M 0 21 140
12 104 77 91 M 0 26 0.00 M M 9.7 13 160 M M 2 25 160
13 103 76 90 M 0 25 0.00 M M 9.2 13 160 M M 2 21 190
14 102 76 89 M 0 24 0.00 M M 8.6 13 140 M M 1 24 150
15 103 76 90 M 0 25 0.00 M M 7.3 12 190 M M 2 20 220
16 101 76 89 M 0 24 0.00 M M 6.2 9 160 M M 0 21 170
17 104 78 91 M 0 26 0.00 M M 7.4 10 160 M M 0 20 170
18 104 76 90 M 0 25 0.00 M M 7.3 10 200 M M 0 18 150
19 103 76 90 M 0 25 0.00 M M 8.4 15 210 M M 0 22 170
20 102 76 89 M 0 24 0.00 M M 7.6 13 150 M M 1 20 150
21 101 75 88 M 0 23 0.00 M M 5.2 13 180 M M 0 17 180
22 102 78 90 M 0 25 0.17 M M 6.1 10 50 M M 2 M M
23 102 76 89 M 0 24 0.00 M M 6.3 10 70 M M 1 17 60
24 101 77 89 M 0 24 0.00 M M 5.0 10 180 M M 0 18 150
25 100 76 88 M 0 23 0.00 M M 6.5 10 140 M M 0 20 140
26 99 76 88 M 0 23 0.00 M M 6.8 9 150 M M 1 22 150
27 98 75 87 M 0 22 0.00 M M 6.1 9 130 M M 0 22 150
28 99 75 87 M 0 22 0.00 M M 5.3 12 160 M M 0 18 170
29 100 75 88 M 0 23 0.00 M M 5.4 10 180 M M 1 17 110
30 100 77 89 M 0 24 0.00 M M 4.9 10 140 M M 0 M M
31 102 79 91 M 0 26 0.00 M M 6.5 15 150 M M 1 23 150
================================================================================
SM 3088 2350 0 710 0.19 M 207.7 M 37
================================================================================
AV 99.6 75.8 6.7 FASTST M M 1 MAX(MPH)
MISC ----> 16 170 # 25 20
================================================================================
NOTES:
# LAST OF SEVERAL OCCURRENCES
COLUMN 17 PEAK WIND IN M.P.H.
PRELIMINARY LOCAL CLIMATOLOGICAL DATA (WS FORM: F-6) , PAGE 2
STATION: LAGO VISTA
MONTH: JULY
YEAR: 2023
LATITUDE: 30 30 N
LONGITUDE: 97 58 W
[TEMPERATURE DATA] [PRECIPITATION DATA] SYMBOLS USED IN COLUMN 16
AVERAGE MONTHLY: 87.7 TOTAL FOR MONTH: 0.19 1 = FOG OR MIST
DPTR FM NORMAL: 0.0 DPTR FM NORMAL: M 2 = FOG REDUCING VISIBILITY
HIGHEST: 104 ON 18,17 GRTST 24HR 0.17 ON 22-22 TO 1/4 MILE OR LESS
LOWEST: 71 ON 2 3 = THUNDER
SNOW, ICE PELLETS, HAIL 4 = ICE PELLETS
TOTAL MONTH: M 5 = HAIL
GRTST 24HR M ON M 6 = FREEZING RAIN OR DRIZZLE
GRTST DEPTH: M ON M 7 = DUSTSTORM OR SANDSTORM:
VSBY 1/2 MILE OR LESS
8 = SMOKE OR HAZE
[NO. OF DAYS WITH] [WEATHER - DAYS WITH] 9 = BLOWING SNOW
X = TORNADO
MAX 32 OR BELOW: 0 0.01 INCH OR MORE: 2
MAX 90 OR ABOVE: 31 0.10 INCH OR MORE: 1
MIN 32 OR BELOW: 0 0.50 INCH OR MORE: 0
MIN 0 OR BELOW: 0 1.00 INCH OR MORE: 0
[HDD (BASE 65) ]
TOTAL THIS MO. 0 CLEAR (SCALE 0-3) 28
DPTR FM NORMAL M PTCLDY (SCALE 4-7) 3
TOTAL FM JUL 1 0 CLOUDY (SCALE 8-10) 0
DPTR FM NORMAL M
[CDD (BASE 65) ]
TOTAL THIS MO. 710
DPTR FM NORMAL M [PRESSURE DATA]
TOTAL FM JAN 1 1819 HIGHEST SLP M ON M
DPTR FM NORMAL M LOWEST SLP M ON M
[REMARKS]
#FINAL-07-23#