000
CXUS54 KEWX 011011
CF6RYW
PRELIMINARY LOCAL CLIMATOLOGICAL DATA (WS FORM: F-6)
STATION: LAGO VISTA
MONTH: OCTOBER
YEAR: 2020
LATITUDE: 30 30 N
LONGITUDE: 97 58 W
TEMPERATURE IN F: :PCPN: SNOW: WIND :SUNSHINE: SKY :PK WND
================================================================================
1 2 3 4 5 6A 6B 7 8 9 10 11 12 13 14 15 16 17 18
12Z AVG MX 2MIN
DY MAX MIN AVG DEP HDD CDD WTR SNW DPTH SPD SPD DIR MIN PSBL S-S WX SPD DR
================================================================================
1 87 57 72 M 0 7 0.00 M M 6.7 10 50 M M 0 17 50
2 80 58 69 M 0 4 0.00 M M 6.4 12 50 M M 0 16 90
3 83 61 72 M 0 7 0.00 M M 6.8 9 160 M M 0 17 170
4 85 63 74 M 0 9 0.00 M M 6.3 10 60 M M 2 M M
5 83 60 72 M 0 7 0.00 M M 5.5 9 60 M M 1 M M
6 86 63 75 M 0 10 0.00 M M 3.7 8 130 M M 1 1 M M
7 88 64 76 M 0 11 0.00 M M 3.8 9 70 M M 0 M M
8 86 65 76 M 0 11 0.00 M M 3.5 8 80 M M 3 M M
9 85 69 77 M 0 12 0.01 M M 5.8 7 60 M M 5 1 M M
10 91 65 78 M 0 13 0.00 M M 4.0 9 190 M M 0 1 M M
11 95 71 83 M 0 18 0.00 M M 7.0 12 190 M M 0 20 190
12 84 65 75 M 0 10 0.00 M M 7.7 12 10 M M 1 8 22 10
13 86 59 73 M 0 8 0.00 M M 4.9 8 90 M M 0 M M
14 89 67 78 M 0 13 0.00 M M 6.8 13 190 M M 0 21 190
15 85 63 74 M 0 9 0.00 M M 10.4 17 30 M M 7 29 30
16 74 55 65 M 0 0 0.00 M M 10.8 20 40 M M 4 32 40
17 76 55 66 M 0 1 0.00 M M 6.4 13 210 M M 9 18 190
18 89 69 79 M 0 14 0.00 M M 10.4 15 190 M M 4 27 190
19 87 71 79 M 0 14 0.00 M M 6.4 13 180 M M 7 1 18 180
20 87 71 79 M 0 14 0.00 M M 6.8 9 140 M M 5 18 140
21 86 69 78 M 0 13 0.00 M M 5.5 9 150 M M 6 1 16 160
22 86 70 78 M 0 13 0.00 M M 6.8 9 150 M M 6 17 160
23 77 50 64 M 1 0 0.03 M M 7.2 16 360 M M 10 27 360
24 65 48 57 M 8 0 0.00 M M 3.9 10 350 M M 7 17 350
25 81 55 68 M 0 3 0.00 M M 6.7 13 210 M M 7 20 210
26 72 39 56 M 9 0 0.20 M M 8.4 14 360 M M 10 1 23 20
27 38 36 37 M 28 0 0.00 M M 8.3 10 10 M M 10 1 18 330
28 57 36 47 M 18 0 0.09 M M 9.0 16 300 M M 5 23 300
29 59 41 50 M 15 0 0.00 M M 10.7 21 320 M M 0 36 320
30 69 43 56 M 9 0 0.00 M M 4.8 9 20 M M 0 M M
31 75 49 62 M 3 0 0.00 M M 4.8 9 160 M M 0 M M
================================================================================
SM 2471 1807 91 221 0.33 M 206.2 M 110
================================================================================
AV 79.7 58.3 6.7 FASTST M M 4 MAX(MPH)
MISC ----> # 21 320 # 36 320
================================================================================
NOTES:
# LAST OF SEVERAL OCCURRENCES
COLUMN 17 PEAK WIND IN M.P.H.
PRELIMINARY LOCAL CLIMATOLOGICAL DATA (WS FORM: F-6) , PAGE 2
STATION: LAGO VISTA
MONTH: OCTOBER
YEAR: 2020
LATITUDE: 30 30 N
LONGITUDE: 97 58 W
[TEMPERATURE DATA] [PRECIPITATION DATA] SYMBOLS USED IN COLUMN 16
AVERAGE MONTHLY: 69.0 TOTAL FOR MONTH: 0.33 1 = FOG OR MIST
DPTR FM NORMAL: M DPTR FM NORMAL: M 2 = FOG REDUCING VISIBILITY
HIGHEST: 95 ON 11 GRTST 24HR 0.20 ON 26-26 TO 1/4 MILE OR LESS
LOWEST: 36 ON 28,27 3 = THUNDER
SNOW, ICE PELLETS, HAIL 4 = ICE PELLETS
TOTAL MONTH: M 5 = HAIL
GRTST 24HR M ON M 6 = FREEZING RAIN OR DRIZZLE
GRTST DEPTH: M ON M 7 = DUSTSTORM OR SANDSTORM:
VSBY 1/2 MILE OR LESS
8 = SMOKE OR HAZE
[NO. OF DAYS WITH] [WEATHER - DAYS WITH] 9 = BLOWING SNOW
X = TORNADO
MAX 32 OR BELOW: 0 0.01 INCH OR MORE: 4
MAX 90 OR ABOVE: 2 0.10 INCH OR MORE: 1
MIN 32 OR BELOW: 0 0.50 INCH OR MORE: 0
MIN 0 OR BELOW: 0 1.00 INCH OR MORE: 0
[HDD (BASE 65) ]
TOTAL THIS MO. 91 CLEAR (SCALE 0-3) 16
DPTR FM NORMAL M PTCLDY (SCALE 4-7) 11
TOTAL FM JUL 1 97 CLOUDY (SCALE 8-10) 4
DPTR FM NORMAL M
[CDD (BASE 65) ]
TOTAL THIS MO. 221
DPTR FM NORMAL M [PRESSURE DATA]
TOTAL FM JAN 1 2867 HIGHEST SLP M ON M
DPTR FM NORMAL M LOWEST SLP M ON M
[REMARKS]
#FINAL-10-20#