000
CXUS54 KEWX 011110
CF6RYW
PRELIMINARY LOCAL CLIMATOLOGICAL DATA (WS FORM: F-6)
STATION: LAGO VISTA
MONTH: NOVEMBER
YEAR: 2023
LATITUDE: 30 30 N
LONGITUDE: 97 58 W
TEMPERATURE IN F: :PCPN: SNOW: WIND :SUNSHINE: SKY :PK WND
================================================================================
1 2 3 4 5 6A 6B 7 8 9 10 11 12 13 14 15 16 17 18
12Z AVG MX 2MIN
DY MAX MIN AVG DEP HDD CDD WTR SNW DPTH SPD SPD DIR MIN PSBL S-S WX SPD DR
================================================================================
1 58 36 47 M 18 0 0.00 M M 5.9 9 20 M M 0 M M
2 64 39 52 M 13 0 0.00 M M 4.5 8 150 M M 1 M M
3 72 50 61 M 4 0 0.00 M M 5.8 12 210 M M 4 16 210
4 64 61 63 M 2 0 0.00 M M 6.9 9 190 M M 8 M M
5 73 60 67 M 0 2 0.00 M M 4.8 6 170 M M 4 1 M M
6 74 65 70 M 0 5 0.00 M M 7.5 9 190 M M 5 16 210
7 83 65 74 M 0 9 0.00 M M 9.4 13 180 M M 0 20 190
8 79 68 74 M 0 9 0.00 M M 9.6 17 210 M M 7 23 210
9 71 51 61 M 4 0 0.49 M M 7.5 12 350 M M 10 20 350
10 54 50 52 M 13 0 0.21 M M 7.8 12 350 M M 10 1 20 20
11 59 51 55 M 10 0 0.02 M M 4.3 10 40 M M 10 1 M M
12 60 52 56 M 9 0 0.11 M M 5.9 9 40 M M 10 1 M M
13 65 51 58 M 7 0 0.05 M M 6.7 10 20 M M 10 16 30
14 70 52 61 M 4 0 0.00 M M 4.3 9 360 M M 3 M M
15 72 49 61 M 4 0 0.00 M M 4.0 8 60 M M 0 M M
16 63 51 57 M 8 0 0.00 M M 3.1 9 180 M M 4 12 M M
17 78 54 66 M 0 1 0.00 M M 7.6 12 10 M M 3 1 22 10
18 65 56 61 M 4 0 0.00 M M 3.8 9 30 M M 9 M M
19 64 56 60 M 5 0 0.03 M M 6.2 9 180 M M 9 12 16 130
20 78 58 68 M 0 3 0.00 M M 6.9 13 330 M M 5 1 24 330
21 58 48 53 M 12 0 0.00 M M 10.3 17 340 M M 6 32 350
22 64 43 54 M 11 0 0.00 M M 6.0 12 310 M M 0 17 330
23 58 47 53 M 12 0 0.00 M M 4.7 8 150 M M 5 M M
24 63 41 52 M 13 0 0.00 M M 4.2 9 100 M M 1 12 20 100
25 57 45 51 M 14 0 0.04 M M 5.5 9 110 M M 8 M M
26 53 42 48 M 17 0 0.00 M M 9.0 17 330 M M 3 24 360
27 53 36 45 M 20 0 0.00 M M 4.8 9 30 M M 3 M M
28 60 44 52 M 13 0 0.00 M M 3.4 6 180 M M 5 M M
29 60 46 53 M 12 0 0.00 M M 5.4 9 140 M M 8 18 150
30 73 55 64 M 1 0 0.05 M M 8.1 13 190 M M 6 1 22 190
================================================================================
SM 1965 1522 230 29 1.00 M 183.9 M 157
================================================================================
AV 65.5 50.7 6.1 FASTST M M 5 MAX(MPH)
MISC ----> # 17 210 32 350
================================================================================
NOTES:
# LAST OF SEVERAL OCCURRENCES
COLUMN 17 PEAK WIND IN M.P.H.
PRELIMINARY LOCAL CLIMATOLOGICAL DATA (WS FORM: F-6) , PAGE 2
STATION: LAGO VISTA
MONTH: NOVEMBER
YEAR: 2023
LATITUDE: 30 30 N
LONGITUDE: 97 58 W
[TEMPERATURE DATA] [PRECIPITATION DATA] SYMBOLS USED IN COLUMN 16
AVERAGE MONTHLY: 58.1 TOTAL FOR MONTH: 1.00 1 = FOG OR MIST
DPTR FM NORMAL: 0.0 DPTR FM NORMAL: M 2 = FOG REDUCING VISIBILITY
HIGHEST: 83 ON 7 GRTST 24HR 0.49 ON 9- 9 TO 1/4 MILE OR LESS
LOWEST: 36 ON 27, 1 3 = THUNDER
SNOW, ICE PELLETS, HAIL 4 = ICE PELLETS
TOTAL MONTH: M 5 = HAIL
GRTST 24HR M ON M 6 = FREEZING RAIN OR DRIZZLE
GRTST DEPTH: M ON M 7 = DUSTSTORM OR SANDSTORM:
VSBY 1/2 MILE OR LESS
8 = SMOKE OR HAZE
[NO. OF DAYS WITH] [WEATHER - DAYS WITH] 9 = BLOWING SNOW
X = TORNADO
MAX 32 OR BELOW: 0 0.01 INCH OR MORE: 8
MAX 90 OR ABOVE: 0 0.10 INCH OR MORE: 3
MIN 32 OR BELOW: 0 0.50 INCH OR MORE: 0
MIN 0 OR BELOW: 0 1.00 INCH OR MORE: 0
[HDD (BASE 65) ]
TOTAL THIS MO. 230 CLEAR (SCALE 0-3) 9
DPTR FM NORMAL M PTCLDY (SCALE 4-7) 13
TOTAL FM JUL 1 289 CLOUDY (SCALE 8-10) 8
DPTR FM NORMAL M
[CDD (BASE 65) ]
TOTAL THIS MO. 29
DPTR FM NORMAL M [PRESSURE DATA]
TOTAL FM JAN 1 3445 HIGHEST SLP M ON M
DPTR FM NORMAL M LOWEST SLP M ON M
[REMARKS]
#FINAL-11-23#