000
CXUS55 KTWC 010855
CF6SAD
PRELIMINARY LOCAL CLIMATOLOGICAL DATA (WS FORM: F-6)
STATION: SAFFORD AZ AIRPORT
MONTH: MARCH
YEAR: 2021
LATITUDE: 32 50 N
LONGITUDE: 109 38 W
TEMPERATURE IN F: :PCPN: SNOW: WIND :SUNSHINE: SKY :PK WND
================================================================================
1 2 3 4 5 6A 6B 7 8 9 10 11 12 13 14 15 16 17 18
12Z AVG MX 2MIN
DY MAX MIN AVG DEP HDD CDD WTR SNW DPTH SPD SPD DIR MIN PSBL S-S WX SPD DR
================================================================================
1 64 29 47 -7 18 0 0.00 M M 9.9 21 150 M M 0 31 130
2 69 37 53 -1 12 0 0.00 M M 13.0 23 130 M M 0 33 140
3 79 45 62 8 3 0 0.00 M M 15.7 31 210 M M 1 45 200
4 66 44 55 1 10 0 0.00 M M 12.4 25 310 M M 0 43 320
5 76 36 56 1 9 0 0.00 M M 8.1 20 100 M M 0 28 100
6 73 49 61 6 4 0 0.00 M M 13.3 25 110 M M 0 35 120
7 79 50 65 10 0 0 0.00 M M 9.0 22 130 M M 0 28 120
8 83 58 71 16 0 6 0.00 M M 8.6 20 270 M M 1 25 270
9 75 52 64 9 1 0 0.00 M M 11.0 30 210 M M 2 38 330
10 70 38 54 -2 11 0 0.00 M M 6.7 25 320 M M 0 38 340
11 73 34 54 -2 11 0 0.00 M M 8.1 21 310 M M 0 29 200
12 70 38 54 -2 11 0 0.00 M M 12.3 24 300 M M 0 32 190
13 54 36 45 -11 20 0 0.17 M M 12.7 30 330 M M 7 1 39 320
14 61 36 49 -7 16 0 0.01 M M 14.2 35 280 M M 2 53 290
15 67 33 50 -6 15 0 0.00 M M 6.5 16 100 M M 0 23 120
16 62 36 49 -8 16 0 T M M 15.4 35 310 M M 3 46 320
17 67 27 47 -10 18 0 0.00 M M 3.3 14 270 M M 0 17 260
18 79 36 58 1 7 0 0.00 M M 5.9 14 90 M M 0 20 160
19 83 45 64 7 1 0 0.00 M M 6.4 15 110 M M 0 17 99
20 83 42 63 5 2 0 0.00 M M 8.5 24 300 M M 0 32 300
21 81 53 67 9 0 2 0.00 M M 11.0 24 310 M M 0 34 320
22 65 45 55 -3 10 0 0.00 M M 16.1 31 310 M M 0 42 290
23 72 34 53 -5 12 0 0.02 M M 10.8 38 290 M M 4 52 290
24 59 41 50 -8 15 0 0.11 M M 9.1 25 270 M M 8 1 36 310
25 65 37 51 -7 14 0 0.00 M M 6.4 14 310 M M 1 20 360
26 67 39 53 -6 12 0 0.00 M M 10.4 24 310 M M 4 32 320
27 71 42 57 -2 8 0 0.00 M M 11.1 22 270 M M 3 31 260
28 79 41 60 1 5 0 0.00 M M 7.2 18 150 M M 0 25 140
29 83 49 66 7 0 1 0.00 M M 9.3 15 320 M M 0 16 160
30 84 48 66 6 0 1 0.00 M M 10.9 30 310 M M 0 40 300
31 82 45 64 4 1 0 0.00 M M 7.1 16 120 M M 0 24 120
================================================================================
SM 2241 1275 262 10 0.31 M 310.4 M 36
================================================================================
AV 72.3 41.1 10.0 FASTST M M 1 MAX(MPH)
MISC ----> 38 290 53 290
================================================================================
NOTES:
# LAST OF SEVERAL OCCURRENCES
COLUMN 17 PEAK WIND IN M.P.H.
PRELIMINARY LOCAL CLIMATOLOGICAL DATA (WS FORM: F-6) , PAGE 2
STATION: SAFFORD AZ AIRPORT
MONTH: MARCH
YEAR: 2021
LATITUDE: 32 50 N
LONGITUDE: 109 38 W
[TEMPERATURE DATA] [PRECIPITATION DATA] SYMBOLS USED IN COLUMN 16
AVERAGE MONTHLY: 56.7 TOTAL FOR MONTH: 0.31 1 = FOG OR MIST
DPTR FM NORMAL: -0.1 DPTR FM NORMAL: -0.37 2 = FOG REDUCING VISIBILITY
HIGHEST: 84 ON 30 GRTST 24HR 0.18 ON 13-14 TO 1/4 MILE OR LESS
LOWEST: 27 ON 17 3 = THUNDER
SNOW, ICE PELLETS, HAIL 4 = ICE PELLETS
TOTAL MONTH: 0.0 INCH 5 = HAIL
GRTST 24HR M ON M 6 = FREEZING RAIN OR DRIZZLE
GRTST DEPTH: 0 7 = DUSTSTORM OR SANDSTORM:
VSBY 1/2 MILE OR LESS
8 = SMOKE OR HAZE
[NO. OF DAYS WITH] [WEATHER - DAYS WITH] 9 = BLOWING SNOW
X = TORNADO
MAX 32 OR BELOW: 0 0.01 INCH OR MORE: 4
MAX 90 OR ABOVE: 0 0.10 INCH OR MORE: 2
MIN 32 OR BELOW: 2 0.50 INCH OR MORE: 0
MIN 0 OR BELOW: 0 1.00 INCH OR MORE: 0
[HDD (BASE 65) ]
TOTAL THIS MO. 262 CLEAR (SCALE 0-3) 27
DPTR FM NORMAL -1 PTCLDY (SCALE 4-7) 4
TOTAL FM JUL 1 2049 CLOUDY (SCALE 8-10) 0
DPTR FM NORMAL -115
[CDD (BASE 65) ]
TOTAL THIS MO. 10
DPTR FM NORMAL 3 [PRESSURE DATA]
TOTAL FM JAN 1 10 HIGHEST SLP M ON M
DPTR FM NORMAL 3 LOWEST SLP 29.48 ON 23
[REMARKS]
#FINAL-03-21#