171
CXUS56 KSGX 011145
CF6SAN
PRELIMINARY LOCAL CLIMATOLOGICAL DATA (WS FORM: F-6)
STATION: SAN DIEGO INTL AIRPORT CA
MONTH: JANUARY
YEAR: 2021
LATITUDE: 32 43 N
LONGITUDE: 117 10 W
TEMPERATURE IN F: :PCPN: SNOW: WIND :SUNSHINE: SKY :PK WND
================================================================================
1 2 3 4 5 6A 6B 7 8 9 10 11 12 13 14 15 16 17 18
12Z AVG MX 2MIN
DY MAX MIN AVG DEP HDD CDD WTR SNW DPTH SPD SPD DIR MIN PSBL S-S WX SPD DR
================================================================================
1 70 44 57 1 8 0 0.00 M M 1.8 9 280 M M 3 8 12 210
2 66 44 55 -1 10 0 0.00 M M 2.3 9 210 M M 5 17 220
3 64 46 55 -1 10 0 0.00 M M 3.0 12 270 M M 5 18 260
4 64 47 56 -1 9 0 0.00 M M 3.8 16 300 M M 5 22 320
5 61 49 55 -2 10 0 0.00 M M 4.3 14 320 M M 6 18 18 320
6 63 49 56 -1 9 0 0.00 M M 3.2 12 280 M M 8 128 14 280
7 68 46 57 0 8 0 0.00 M M 2.9 13 280 M M 7 128 15 280
8 67 48 58 1 7 0 0.00 M M 2.9 13 290 M M 6 128 16 320
9 68 42 55 -2 10 0 0.00 M M 2.3 13 270 M M 1 128 17 230
10 73 44 59 2 6 0 0.00 M M 2.7 12 310 M M 3 18 14 320
11 70 43 57 0 8 0 0.00 M M 3.6 13 300 M M 2 16 300
12 72 44 58 1 7 0 0.00 M M 2.9 12 290 M M 5 16 310
13 72 46 59 2 6 0 0.00 M M 2.8 12 310 M M 7 14 320
14 81 48 65 8 0 0 0.00 M M 3.2 12 310 M M 2 14 310
15 88 53 71 14 0 6 0.00 M M 1.9 12 320 M M 3 14 190
16 74 50 62 5 3 0 0.00 M M 2.3 9 200 M M 1 8 17 180
17 82 52 67 10 0 2 0.00 M M 2.0 8 200 M M 1 16 190
18 69 50 60 3 5 0 0.00 M M 4.0 10 220 M M 6 21 200
19 73 56 65 8 0 0 T M M 7.5 22 80 M M 8 8 29 70
20 73 59 66 9 0 1 0.01 M M 7.4 21 70 M M 7 27 70
21 69 55 62 5 3 0 T M 0 3.0 10 230 M M 4 18 18 200
22 64 57 61 4 4 0 0.03 M 0 7.2 16 260 M M 7 1 23 170
23 60 48 54 -3 11 0 0.38 M 0 5.4 16 230 M M 8 1 22 320
24 60 47 54 -3 11 0 0.13 M M 4.9 20 260 M M 7 24 260
25 57 50 54 -3 11 0 0.22 M M 21.6 36 270 M M 8 138 47 280
26 59 47 53 -4 12 0 T M M 8.2 29 290 M M 5 41 280
27 62 43 53 -4 12 0 0.00 M M 2.5 9 290 M M 5 14 170
28 64 46 55 -2 10 0 0.08 M M 5.7 17 170 M M 7 1 22 160
29 62 49 56 -1 9 0 0.95 M M 5.8 22 280 M M 8 18 32 280
30 62 45 54 -3 11 0 0.00 M M 3.2 14 320 M M 1 1 19 330
31 68 45 57 -1 8 0 0.00 M M 2.7 10 290 M M 6 12 290
================================================================================
SM 2105 1492 218 9 1.80 M 137.0 M 157
================================================================================
AV 67.9 48.1 4.4 FASTST M M 5 MAX(MPH)
MISC ----> 36 270 47 280
================================================================================
NOTES:
# LAST OF SEVERAL OCCURRENCES
COLUMN 17 PEAK WIND IN M.P.H.
PRELIMINARY LOCAL CLIMATOLOGICAL DATA (WS FORM: F-6) , PAGE 2
STATION: SAN DIEGO INTL AIRPORT CA
MONTH: JANUARY
YEAR: 2021
LATITUDE: 32 43 N
LONGITUDE: 117 10 W
[TEMPERATURE DATA] [PRECIPITATION DATA] SYMBOLS USED IN COLUMN 16
AVERAGE MONTHLY: 58.0 TOTAL FOR MONTH: 1.80 1 = FOG OR MIST
DPTR FM NORMAL: 0.9 DPTR FM NORMAL: -0.18 2 = FOG REDUCING VISIBILITY
HIGHEST: 88 ON 15 GRTST 24HR 1.11 ON 29-30 TO 1/4 MILE OR LESS
LOWEST: 42 ON 9 3 = THUNDER
SNOW, ICE PELLETS, HAIL 4 = ICE PELLETS
TOTAL MONTH: M 5 = HAIL
GRTST 24HR M ON M 6 = FREEZING RAIN OR DRIZZLE
GRTST DEPTH: 0 7 = DUSTSTORM OR SANDSTORM:
VSBY 1/2 MILE OR LESS
8 = SMOKE OR HAZE
[NO. OF DAYS WITH] [WEATHER - DAYS WITH] 9 = BLOWING SNOW
X = TORNADO
MAX 32 OR BELOW: 0 0.01 INCH OR MORE: 7
MAX 90 OR ABOVE: 0 0.10 INCH OR MORE: 4
MIN 32 OR BELOW: 0 0.50 INCH OR MORE: 1
MIN 0 OR BELOW: 0 1.00 INCH OR MORE: 0
[HDD (BASE 65) ]
TOTAL THIS MO. 218 CLEAR (SCALE 0-3) 9
DPTR FM NORMAL -30 PTCLDY (SCALE 4-7) 21
TOTAL FM JUL 1 531 CLOUDY (SCALE 8-10) 1
DPTR FM NORMAL -127
[CDD (BASE 65) ]
TOTAL THIS MO. 9
DPTR FM NORMAL 7 [PRESSURE DATA]
TOTAL FM JAN 1 9 HIGHEST SLP 30.31 ON 2
DPTR FM NORMAL 7 LOWEST SLP 29.72 ON 19
[REMARKS]
#FINAL-01-21#