000
CXUS52 KCHS 012049
CF6SAV
PRELIMINARY LOCAL CLIMATOLOGICAL DATA (WS FORM: F-6)
STATION: SAVANNAH GA
MONTH: APRIL
YEAR: 2021
LATITUDE: 32 7 N
LONGITUDE: 81 12 W
TEMPERATURE IN F: :PCPN: SNOW: WIND :SUNSHINE: SKY :PK WND
================================================================================
1 2 3 4 5 6A 6B 7 8 9 10 11 12 13 14 15 16 17 18
12Z AVG MX 2MIN
DY MAX MIN AVG DEP HDD CDD WTR SNW DPTH SPD SPD DIR MIN PSBL S-S WX SPD DR
================================================================================
1 64 46 55 -7 10 0 0.00 0.0 0 14.3 25 330 M M 3 33 300
2 58 35 47 -16 18 0 0.00 0.0 0 8.7 20 20 M M 0 27 40
3 64 32 48 -15 17 0 0.00 0.0 0 3.8 15 160 M M 1 23 150
4 73 37 55 -8 10 0 0.00 0.0 0 3.9 13 170 M M 0 17 270
5 79 44 62 -1 3 0 0.00 0.0 0 5.2 17 140 M M 0 20 160
6 82 47 65 1 0 0 0.00 0.0 0 7.3 14 180 M M 0 8 19 300
7 83 53 68 4 0 3 0.00 0.0 0 8.1 17 160 M M 2 20 160
8 82 56 69 5 0 4 0.00 0.0 0 8.4 20 160 M M 5 23 220
9 73 59 66 2 0 1 0.02 0.0 0 5.4 15 240 M M 6 1 18 240
10 79 63 71 7 0 6 0.06 0.0 0 11.3 23 170 M M 6 1 31 170
11 74 58 66 2 0 1 0.00 0.0 0 9.3 20 180 M M 7 27 180
12 85 59 72 7 0 7 0.00 0.0 0 9.9 21 260 M M 1 25 270
13 80 54 67 2 0 2 0.00 0.0 0 6.5 17 180 M M 2 20 190
14 85 56 71 6 0 6 0.00 0.0 0 9.7 20 170 M M 4 26 180
15 74 61 68 3 0 3 0.00 0.0 0 10.1 20 260 M M 8 25 250
16 65 53 59 -7 6 0 0.00 0.0 0 5.5 15 50 M M 6 20 50
17 77 55 66 0 0 1 0.02 0.0 0 5.2 15 170 M M 7 20 230
18 80 62 71 5 0 6 T 0.0 0 7.1 14 260 M M 7 8 21 280
19 78 53 66 0 0 1 0.00 0.0 0 9.2 22 300 M M 2 27 300
20 78 54 66 0 0 1 0.00 0.0 0 8.7 23 110 M M 5 28 110
21 83 55 69 2 0 4 0.00 0.0 0 12.9 26 270 M M 1 35 270
22 65 43 54 -13 11 0 0.00 0.0 0 8.6 22 330 M M 1 29 340
23 71 40 56 -11 9 0 0.00 0.0 0 6.0 15 120 M M 3 21 150
24 69 58 64 -4 1 0 2.41 0.0 0 8.9 24 160 M M 8 13 27 160
25 78 61 70 2 0 5 0.00 0.0 0 8.3 16 270 M M 6 3 20 320
26 77 56 67 -1 0 2 0.00 0.0 0 6.7 14 110 M M 4 18 110
27 80 53 67 -1 0 2 0.00 0.0 0 5.9 17 160 M M 5 12 22 170
28 82 58 70 2 0 5 0.00 0.0 0 6.5 18 170 M M 3 1 22 170
29 87 63 75 6 0 10 0.00 0.0 0 8.4 18 270 M M 5 24 260
30 88 65 77 8 0 12 0.00 0.0 0 11.3 22 280 M M 4 28 290
================================================================================
SM 2293 1589 85 82 2.51 0.0 241.1 M 112
================================================================================
AV 76.4 53.0 8.0 FASTST M M 4 MAX(MPH)
MISC ----> 26 270 35 270
================================================================================
NOTES:
# LAST OF SEVERAL OCCURRENCES
COLUMN 17 PEAK WIND IN M.P.H.
PRELIMINARY LOCAL CLIMATOLOGICAL DATA (WS FORM: F-6) , PAGE 2
STATION: SAVANNAH GA
MONTH: APRIL
YEAR: 2021
LATITUDE: 32 7 N
LONGITUDE: 81 12 W
[TEMPERATURE DATA] [PRECIPITATION DATA] SYMBOLS USED IN COLUMN 16
AVERAGE MONTHLY: 64.7 TOTAL FOR MONTH: 2.51 1 = FOG OR MIST
DPTR FM NORMAL: -0.9 DPTR FM NORMAL: -0.56 2 = FOG REDUCING VISIBILITY
HIGHEST: 88 ON 30 GRTST 24HR 2.41 ON 24-24 TO 1/4 MILE OR LESS
LOWEST: 32 ON 3 3 = THUNDER
SNOW, ICE PELLETS, HAIL 4 = ICE PELLETS
TOTAL MONTH: 0.0 INCH 5 = HAIL
GRTST 24HR 0.0 6 = FREEZING RAIN OR DRIZZLE
GRTST DEPTH: 0 7 = DUSTSTORM OR SANDSTORM:
VSBY 1/2 MILE OR LESS
8 = SMOKE OR HAZE
[NO. OF DAYS WITH] [WEATHER - DAYS WITH] 9 = BLOWING SNOW
X = TORNADO
MAX 32 OR BELOW: 0 0.01 INCH OR MORE: 4
MAX 90 OR ABOVE: 0 0.10 INCH OR MORE: 1
MIN 32 OR BELOW: 1 0.50 INCH OR MORE: 1
MIN 0 OR BELOW: 0 1.00 INCH OR MORE: 1
[HDD (BASE 65) ]
TOTAL THIS MO. 85 CLEAR (SCALE 0-3) 13
DPTR FM NORMAL 9 PTCLDY (SCALE 4-7) 17
TOTAL FM JUL 1 1410 CLOUDY (SCALE 8-10) 0
DPTR FM NORMAL -393
[CDD (BASE 65) ]
TOTAL THIS MO. 82
DPTR FM NORMAL -12 [PRESSURE DATA]
TOTAL FM JAN 1 203 HIGHEST SLP 30.51 ON 3
DPTR FM NORMAL 67 LOWEST SLP 29.64 ON 11
[REMARKS]
#FINAL-04-21#