000
CXUS56 KLOX 011255
CF6SBA
PRELIMINARY LOCAL CLIMATOLOGICAL DATA (WS FORM: F-6)
STATION: SANTA BARBARA AIRPORT CA
MONTH: JANUARY
YEAR: 2022
LATITUDE: 34 25 N
LONGITUDE: 119 50 W
TEMPERATURE IN F: :PCPN: SNOW: WIND :SUNSHINE: SKY :PK WND
================================================================================
1 2 3 4 5 6A 6B 7 8 9 10 11 12 13 14 15 16 17 18
12Z AVG MX 2MIN
DY MAX MIN AVG DEP HDD CDD WTR SNW DPTH SPD SPD DIR MIN PSBL S-S WX SPD DR
================================================================================
1 59 34 47 -5 18 0 0.00 M M 2.4 10 270 M M 0 12 280
2 61 34 48 -4 17 0 0.00 M M 2.1 10 150 M M 0 96 30
3 61 33 47 -5 18 0 0.00 M M 3.7 14 10 M M 0 16 10
4 59 37 48 -4 17 0 0.00 M M 3.1 9 140 M M 0 11 350
5 72 42 57 5 8 0 0.00 M M 3.2 15 140 M M 0 19 320
6 67 42 55 2 10 0 0.00 M M 2.3 8 40 M M 1 12 10 150
7 59 45 52 -1 13 0 0.00 M M 3.5 8 60 M M 7 128 12 150
8 62 41 52 -1 13 0 0.00 M M 2.3 8 200 M M 3 18 11 150
9 67 38 53 0 12 0 0.00 M M 1.9 10 260 M M 0 1 13 250
10 70 40 55 2 10 0 0.00 M M 1.7 8 240 M M 0 10 240
11 70 35 53 0 12 0 0.00 M M 1.9 10 250 M M 0 13 240
12 72 38 55 2 10 0 0.00 M M 1.9 12 260 M M 0 13 260
13 69 48 59 6 6 0 0.00 M M 2.3 10 20 M M 1 12 120
14 67 42 55 2 10 0 0.00 M M 2.3 9 240 M M 0 11 230
15 68 47 58 5 7 0 T M M 1.5 8 120 M M 6 9 130
16 71 55 63 10 2 0 0.00 M M 2.6 10 270 M M 9 13 260
17 62 51 57 4 8 0 0.06 M M 3.4 12 110 M M 9 1 14 100
18 62 46 54 1 11 0 0.00 M M 3.0 12 130 M M 4 12 13 130
19 61 43 52 -1 13 0 0.00 M M 2.7 8 130 M M 4 1 10 130
20 69 39 54 1 11 0 0.00 M M 2.2 12 180 M M 0 18 15 160
21 68 38 53 0 12 0 0.00 M M 4.3 20 20 M M 0 23 20
22 67 37 52 -1 13 0 0.00 M M 4.2 14 260 M M 0 16 270
23 71 37 54 1 11 0 0.00 M M 2.7 10 260 M M 0 12 270
24 67 34 51 -2 14 0 0.00 M M 2.6 9 120 M M 0 10 120
25 63 38 51 -2 14 0 0.00 M M 2.4 10 130 M M 0 13 130
26 65 37 51 -2 14 0 0.00 M M 2.6 12 250 M M 0 14 240
27 69 34 52 -1 13 0 0.00 M M 2.3 12 240 M M 0 14 250
28 71 37 54 1 11 0 0.00 M M 2.1 10 280 M M 0 12 160
29 68 41 55 2 10 0 0.00 M M 3.0 10 230 M M 0 13 240
30 70 33 52 -1 13 0 0.00 M M 3.2 12 150 M M 0 14 170
31 59 40 50 -3 15 0 0.00 M M 1.6 8 260 M M 0 18 10 270
================================================================================
SM 2046 1236 366 0 0.06 M 81.0 M 44
================================================================================
AV 66.0 39.9 2.6 FASTST M M 1 MAX(MPH)
MISC ----> 20 20 96 30
================================================================================
NOTES:
# LAST OF SEVERAL OCCURRENCES
COLUMN 17 PEAK WIND IN M.P.H.
PRELIMINARY LOCAL CLIMATOLOGICAL DATA (WS FORM: F-6) , PAGE 2
STATION: SANTA BARBARA AIRPORT CA
MONTH: JANUARY
YEAR: 2022
LATITUDE: 34 25 N
LONGITUDE: 119 50 W
[TEMPERATURE DATA] [PRECIPITATION DATA] SYMBOLS USED IN COLUMN 16
AVERAGE MONTHLY: 52.9 TOTAL FOR MONTH: 0.06 1 = FOG OR MIST
DPTR FM NORMAL: 0.1 DPTR FM NORMAL: -3.78 2 = FOG REDUCING VISIBILITY
HIGHEST: 72 ON 12, 5 GRTST 24HR 0.06 ON 17-17 TO 1/4 MILE OR LESS
LOWEST: 33 ON 30, 3 3 = THUNDER
SNOW, ICE PELLETS, HAIL 4 = ICE PELLETS
TOTAL MONTH: M 5 = HAIL
GRTST 24HR M ON M 6 = FREEZING RAIN OR DRIZZLE
GRTST DEPTH: M ON M 7 = DUSTSTORM OR SANDSTORM:
VSBY 1/2 MILE OR LESS
8 = SMOKE OR HAZE
[NO. OF DAYS WITH] [WEATHER - DAYS WITH] 9 = BLOWING SNOW
X = TORNADO
MAX 32 OR BELOW: 0 0.01 INCH OR MORE: 1
MAX 90 OR ABOVE: 0 0.10 INCH OR MORE: 0
MIN 32 OR BELOW: 0 0.50 INCH OR MORE: 0
MIN 0 OR BELOW: 0 1.00 INCH OR MORE: 0
[HDD (BASE 65) ]
TOTAL THIS MO. 366 CLEAR (SCALE 0-3) 25
DPTR FM NORMAL -14 PTCLDY (SCALE 4-7) 4
TOTAL FM JUL 1 1230 CLOUDY (SCALE 8-10) 2
DPTR FM NORMAL 4
[CDD (BASE 65) ]
TOTAL THIS MO. 0
DPTR FM NORMAL 0 [PRESSURE DATA]
TOTAL FM JAN 1 0 HIGHEST SLP 30.36 ON 10
DPTR FM NORMAL 0 LOWEST SLP 29.86 ON 1
[REMARKS]
#FINAL-01-22#