000
CXUS53 KMKX 010810
CF6SBM
PRELIMINARY LOCAL CLIMATOLOGICAL DATA (WS FORM: F-6)
STATION: SHEBOYGAN WI
MONTH: JULY
YEAR: 2022
LATITUDE: 43 46 N
LONGITUDE: 87 51 W
TEMPERATURE IN F: :PCPN: SNOW: WIND :SUNSHINE: SKY :PK WND
================================================================================
1 2 3 4 5 6A 6B 7 8 9 10 11 12 13 14 15 16 17 18
12Z AVG MX 2MIN
DY MAX MIN AVG DEP HDD CDD WTR SNW DPTH SPD SPD DIR MIN PSBL S-S WX SPD DR
================================================================================
1 81 63 72 4 0 7 T M M 9.0 16 340 M M 1 23 280
2 86 60 73 5 0 8 0.04 M M 6.6 25 280 M M 2 1 39 260
3 81 57 69 1 0 4 0.00 M M 4.4 12 180 M M 1 12 16 120
4 85 63 74 5 0 9 0.19 M M 5.9 17 210 M M 4 12 23 210
5 80 67 74 5 0 9 0.00 M M 5.3 14 50 M M 5 18 21 210
6 77 63 70 1 0 5 T M M 11.1 21 50 M M 6 28 40
7 84 59 72 3 0 7 0.00 M M 3.4 10 180 M M 2 18 15 260
8 75 64 70 1 0 5 T M M 13.1 26 40 M M 3 18 35 30
9 79 53 66 -3 0 1 0.00 M M 6.2 13 60 M M 2 8 19 50
10 83 51 67 -2 0 2 0.05 M M 7.2 22 170 M M 2 3 32 170
11 89 62 76 7 0 11 0.07 M M 10.5 30 340 M M 5 13 40 350
12 84 65 75 6 0 10 0.08 M M 10.1 18 320 M M 2 1 28 310
13 75 55 65 -4 0 0 0.00 M M 7.8 16 60 M M 3 1 21 40
14 77 55 66 -4 0 1 0.00 M M 5.8 13 60 M M 0 17 80
15 65 53 59 -11 6 0 0.39 M M 4.8 12 70 M M 8 1 17 140
16 74 61 68 -2 0 3 0.00 M M 2.9 9 50 M M 7 12 12 70
17 82 61 72 2 0 7 0.00 M M 5.2 12 60 M M 2 12 16 50
18 91 58 75 5 0 10 0.00 M M 6.9 15 270 M M 0 1 21 260
19 90 72 81 11 0 16 T M M 10.0 21 190 M M 1 30 200
20 86 72 79 9 0 14 0.14 M M 14.1 29 270 M M 5 1 40 290
21 88 67 78 8 0 13 0.00 M M 8.1 16 280 M M 1 24 300
22 92 62 77 7 0 12 0.00 M M 11.0 22 250 M M 2 31 230
23 90 68 79 9 0 14 0.93 M M 7.8 36 310 M M 2 138 65 310
24 83 65 74 4 0 9 0.82 M M 10.7 35 210 M M 5 13 51 200
25 77 59 68 -2 0 3 0.00 M M 6.3 15 300 M M 1 1 23 290
26 80 59 70 0 0 5 T 0.0 0 6.5 20 180 M M 3 26 180
27 83 65 74 4 0 9 T 0.0 0 8.8 21 280 M M 3 28 280
28 78 59 69 -1 0 4 0.10 M M 11.0 29 240 M M 2 1 43 230
29 79 58 69 0 0 4 0.00 M M 7.4 16 290 M M 1 24 270
30 82 57 70 1 0 5 0.00 M M 7.2 17 170 M M 1 22 180
31 84 60 72 3 0 7 0.00 M M 8.5 21 180 M M 2 30 190
================================================================================
SM 2540 1893 6 214 2.81 0.0 243.6 M 84
================================================================================
AV 81.9 61.1 7.9 FASTST M M 3 MAX(MPH)
MISC ----> 36 310 65 310
================================================================================
NOTES:
# LAST OF SEVERAL OCCURRENCES
COLUMN 17 PEAK WIND IN M.P.H.
PRELIMINARY LOCAL CLIMATOLOGICAL DATA (WS FORM: F-6) , PAGE 2
STATION: SHEBOYGAN WI
MONTH: JULY
YEAR: 2022
LATITUDE: 43 46 N
LONGITUDE: 87 51 W
[TEMPERATURE DATA] [PRECIPITATION DATA] SYMBOLS USED IN COLUMN 16
AVERAGE MONTHLY: 71.5 TOTAL FOR MONTH: 2.81 1 = FOG OR MIST
DPTR FM NORMAL: 2.2 DPTR FM NORMAL: -0.61 2 = FOG REDUCING VISIBILITY
HIGHEST: 92 ON 22 GRTST 24HR 1.75 ON 23-24 TO 1/4 MILE OR LESS
LOWEST: 51 ON 10 3 = THUNDER
SNOW, ICE PELLETS, HAIL 4 = ICE PELLETS
TOTAL MONTH: 0.0 INCH 5 = HAIL
GRTST 24HR 0.0 6 = FREEZING RAIN OR DRIZZLE
GRTST DEPTH: 0 7 = DUSTSTORM OR SANDSTORM:
VSBY 1/2 MILE OR LESS
8 = SMOKE OR HAZE
[NO. OF DAYS WITH] [WEATHER - DAYS WITH] 9 = BLOWING SNOW
X = TORNADO
MAX 32 OR BELOW: 0 0.01 INCH OR MORE: 10
MAX 90 OR ABOVE: 4 0.10 INCH OR MORE: 6
MIN 32 OR BELOW: 0 0.50 INCH OR MORE: 2
MIN 0 OR BELOW: 0 1.00 INCH OR MORE: 0
[HDD (BASE 65) ]
TOTAL THIS MO. 6 CLEAR (SCALE 0-3) 22
DPTR FM NORMAL -20 PTCLDY (SCALE 4-7) 9
TOTAL FM JUL 1 6 CLOUDY (SCALE 8-10) 0
DPTR FM NORMAL -25
[CDD (BASE 65) ]
TOTAL THIS MO. 214
DPTR FM NORMAL 57 [PRESSURE DATA]
TOTAL FM JAN 1 357 HIGHEST SLP M ON M
DPTR FM NORMAL 109 LOWEST SLP 29.47 ON 20
[REMARKS]
#FINAL-07-22#