000
CXUS56 KLOX 011255
CF6SBP
PRELIMINARY LOCAL CLIMATOLOGICAL DATA (WS FORM: F-6)
STATION: SAN LUIS OBISPO AIRPORT CA
MONTH: DECEMBER
YEAR: 2021
LATITUDE: 35 13 N
LONGITUDE: 120 38 W
TEMPERATURE IN F: :PCPN: SNOW: WIND :SUNSHINE: SKY :PK WND
================================================================================
1 2 3 4 5 6A 6B 7 8 9 10 11 12 13 14 15 16 17 18
12Z AVG MX 2MIN
DY MAX MIN AVG DEP HDD CDD WTR SNW DPTH SPD SPD DIR MIN PSBL S-S WX SPD DR
================================================================================
1 88 45 67 13 0 2 0.00 M M 1.9 14 280 M M 0 1 16 290
2 67 40 54 0 11 0 0.00 M M 1.8 9 310 M M 3 12 14 200
3 59 49 54 0 11 0 0.00 M M 3.9 12 340 M M 10 1 14 310
4 64 45 55 1 10 0 0.00 M M 6.2 18 300 M M 5 1 23 320
5 76 45 61 7 4 0 0.00 M M 8.1 20 320 M M 0 18 22 320
6 69 44 57 4 8 0 0.00 M M 6.6 22 310 M M 0 25 310
7 67 50 59 6 6 0 T M M 2.7 10 300 M M 7 12 11 230
8 65 43 54 1 11 0 0.00 M M 5.7 21 310 M M 6 12 23 300
9 60 43 52 -1 13 0 0.05 M M 8.5 25 300 M M 6 1 31 320
10 65 42 54 1 11 0 0.00 M M 5.2 14 320 M M 0 21 330
11 65 35 50 -3 15 0 0.00 M M 3.2 13 330 M M 0 16 340
12 63 33 48 -4 17 0 0.00 M M 3.4 13 310 M M 2 15 330
13 58 47 53 1 12 0 1.78 M M 15.5 28 140 M M 8 1 37 130
14 58 39 49 -3 16 0 0.64 M M 9.0 24 300 M M 7 1 32 190
15 58 34 46 -6 19 0 0.00 M M 2.8 12 320 M M 2 16 220
16 59 45 52 0 13 0 0.05 M M 6.3 18 300 M M 8 18 20 300
17 62 38 50 -2 15 0 0.00 M M 3.7 17 330 M M 0 20 330
18 65 34 50 -2 15 0 0.00 M M 3.2 31 340 M M 0 32 340
19 58 32 45 -7 20 0 0.00 M M 1.4 10 150 M M 1 1 13 160
20 56 42 49 -3 16 0 0.00 M M 2.3 12 120 M M 5 13 120
21 64 37 51 -1 14 0 0.00 M M 2.7 9 120 M M 1 11 140
22 60 43 52 0 13 0 0.40 M M 4.3 16 120 M M 9 1 20 120
23 59 57 58 6 7 0 1.49 M M 10.3 22 140 M M 10 1 33 140
24 60 47 54 2 11 0 0.34 M M 6.5 22 300 M M 9 18 28 310
25 57 46 52 0 13 0 0.63 M M 7.0 20 130 M M 8 1 27 170
26 57 40 49 -3 16 0 0.01 M M 3.2 16 310 M M 3 20 270
27 56 39 48 -4 17 0 0.37 M M 6.3 21 310 M M 7 18 27 270
28 56 40 48 -4 17 0 T M M 4.1 14 310 M M 6 15 310
29 56 46 51 -1 14 0 0.43 M M 5.0 18 140 M M 10 18 24 130
30 62 42 52 0 13 0 0.00 M M 3.5 14 350 M M 6 12 17 350
31 58 39 49 -3 16 0 0.00 M M 7.4 17 310 M M 1 22 320
================================================================================
SM 1927 1301 394 2 6.19 M 161.7 M 140
================================================================================
AV 62.2 42.0 5.2 FASTST M M 5 MAX(MPH)
MISC ----> 31 340 37 130
================================================================================
NOTES:
# LAST OF SEVERAL OCCURRENCES
COLUMN 17 PEAK WIND IN M.P.H.
PRELIMINARY LOCAL CLIMATOLOGICAL DATA (WS FORM: F-6) , PAGE 2
STATION: SAN LUIS OBISPO AIRPORT CA
MONTH: DECEMBER
YEAR: 2021
LATITUDE: 35 13 N
LONGITUDE: 120 38 W
[TEMPERATURE DATA] [PRECIPITATION DATA] SYMBOLS USED IN COLUMN 16
AVERAGE MONTHLY: 52.1 TOTAL FOR MONTH: 6.19 1 = FOG OR MIST
DPTR FM NORMAL: -0.5 DPTR FM NORMAL: 2.92 2 = FOG REDUCING VISIBILITY
HIGHEST: 88 ON 1 GRTST 24HR 2.35 ON 13-14 TO 1/4 MILE OR LESS
LOWEST: 32 ON 19 3 = THUNDER
SNOW, ICE PELLETS, HAIL 4 = ICE PELLETS
TOTAL MONTH: M 5 = HAIL
GRTST 24HR M ON M 6 = FREEZING RAIN OR DRIZZLE
GRTST DEPTH: M ON M 7 = DUSTSTORM OR SANDSTORM:
VSBY 1/2 MILE OR LESS
8 = SMOKE OR HAZE
[NO. OF DAYS WITH] [WEATHER - DAYS WITH] 9 = BLOWING SNOW
X = TORNADO
MAX 32 OR BELOW: 0 0.01 INCH OR MORE: 11
MAX 90 OR ABOVE: 0 0.10 INCH OR MORE: 8
MIN 32 OR BELOW: 1 0.50 INCH OR MORE: 4
MIN 0 OR BELOW: 0 1.00 INCH OR MORE: 2
[HDD (BASE 65) ]
TOTAL THIS MO. 394 CLEAR (SCALE 0-3) 13
DPTR FM NORMAL 8 PTCLDY (SCALE 4-7) 11
TOTAL FM JUL 1 574 CLOUDY (SCALE 8-10) 7
DPTR FM NORMAL -214
[CDD (BASE 65) ]
TOTAL THIS MO. 2
DPTR FM NORMAL 2 [PRESSURE DATA]
TOTAL FM JAN 1 479 HIGHEST SLP 30.29 ON 15
DPTR FM NORMAL 145 LOWEST SLP 29.70 ON 24
[REMARKS]
#FINAL-12-21#