000
CXUS56 KSTO 011300
CF6SCK
PRELIMINARY LOCAL CLIMATOLOGICAL DATA (WS FORM: F-6)
STATION: STOCKTON AIRPORT CA
MONTH: JUNE
YEAR: 2023
LATITUDE: 37 54 N
LONGITUDE: 121 15 W
TEMPERATURE IN F: :PCPN: SNOW: WIND :SUNSHINE: SKY :PK WND
================================================================================
1 2 3 4 5 6A 6B 7 8 9 10 11 12 13 14 15 16 17 18
12Z AVG MX 2MIN
DY MAX MIN AVG DEP HDD CDD WTR SNW DPTH SPD SPD DIR MIN PSBL S-S WX SPD DR
================================================================================
1 83 51 67 -4 0 2 0.00 M M 9.0 18 270 M M 0 24 270
2 87 54 71 0 0 6 0.00 M M 8.6 16 280 M M 0 28 320
3 93 52 73 2 0 8 0.00 M M 6.2 16 290 M M 0 19 300
4 96 55 76 4 0 11 0.00 M M 6.5 16 290 M M 0 19 280
5 88 59 74 2 0 9 0.00 M M 10.1 22 280 M M 0 29 280
6 79 57 68 -4 0 3 T M M 8.6 18 300 M M 0 24 300
7 78 55 67 -5 0 2 0.00 M M 7.9 17 300 M M 5 23 210
8 84 59 72 0 0 7 0.00 M M 8.1 17 300 M M 3 24 300
9 82 54 68 -5 0 3 0.00 M M 8.0 15 330 M M 0 21 340
10 83 53 68 -5 0 3 0.00 M M 6.9 17 300 M M 0 23 300
11 85 53 69 -4 0 4 T M M 7.5 13 320 M M 0 18 310
12 81 57 69 -4 0 4 0.00 M M 7.0 14 310 M M 2 18 270
13 85 57 71 -3 0 6 0.00 M M 7.5 15 310 M M 0 18 320
14 89 57 73 -1 0 8 0.00 M M 8.3 15 290 M M 0 24 260
15 90 57 74 0 0 9 0.00 M M 10.4 18 310 M M 0 23 310
16 91 57 74 0 0 9 0.00 M M 7.8 17 300 M M 0 27 320
17 93 56 75 1 0 10 0.00 M M 7.6 17 270 M M 0 21 280
18 87 58 73 -2 0 8 0.00 M M 15.6 31 260 M M 0 36 260
19 79 55 67 -8 0 2 0.00 M M 13.5 24 250 M M 0 30 250
20 81 51 66 -9 0 1 0.00 M M 10.4 17 300 M M 0 26 290
21 86 48 67 -8 0 2 0.00 M M 7.6 18 290 M M 0 21 290
22 81 53 67 -8 0 2 0.00 M M 10.8 22 270 M M 0 27 270
23 82 53 68 -8 0 3 0.00 M M 7.5 17 280 M M 0 8 20 290
24 84 52 68 -8 0 3 0.00 M M 9.5 22 270 M M 0 26 280
25 81 56 69 -7 0 4 0.00 M M 10.7 18 280 M M 0 23 290
26 87 52 70 -6 0 5 0.00 M M 8.2 18 270 M M 0 23 270
27 87 56 72 -4 0 7 0.00 M M 9.0 16 280 M M 0 24 290
28 90 55 73 -3 0 8 0.00 M M 8.9 17 270 M M 0 27 230
29 97 57 77 0 0 12 0.00 0.0 M 7.4 14 330 M M 0 24 270
30 105 63 84 7 0 19 0.00 M M 5.2 13 310 M M 0 8 17 310
================================================================================
SM 2594 1652 0 180 T 0.0 260.3 M 10
================================================================================
AV 86.5 55.1 8.7 FASTST M M 0 MAX(MPH)
MISC ----> 31 260 36 260
================================================================================
NOTES:
# LAST OF SEVERAL OCCURRENCES
COLUMN 17 PEAK WIND IN M.P.H.
PRELIMINARY LOCAL CLIMATOLOGICAL DATA (WS FORM: F-6) , PAGE 2
STATION: STOCKTON AIRPORT CA
MONTH: JUNE
YEAR: 2023
LATITUDE: 37 54 N
LONGITUDE: 121 15 W
[TEMPERATURE DATA] [PRECIPITATION DATA] SYMBOLS USED IN COLUMN 16
AVERAGE MONTHLY: 70.8 TOTAL FOR MONTH: T 1 = FOG OR MIST
DPTR FM NORMAL: -3.2 DPTR FM NORMAL: -0.10 2 = FOG REDUCING VISIBILITY
HIGHEST: 105 ON 30 GRTST 24HR T ON 6- 6 TO 1/4 MILE OR LESS
LOWEST: 48 ON 21 3 = THUNDER
SNOW, ICE PELLETS, HAIL 4 = ICE PELLETS
TOTAL MONTH: 0.0 INCH 5 = HAIL
GRTST 24HR 0.0 6 = FREEZING RAIN OR DRIZZLE
GRTST DEPTH: M ON M 7 = DUSTSTORM OR SANDSTORM:
VSBY 1/2 MILE OR LESS
8 = SMOKE OR HAZE
[NO. OF DAYS WITH] [WEATHER - DAYS WITH] 9 = BLOWING SNOW
X = TORNADO
MAX 32 OR BELOW: 0 0.01 INCH OR MORE: 0
MAX 90 OR ABOVE: 8 0.10 INCH OR MORE: 0
MIN 32 OR BELOW: 0 0.50 INCH OR MORE: 0
MIN 0 OR BELOW: 0 1.00 INCH OR MORE: 0
[HDD (BASE 65) ]
TOTAL THIS MO. 0 CLEAR (SCALE 0-3) 29
DPTR FM NORMAL -4 PTCLDY (SCALE 4-7) 1
TOTAL FM JUL 1 2669 CLOUDY (SCALE 8-10) 0
DPTR FM NORMAL 413
[CDD (BASE 65) ]
TOTAL THIS MO. 180
DPTR FM NORMAL -94 [PRESSURE DATA]
TOTAL FM JAN 1 307 HIGHEST SLP 30.11 ON 20
DPTR FM NORMAL -117 LOWEST SLP 29.68 ON 5
[REMARKS]
#FINAL-06-23#