000
CXUS56 KLOX 011155
CF6SDB
PRELIMINARY LOCAL CLIMATOLOGICAL DATA (WS FORM: F-6)
STATION: SANDBERG CA
MONTH: MARCH
YEAR: 2021
LATITUDE: 34 45 N
LONGITUDE: 118 44 W
TEMPERATURE IN F: :PCPN: SNOW: WIND :SUNSHINE: SKY :PK WND
================================================================================
1 2 3 4 5 6A 6B 7 8 9 10 11 12 13 14 15 16 17 18
12Z AVG MX 2MIN
DY MAX MIN AVG DEP HDD CDD WTR SNW DPTH SPD SPD DIR MIN PSBL S-S WX SPD DR
================================================================================
1 55 40 48 3 17 0 0.00 M M 18.2 24 60 M M 0 32 80
2 59 43 51 6 14 0 0.00 M M 18.8 28 80 M M 0 39 80
3 47 35 41 -4 24 0 0.05 M M 12.5 22 160 M M 4 128 38 160
4 62 34 48 2 17 0 0.00 M M 8.2 18 310 M M 0 18 22 310
5 65 48 57 11 8 0 0.00 M M 12.6 20 70 M M 0 28 80
6 53 39 46 0 19 0 0.00 M M 17.0 23 320 M M 0 37 320
7 57 38 48 2 17 0 0.00 M M 16.1 30 320 M M 2 8 40 320
8 56 38 47 1 18 0 T M M 12.7 21 320 M M 3 8 33 290
9 48 33 41 -5 24 0 0.00 M M 13.8 22 310 M M 4 128 31 310
10 41 32 37 -9 28 0 0.13 M M 13.6 25 240 M M 9 12 35 200
11 42 28 35 -11 30 0 0.08 M M 7.2 16 150 M M 8 12 M M
12 47 31 39 -7 26 0 0.00 M M 12.2 23 320 M M 2 12 38 320
13 56 37 47 1 18 0 0.00 M M 13.2 30 330 M M 1 43 310
14 57 39 48 1 17 0 0.00 M M 12.4 23 330 M M 2 128 33 320
15 40 30 35 -12 30 0 0.09 M M 18.8 33 320 M M 9 12 45 320
16 52 29 41 -6 24 0 0.01 M M 16.2 52 320 M M 2 12 66 320
17 58 36 47 0 18 0 0.00 M M 10.3 17 160 M M 0 20 110
18 64 48 56 9 9 0 0.00 M M 10.2 15 320 M M 3 23 150
19 64 46 55 8 10 0 T M M 10.2 17 150 M M 2 128 24 150
20 48 37 43 -4 22 0 0.06 M M 19.2 28 340 M M 5 128 46 310
21 47 34 41 -6 24 0 0.00 M M 17.4 25 320 M M 0 38 320
22 56 40 48 1 17 0 0.00 M M 16.3 29 330 M M 0 39 320
23 47 37 42 -5 23 0 0.01 M M 14.5 25 330 M M 6 8 45 340
24 60 35 48 1 17 0 0.00 M M 10.5 18 320 M M 0 36 230
25 47 37 42 -5 23 0 0.00 M M 11.8 23 170 M M 7 8 32 170
26 59 38 49 1 16 0 0.00 M M 13.0 25 310 M M 5 40 310
27 70 46 58 10 7 0 0.00 M M 9.8 17 330 M M 0 23 60
28 76 52 64 16 1 0 0.00 M M 11.4 17 60 M M 0 24 60
29 67 51 59 11 6 0 0.00 M M 19.3 27 320 M M 0 38 330
30 66 45 56 8 9 0 0.00 M M 17.3 27 60 M M 0 47 320
31 67 49 58 10 7 0 0.00 M M 23.6 35 70 M M 0 47 70
================================================================================
SM 1733 1205 540 0 0.43 M 438.2 M 74
================================================================================
AV 55.9 38.9 14.1 FASTST M M 2 MAX(MPH)
MISC ----> 52 320 66 320
================================================================================
NOTES:
# LAST OF SEVERAL OCCURRENCES
COLUMN 17 PEAK WIND IN M.P.H.
PRELIMINARY LOCAL CLIMATOLOGICAL DATA (WS FORM: F-6) , PAGE 2
STATION: SANDBERG CA
MONTH: MARCH
YEAR: 2021
LATITUDE: 34 45 N
LONGITUDE: 118 44 W
[TEMPERATURE DATA] [PRECIPITATION DATA] SYMBOLS USED IN COLUMN 16
AVERAGE MONTHLY: 47.4 TOTAL FOR MONTH: 0.43 1 = FOG OR MIST
DPTR FM NORMAL: 0.7 DPTR FM NORMAL: -1.30 2 = FOG REDUCING VISIBILITY
HIGHEST: 76 ON 28 GRTST 24HR 0.13 ON 10-10 TO 1/4 MILE OR LESS
LOWEST: 28 ON 11 3 = THUNDER
SNOW, ICE PELLETS, HAIL 4 = ICE PELLETS
TOTAL MONTH: M 5 = HAIL
GRTST 24HR M ON M 6 = FREEZING RAIN OR DRIZZLE
GRTST DEPTH: M ON M 7 = DUSTSTORM OR SANDSTORM:
VSBY 1/2 MILE OR LESS
8 = SMOKE OR HAZE
[NO. OF DAYS WITH] [WEATHER - DAYS WITH] 9 = BLOWING SNOW
X = TORNADO
MAX 32 OR BELOW: 0 0.01 INCH OR MORE: 7
MAX 90 OR ABOVE: 0 0.10 INCH OR MORE: 1
MIN 32 OR BELOW: 5 0.50 INCH OR MORE: 0
MIN 0 OR BELOW: 0 1.00 INCH OR MORE: 0
[HDD (BASE 65) ]
TOTAL THIS MO. 540 CLEAR (SCALE 0-3) 21
DPTR FM NORMAL -30 PTCLDY (SCALE 4-7) 7
TOTAL FM JUL 1 2484 CLOUDY (SCALE 8-10) 3
DPTR FM NORMAL -845
[CDD (BASE 65) ]
TOTAL THIS MO. 0
DPTR FM NORMAL -1 [PRESSURE DATA]
TOTAL FM JAN 1 0 HIGHEST SLP M ON M
DPTR FM NORMAL -1 LOWEST SLP M ON M
[REMARKS]
#FINAL-03-21#