000
CXUS55 KSEW 030207
CF6SEA
PRELIMINARY LOCAL CLIMATOLOGICAL DATA (WS FORM: F-6)
STATION: SEATTLE-TACOMA WA AIRPORT
MONTH: NOVEMBER
YEAR: 2023
LATITUDE: 47 27 N
LONGITUDE: 122 18 W
TEMPERATURE IN F: :PCPN: SNOW: WIND :SUNSHINE: SKY :PK WND
================================================================================
1 2 3 4 5 6A 6B 7 8 9 10 11 12 13 14 15 16 17 18
12Z AVG MX 2MIN
DY MAX MIN AVG DEP HDD CDD WTR SNW DPTH SPD SPD DIR MIN PSBL S-S WX SPD DR
================================================================================
1 55 43 49 -1 16 0 0.41 0.0 0 5.1 15 100 M M 9 1 22 100
2 60 50 55 6 10 0 0.87 0.0 0 12.4 23 220 M M 8 18 33 210
3 58 48 53 4 12 0 0.33 0.0 0 5.1 13 120 M M 8 1 19 100
4 63 52 58 9 7 0 1.14 0.0 0 11.1 21 230 M M 9 13 31 230
5 60 46 53 4 12 0 0.31 0.0 0 8.1 15 130 M M 8 1 22 200
6 53 47 50 2 15 0 1.03 0.0 0 5.4 21 220 M M 10 1 31 220
7 55 45 50 2 15 0 T 0.0 0 8.7 18 210 M M 9 25 210
8 54 42 48 0 17 0 0.00 0.0 0 4.0 10 150 M M 4 14 140
9 48 37 43 -5 22 0 0.14 0.0 0 5.8 17 150 M M 8 12 27 160
10 51 44 48 0 17 0 0.10 0.0 0 11.6 23 180 M M 9 1 31 170
11 53 46 50 3 15 0 0.45 0.0 0 15.8 29 200 M M 10 1 42 190
12 51 46 49 2 16 0 0.26 0.0 0 5.5 15 140 M M 9 1 21 130
13 53 40 47 0 18 0 0.05 0.0 0 7.6 14 200 M M 6 1 19 10
14 50 34 42 -5 23 0 0.00 0.0 0 6.2 10 30 M M 3 128 18 20
15 48 37 43 -4 22 0 0.00 0.0 0 5.7 15 20 M M 6 12 20 30
16 49 33 41 -5 24 0 0.00 0.0 0 7.6 14 10 M M 3 1 19 30
17 52 33 43 -3 22 0 0.00 0.0 0 4.5 12 40 M M 3 12 13 50
18 51 35 43 -3 22 0 0.27 0.0 0 3.2 22 200 M M 8 12 29 200
19 51 42 47 1 18 0 0.00 0.0 0 12.1 31 210 M M 8 43 210
20 50 36 43 -3 22 0 0.00 0.0 0 5.9 13 110 M M 6 17 120
21 54 37 46 1 19 0 0.17 0.0 0 5.3 13 130 M M 8 1 17 120
22 49 40 45 0 20 0 0.11 0.0 0 7.7 15 20 M M 7 1 19 30
23 47 35 41 -4 24 0 0.00 0.0 0 7.5 15 40 M M 6 1 21 50
24 46 32 39 -6 26 0 0.00 0.0 0 5.4 12 10 M M 2 12 18 140
25 46 30 38 -7 27 0 0.00 0.0 0 5.3 13 30 M M 3 1 17 30
26 48 30 39 -5 26 0 0.00 0.0 0 4.3 9 10 M M 6 12 17 30
27 47 28 38 -6 27 0 0.00 0.0 0 4.1 10 10 M M 4 12 15 50
28 43 28 36 -8 29 0 0.00 0.0 0 1.3 7 40 M M 6 128 13 50
29 39 30 35 -9 30 0 0.00 0.0 0 2.2 7 140 M M 7 128 13 90
30 46 34 40 -4 25 0 0.14 0.0 0 5.7 20 190 M M 10 1 26 200
================================================================================
SM 1530 1160 598 0 5.78 0.0 200.2 M 203
================================================================================
AV 51.0 38.7 6.7 FASTST M M 7 MAX(MPH)
MISC ----> 31 210 43 210
================================================================================
NOTES:
# LAST OF SEVERAL OCCURRENCES
COLUMN 17 PEAK WIND IN M.P.H.
PRELIMINARY LOCAL CLIMATOLOGICAL DATA (WS FORM: F-6) , PAGE 2
STATION: SEATTLE-TACOMA WA AIRPORT
MONTH: NOVEMBER
YEAR: 2023
LATITUDE: 47 27 N
LONGITUDE: 122 18 W
[TEMPERATURE DATA] [PRECIPITATION DATA] SYMBOLS USED IN COLUMN 16
AVERAGE MONTHLY: 44.8 TOTAL FOR MONTH: 5.78 1 = FOG OR MIST
DPTR FM NORMAL: -1.7 DPTR FM NORMAL: -0.53 2 = FOG REDUCING VISIBILITY
HIGHEST: 63 ON 4 GRTST 24HR 1.47 ON 3- 4 TO 1/4 MILE OR LESS
LOWEST: 28 ON 28,27 3 = THUNDER
SNOW, ICE PELLETS, HAIL 4 = ICE PELLETS
TOTAL MONTH: 0.0 INCH 5 = HAIL
GRTST 24HR 0.0 6 = FREEZING RAIN OR DRIZZLE
GRTST DEPTH: 0 7 = DUSTSTORM OR SANDSTORM:
VSBY 1/2 MILE OR LESS
8 = SMOKE OR HAZE
[NO. OF DAYS WITH] [WEATHER - DAYS WITH] 9 = BLOWING SNOW
X = TORNADO
MAX 32 OR BELOW: 0 0.01 INCH OR MORE: 15
MAX 90 OR ABOVE: 0 0.10 INCH OR MORE: 14
MIN 32 OR BELOW: 6 0.50 INCH OR MORE: 3
MIN 0 OR BELOW: 0 1.00 INCH OR MORE: 2
[HDD (BASE 65) ]
TOTAL THIS MO. 598 CLEAR (SCALE 0-3) 3
DPTR FM NORMAL 43 PTCLDY (SCALE 4-7) 19
TOTAL FM JUL 1 1003 CLOUDY (SCALE 8-10) 8
DPTR FM NORMAL -58
[CDD (BASE 65) ]
TOTAL THIS MO. 0
DPTR FM NORMAL 0 [PRESSURE DATA]
TOTAL FM JAN 1 378 HIGHEST SLP 30.57 ON 20
DPTR FM NORMAL 115 LOWEST SLP 29.54 ON 6
[REMARKS]
#FINAL-11-23#
CORRECTED