000
CXUS53 KLSX 011500
CF6SET
PRELIMINARY LOCAL CLIMATOLOGICAL DATA (WS FORM: F-6)
STATION: ST_CHARLES MO
MONTH: JANUARY
YEAR: 2022
LATITUDE: 38 55 N
LONGITUDE: 90 26 W
TEMPERATURE IN F: :PCPN: SNOW: WIND :SUNSHINE: SKY :PK WND
================================================================================
1 2 3 4 5 6A 6B 7 8 9 10 11 12 13 14 15 16 17 18
12Z AVG MX 2MIN
DY MAX MIN AVG DEP HDD CDD WTR SNW DPTH SPD SPD DIR MIN PSBL S-S WX SPD DR
================================================================================
1 44 26 35 3 30 0 0.49 M 0 10.8 20 360 M M 10 18 30 340
2 27 15 21 -11 44 0 T M M 11.3 21 340 M M 10 18 28 340
3 32 12 22 -10 43 0 0.00 0.0 0 4.6 10 320 M M 0 13 330
4 42 22 32 1 33 0 0.00 0.0 0 11.2 23 160 M M 0 31 160
5 41 19 30 -1 35 0 0.00 0.0 0 16.9 26 270 M M 3 37 310
6 19 8 14 -17 51 0 0.00 0.0 0 11.9 21 320 M M 5 27 330
7 22 6 14 -17 51 0 0.00 0.0 0 6.9 14 140 M M 2 18 140
8 43 18 31 0 34 0 0.13 0.0 0 9.8 16 160 M M 8 1 20 160
9 43 18 31 0 34 0 0.01 0.0 0 10.7 22 10 M M 4 12 32 340
10 38 15 27 -4 38 0 0.00 0.0 0 7.3 17 280 M M 0 22 280
11 50 17 34 3 31 0 0.00 0.0 0 7.2 16 160 M M 0 19 170
12 M M M M M M 0.00 0.0 0 4.0 13 240 M M 0 8 18 230
13 54 30 42 12 23 0 T 0.0 0 5.8 14 330 M M 2 18 330
14 42 27 35 5 30 0 0.25 0.0 0 5.7 14 110 M M 4 18 16 110
15 34 20 27 -3 38 0 0.24 M M 13.6 24 40 M M 10 18 44 50
16 30 16 23 -7 42 0 T M M 7.6 23 300 M M 3 30 310
17 35 25 30 0 35 0 0.00 0.0 M 9.3 22 310 M M 7 30 340
18 54 23 39 9 26 0 0.00 0.0 0 7.3 14 190 M M 1 19 160
19 41 11 26 -4 39 0 0.00 0.0 0 12.5 22 340 M M 2 31 360
20 20 7 14 -16 51 0 0.00 0.0 0 9.8 22 340 M M 0 28 340
21 26 5 16 -14 49 0 0.00 0.0 0 3.2 9 150 M M 0 11 150
22 41 13 27 -3 38 0 0.00 0.0 0 5.2 17 290 M M 1 23 280
23 41 23 32 2 33 0 0.00 0.0 0 9.3 23 340 M M 5 29 360
24 48 20 34 4 31 0 T M M 8.1 23 320 M M 9 31 330
25 26 11 19 -12 46 0 0.00 0.0 0 9.0 17 340 M M 0 22 360
26 25 4 15 -16 50 0 0.00 0.0 0 4.9 10 360 M M 0 13 350
27 41 24 33 2 32 0 T M M 9.3 17 330 M M 9 24 310
28 31 12 22 -9 43 0 T M M 10.1 21 340 M M 4 28 330
29 41 9 25 -6 40 0 0.00 M M 6.4 17 140 M M 0 24 140
30 39 20 30 -1 35 0 0.00 0.0 M 7.9 18 290 M M 0 25 320
31 51 20 36 4 29 0 0.00 M M 8.3 18 150 M M 2 24 160
================================================================================
SM 1121 496 1134 0 1.12 0.0 265.9 M 101
================================================================================
AV 37.4 16.5 8.6 FASTST M M 3 MAX(MPH)
MISC ----> 26 270 44 50
================================================================================
NOTES:
# LAST OF SEVERAL OCCURRENCES
COLUMN 17 PEAK WIND IN M.P.H.
PRELIMINARY LOCAL CLIMATOLOGICAL DATA (WS FORM: F-6) , PAGE 2
STATION: ST_CHARLES MO
MONTH: JANUARY
YEAR: 2022
LATITUDE: 38 55 N
LONGITUDE: 90 26 W
[TEMPERATURE DATA] [PRECIPITATION DATA] SYMBOLS USED IN COLUMN 16
AVERAGE MONTHLY: 27.0 TOTAL FOR MONTH: 1.12 1 = FOG OR MIST
DPTR FM NORMAL: -3.9 DPTR FM NORMAL: -1.37 2 = FOG REDUCING VISIBILITY
HIGHEST: 54 ON 18,13 GRTST 24HR 0.52 ON 1- 2 TO 1/4 MILE OR LESS
LOWEST: 4 ON 26 3 = THUNDER
SNOW, ICE PELLETS, HAIL 4 = ICE PELLETS
TOTAL MONTH: 0.0 INCH 5 = HAIL
GRTST 24HR 0.0 6 = FREEZING RAIN OR DRIZZLE
GRTST DEPTH: 0 7 = DUSTSTORM OR SANDSTORM:
VSBY 1/2 MILE OR LESS
8 = SMOKE OR HAZE
[NO. OF DAYS WITH] [WEATHER - DAYS WITH] 9 = BLOWING SNOW
X = TORNADO
MAX 32 OR BELOW: 10 0.01 INCH OR MORE: 5
MAX 90 OR ABOVE: 0 0.10 INCH OR MORE: 4
MIN 32 OR BELOW: 30 0.50 INCH OR MORE: 0
MIN 0 OR BELOW: 0 1.00 INCH OR MORE: 0
[HDD (BASE 65) ]
TOTAL THIS MO. 1134 CLEAR (SCALE 0-3) 19
DPTR FM NORMAL 74 PTCLDY (SCALE 4-7) 6
TOTAL FM JUL 1 2482 CLOUDY (SCALE 8-10) 6
DPTR FM NORMAL -400
[CDD (BASE 65) ]
TOTAL THIS MO. 0
DPTR FM NORMAL 0 [PRESSURE DATA]
TOTAL FM JAN 1 0 HIGHEST SLP 30.69 ON 20
DPTR FM NORMAL 0 LOWEST SLP 29.66 ON 1
[REMARKS]
#FINAL-01-22#