000
CXUS55 KSEW 010930
CF6SEW
PRELIMINARY LOCAL CLIMATOLOGICAL DATA (WS FORM: F-6)
STATION: SEATTLE WA WFO
MONTH: AUGUST
YEAR: 2022
LATITUDE: 47 41 N
LONGITUDE: 122 15 W
TEMPERATURE IN F: :PCPN: SNOW: WIND :SUNSHINE: SKY :PK WND
================================================================================
1 2 3 4 5 6A 6B 7 8 9 10 11 12 13 14 15 16 17 18
12Z AVG MX 2MIN
DY MAX MIN AVG DEP HDD CDD WTR SNW DPTH SPD SPD DIR MIN PSBL S-S WX SPD DR
================================================================================
1 83 65 74 6 0 9 T 0.0 0 M M M M M M M M
2 78 M M M M M 0.00 0.0 0 M M M M M M M M
3 78 M M M M M 0.00 0.0 0 M M M M M M M M
4 66 58 62 -6 3 0 0.01 0.0 0 M M M M M M M M
5 75 55 65 -3 0 0 0.00 0.0 0 M M M M M M M M
6 83 55 69 1 0 4 0.00 0.0 0 M M M M M M M M
7 87 59 73 5 0 8 0.00 0.0 0 M M M M M M M M
8 89 60 75 7 0 10 0.00 0.0 0 M M M M M M M M
9 79 59 69 1 0 4 T 0.0 0 M M M M M M M M
10 74 59 67 -1 0 2 0.01 0.0 0 M M M M M M M M
11 81 55 68 0 0 3 0.00 0.0 0 M M M M M M M M
12 81 56 69 1 0 4 0.00 0.0 0 M M M M M M M M
13 79 61 70 2 0 5 0.00 0.0 0 M M M M M M M M
14 81 56 69 2 0 4 0.00 0.0 0 M M M M M M M M
15 84 56 70 3 0 5 0.00 0.0 0 M M M M M M M M
16 82 59 71 4 0 6 0.00 0.0 0 M M M M M M M M
17 88 60 74 7 0 9 0.00 0.0 0 M M M M M M M M
18 88 69 79 12 0 14 0.00 0.0 0 M M M M M M M M
19 79 65 72 5 0 7 0.02 0.0 0 M M M M M M M M
20 79 64 72 5 0 7 0.00 0.0 0 M M M M M M M M
21 82 64 73 6 0 8 0.00 0.0 0 M M M M M M M M
22 85 60 73 6 0 8 0.00 0.0 0 M M M M M M M M
23 81 58 70 4 0 5 0.00 0.0 0 M M M M M M M M
24 87 62 75 9 0 10 0.00 0.0 0 M M M M M M M M
25 89 63 76 10 0 11 0.00 0.0 0 M M M M M M M M
26 74 61 68 2 0 3 0.00 0.0 0 M M M M M M M M
27 71 56 64 -2 1 0 0.03 0.0 0 M M M M M M M M
28 78 53 66 0 0 1 0.00 0.0 0 M M M M M M M M
29 83 57 70 4 0 5 0.00 0.0 0 M M M M M M M M
30 87 59 73 7 0 8 0.00 0.0 0 M M M M M M M M
31 89 62 76 11 0 11 0.00 0.0 0 M M M M M M M M
================================================================================
SM 2520 1726 4 171 0.07 0.0 M M M
================================================================================
AV 81.3 59.5 M FASTST M M M MAX(MPH)
MISC ----> M M M M
================================================================================
NOTES:
# LAST OF SEVERAL OCCURRENCES
COLUMN 17 PEAK WIND IN M.P.H.
PRELIMINARY LOCAL CLIMATOLOGICAL DATA (WS FORM: F-6) , PAGE 2
STATION: SEATTLE WA WFO
MONTH: AUGUST
YEAR: 2022
LATITUDE: 47 41 N
LONGITUDE: 122 15 W
[TEMPERATURE DATA] [PRECIPITATION DATA] SYMBOLS USED IN COLUMN 16
AVERAGE MONTHLY: 70.4 TOTAL FOR MONTH: 0.07 1 = FOG OR MIST
DPTR FM NORMAL: 3.3 DPTR FM NORMAL: -0.93 2 = FOG REDUCING VISIBILITY
HIGHEST: 89 ON 31,25 GRTST 24HR 0.03 ON 27-27 TO 1/4 MILE OR LESS
LOWEST: 53 ON 28 3 = THUNDER
SNOW, ICE PELLETS, HAIL 4 = ICE PELLETS
TOTAL MONTH: 0.0 INCH 5 = HAIL
GRTST 24HR 0.0 6 = FREEZING RAIN OR DRIZZLE
GRTST DEPTH: 0 7 = DUSTSTORM OR SANDSTORM:
VSBY 1/2 MILE OR LESS
8 = SMOKE OR HAZE
[NO. OF DAYS WITH] [WEATHER - DAYS WITH] 9 = BLOWING SNOW
X = TORNADO
MAX 32 OR BELOW: 0 0.01 INCH OR MORE: 4
MAX 90 OR ABOVE: 0 0.10 INCH OR MORE: 0
MIN 32 OR BELOW: 0 0.50 INCH OR MORE: 0
MIN 0 OR BELOW: 0 1.00 INCH OR MORE: 0
[HDD (BASE 65) ]
TOTAL THIS MO. 4 CLEAR (SCALE 0-3) 0
DPTR FM NORMAL -19 PTCLDY (SCALE 4-7) 0
TOTAL FM JUL 1 19 CLOUDY (SCALE 8-10) 31
DPTR FM NORMAL -35
[CDD (BASE 65) ]
TOTAL THIS MO. 171
DPTR FM NORMAL 85 [PRESSURE DATA]
TOTAL FM JAN 1 350 HIGHEST SLP M ON M
DPTR FM NORMAL 164 LOWEST SLP M ON M
[REMARKS]
#FINAL-08-22#