000
CXUS56 KMTR 190900
CF6SFD
PRELIMINARY LOCAL CLIMATOLOGICAL DATA (WS FORM: F-6)
STATION: SAN FRANCISCO DWTN CA
MONTH: APRIL
YEAR: 2024
LATITUDE: 37 46 N
LONGITUDE: 122 26 W
TEMPERATURE IN F: :PCPN: SNOW: WIND :SUNSHINE: SKY :PK WND
================================================================================
1 2 3 4 5 6A 6B 7 8 9 10 11 12 13 14 15 16 17 18
12Z AVG MX 2MIN
DY MAX MIN AVG DEP HDD CDD WTR SNW DPTH SPD SPD DIR MIN PSBL S-S WX SPD DR
================================================================================
1 69 49 59 3 6 0 0.00 M 0 M M M M M M M M
2 65 51 58 2 7 0 0.00 M 0 M M M M M M M M
3 59 49 54 -2 11 0 0.00 M 0 M M M M M M M M
4 54 42 48 -8 17 0 0.54 M 0 M M M M M M M M
5 54 43 49 -7 16 0 0.00 M 0 M M M M M M M M
6 58 45 52 -4 13 0 0.00 M 0 M M M M M M M M
7 58 47 53 -3 12 0 0.00 M 0 M M M M M M M M
8 64 47 56 0 9 0 0.00 M 0 M M M M M M M M
9 67 50 59 3 6 0 0.00 M 0 M M M M M M M M
10 72 49 61 5 4 0 0.00 M 0 M M M M M M M M
11 65 50 58 2 7 0 0.00 M 0 M M M M M M M M
12 58 50 54 -2 11 0 0.00 M 0 M M M M M M M M
13 55 46 51 -5 14 0 0.45 M 0 M M M M M M M M
14 58 46 52 -4 13 0 0.13 M 0 M M M M M M M M
15 60 48 54 -2 11 0 0.00 M 0 M M M M M M M M
16 67 49 58 2 7 0 0.00 M 0 M M M M M M M M
17 73 52 63 7 2 0 0.00 M 0 M M M M M M M M
18 70 51 61 5 4 0 0.00 M 0 M M M M M M M M
================================================================================
SM 1126 864 170 0 1.12 M M M M
================================================================================
AV 62.6 48.0 M FASTST M M M MAX(MPH)
MISC ----> M M M M
================================================================================
NOTES:
# LAST OF SEVERAL OCCURRENCES
COLUMN 17 PEAK WIND IN M.P.H.
PRELIMINARY LOCAL CLIMATOLOGICAL DATA (WS FORM: F-6) , PAGE 2
STATION: SAN FRANCISCO DWTN CA
MONTH: APRIL
YEAR: 2024
LATITUDE: 37 46 N
LONGITUDE: 122 26 W
[TEMPERATURE DATA] [PRECIPITATION DATA] SYMBOLS USED IN COLUMN 16
AVERAGE MONTHLY: 55.3 TOTAL FOR MONTH: 1.12 1 = FOG OR MIST
DPTR FM NORMAL: -0.7 DPTR FM NORMAL: -0.05 2 = FOG REDUCING VISIBILITY
HIGHEST: 73 ON 17 GRTST 24HR 0.55 ON 13-14 TO 1/4 MILE OR LESS
LOWEST: 42 ON 4 3 = THUNDER
SNOW, ICE PELLETS, HAIL 4 = ICE PELLETS
TOTAL MONTH: M 5 = HAIL
GRTST 24HR M ON M 6 = FREEZING RAIN OR DRIZZLE
GRTST DEPTH: 0 7 = DUSTSTORM OR SANDSTORM:
VSBY 1/2 MILE OR LESS
8 = SMOKE OR HAZE
[NO. OF DAYS WITH] [WEATHER - DAYS WITH] 9 = BLOWING SNOW
X = TORNADO
MAX 32 OR BELOW: 0 0.01 INCH OR MORE: 3
MAX 90 OR ABOVE: 0 0.10 INCH OR MORE: 3
MIN 32 OR BELOW: 0 0.50 INCH OR MORE: 1
MIN 0 OR BELOW: 0 1.00 INCH OR MORE: 0
[HDD (BASE 65) ]
TOTAL THIS MO. 170 CLEAR (SCALE 0-3) 0
DPTR FM NORMAL 8 PTCLDY (SCALE 4-7) 0
TOTAL FM JUL 1 1885 CLOUDY (SCALE 8-10) 18
DPTR FM NORMAL -392
[CDD (BASE 65) ]
TOTAL THIS MO. 0
DPTR FM NORMAL 0 [PRESSURE DATA]
TOTAL FM JAN 1 2 HIGHEST SLP M ON M
DPTR FM NORMAL 0 LOWEST SLP 9999.00 ON 1
[REMARKS]