000
CXUS56 KMTR 010900
CF6SFD
PRELIMINARY LOCAL CLIMATOLOGICAL DATA (WS FORM: F-6)
STATION: SAN FRANCISCO DWTN CA
MONTH: MARCH
YEAR: 2022
LATITUDE: 37 46 N
LONGITUDE: 122 26 W
TEMPERATURE IN F: :PCPN: SNOW: WIND :SUNSHINE: SKY :PK WND
================================================================================
1 2 3 4 5 6A 6B 7 8 9 10 11 12 13 14 15 16 17 18
12Z AVG MX 2MIN
DY MAX MIN AVG DEP HDD CDD WTR SNW DPTH SPD SPD DIR MIN PSBL S-S WX SPD DR
================================================================================
1 64 48 56 1 9 0 0.00 M 0 M M M M M M M M
2 65 50 58 3 7 0 0.00 M 0 M M M M M M M M
3 56 50 53 -2 12 0 0.05 M 0 M M M M M M M M
4 55 44 50 -5 15 0 0.06 M 0 M M M M M M M M
5 56 44 50 -5 15 0 0.00 M 0 M M M M M M M M
6 58 45 52 -3 13 0 0.00 M 0 M M M M M M M M
7 67 44 56 1 9 0 0.00 M 0 M M M M M M M M
8 69 49 59 4 6 0 0.00 M 0 M M M M M M M M
9 59 50 55 0 10 0 0.00 M 0 M M M M M M M M
10 65 47 56 1 9 0 0.00 M 0 M M M M M M M M
11 69 46 58 3 7 0 0.00 M 0 M M M M M M M M
12 56 41 49 -6 16 0 0.00 M 0 M M M M M M M M
13 60 50 55 0 10 0 0.00 M 0 M M M M M M M M
14 67 47 57 1 8 0 0.00 M 0 M M M M M M M M
15 60 50 55 -1 10 0 0.19 M 0 M M M M M M M M
16 60 48 54 -2 11 0 0.00 M 0 M M M M M M M M
17 56 49 53 -3 12 0 0.00 M 0 M M M M M M M M
18 64 48 56 0 9 0 0.00 M 0 M M M M M M M M
19 56 50 53 -3 12 0 0.00 M 0 M M M M M M M M
20 60 47 54 -2 11 0 0.00 M 0 M M M M M M M M
21 64 48 56 0 9 0 0.00 M 0 M M M M M M M M
22 79 51 65 9 0 0 0.00 M 0 M M M M M M M M
23 57 49 53 -3 12 0 0.00 M 0 M M M M M M M M
24 55 48 52 -4 13 0 0.00 M 0 M M M M M M M M
25 57 46 52 -4 13 0 0.00 M 0 M M M M M M M M
26 58 49 54 -2 11 0 0.00 M 0 M M M M M M M M
27 61 50 56 0 9 0 0.18 M 0 M M M M M M M M
28 59 51 55 -1 10 0 0.00 M 0 M M M M M M M M
29 58 50 54 -2 11 0 0.00 M 0 M M M M M M M M
30 58 49 54 -2 11 0 0.00 M 0 M M M M M M M M
31 63 48 56 0 9 0 0.00 M 0 M M M M M M M M
================================================================================
SM 1891 1486 319 0 0.48 M M M M
================================================================================
AV 61.0 47.9 M FASTST M M M MAX(MPH)
MISC ----> M M M M
================================================================================
NOTES:
# LAST OF SEVERAL OCCURRENCES
COLUMN 17 PEAK WIND IN M.P.H.
PRELIMINARY LOCAL CLIMATOLOGICAL DATA (WS FORM: F-6) , PAGE 2
STATION: SAN FRANCISCO DWTN CA
MONTH: MARCH
YEAR: 2022
LATITUDE: 37 46 N
LONGITUDE: 122 26 W
[TEMPERATURE DATA] [PRECIPITATION DATA] SYMBOLS USED IN COLUMN 16
AVERAGE MONTHLY: 54.5 TOTAL FOR MONTH: 0.48 1 = FOG OR MIST
DPTR FM NORMAL: -1.0 DPTR FM NORMAL: -2.67 2 = FOG REDUCING VISIBILITY
HIGHEST: 79 ON 22 GRTST 24HR 0.19 ON 15-15 TO 1/4 MILE OR LESS
LOWEST: 41 ON 12 3 = THUNDER
SNOW, ICE PELLETS, HAIL 4 = ICE PELLETS
TOTAL MONTH: M 5 = HAIL
GRTST 24HR M ON M 6 = FREEZING RAIN OR DRIZZLE
GRTST DEPTH: 0 7 = DUSTSTORM OR SANDSTORM:
VSBY 1/2 MILE OR LESS
8 = SMOKE OR HAZE
[NO. OF DAYS WITH] [WEATHER - DAYS WITH] 9 = BLOWING SNOW
X = TORNADO
MAX 32 OR BELOW: 0 0.01 INCH OR MORE: 4
MAX 90 OR ABOVE: 0 0.10 INCH OR MORE: 2
MIN 32 OR BELOW: 0 0.50 INCH OR MORE: 0
MIN 0 OR BELOW: 0 1.00 INCH OR MORE: 0
[HDD (BASE 65) ]
TOTAL THIS MO. 319 CLEAR (SCALE 0-3) 0
DPTR FM NORMAL 22 PTCLDY (SCALE 4-7) 0
TOTAL FM JUL 1 2023 CLOUDY (SCALE 8-10) 31
DPTR FM NORMAL -93
[CDD (BASE 65) ]
TOTAL THIS MO. 0
DPTR FM NORMAL -2 [PRESSURE DATA]
TOTAL FM JAN 1 1 HIGHEST SLP M ON M
DPTR FM NORMAL -1 LOWEST SLP 9999.00 ON 5
[REMARKS]
#FINAL-03-22#