000
CXUS56 KMTR 010844
CF6SFO
PRELIMINARY LOCAL CLIMATOLOGICAL DATA (WS FORM: F-6)
STATION: SAN FRANCISCO AIRPORT
MONTH: NOVEMBER
YEAR: 2020
LATITUDE: 37 37 N
LONGITUDE: 122 23 W
TEMPERATURE IN F: :PCPN: SNOW: WIND :SUNSHINE: SKY :PK WND
================================================================================
1 2 3 4 5 6A 6B 7 8 9 10 11 12 13 14 15 16 17 18
12Z AVG MX 2MIN
DY MAX MIN AVG DEP HDD CDD WTR SNW DPTH SPD SPD DIR MIN PSBL S-S WX SPD DR
================================================================================
1 77 50 64 5 1 0 0.00 M M 3.8 14 300 M M 3 8 15 290
2 73 52 63 4 2 0 0.00 M M 7.8 26 300 M M 1 8 30 290
3 67 50 59 0 6 0 0.00 M M 12.9 29 290 M M 3 1 33 290
4 73 54 64 6 1 0 0.00 M M 8.4 23 290 M M 4 18 26 290
5 80 55 68 10 0 3 0.00 M M 8.4 33 280 M M 3 128 38 280
6 62 52 57 -1 8 0 0.00 M M 17.1 37 290 M M 5 45 290
7 62 49 56 -2 9 0 0.00 M M 12.7 26 290 M M 4 32 300
8 57 46 52 -6 13 0 0.03 M M 19.9 38 300 M M 3 8 45 290
9 60 41 51 -6 14 0 0.00 M M 5.2 15 290 M M 2 17 290
10 61 41 51 -6 14 0 0.00 M M 5.6 17 290 M M 4 20 290
11 60 50 55 -2 10 0 0.00 M M 7.0 14 290 M M 8 16 290
12 62 44 53 -4 12 0 0.00 M M 6.4 22 280 M M 4 18 26 280
13 60 47 54 -2 11 0 0.01 M M 9.4 25 210 M M 7 18 30 200
14 61 47 54 -2 11 0 0.00 M M 5.2 14 290 M M 3 18 16 280
15 67 43 55 -1 10 0 0.00 M M 3.3 13 290 M M 1 14 290
16 69 49 59 3 6 0 0.00 M M 3.0 9 150 M M 3 11 150
17 66 53 60 5 5 0 0.14 M M 13.1 28 190 M M 8 18 32 190
18 65 49 57 2 8 0 0.13 M M 7.3 17 200 M M 7 1 20 160
19 65 45 55 0 10 0 0.00 M M 6.2 18 290 M M 4 18 21 290
20 65 45 55 0 10 0 0.00 M M 3.5 15 290 M M 2 17 290
21 65 44 55 1 10 0 0.00 M M 2.2 8 290 M M 4 9 290
22 58 42 50 -4 15 0 0.00 M M 9.4 26 280 M M 4 31 300
23 61 48 55 1 10 0 0.00 M M 8.8 20 270 M M 6 1 21 280
24 64 44 54 0 11 0 0.00 M M 6.1 18 300 M M 2 18 21 270
25 61 49 55 1 10 0 0.00 M M 13.2 23 300 M M 3 8 28 290
26 63 44 54 0 11 0 0.00 M M 10.8 25 360 M M 0 33 360
27 66 41 54 1 11 0 0.00 M M 2.6 14 290 M M 0 15 290
28 64 41 53 0 12 0 0.00 M M 2.3 9 290 M M 0 11 300
29 59 41 50 -3 15 0 0.00 M M 3.8 16 290 M M 4 8 19 300
30 62 41 52 -1 13 0 0.00 M M 7.9 21 290 M M 2 18 22 290
================================================================================
SM 1935 1397 279 3 0.31 M 233.3 M 104
================================================================================
AV 64.5 46.6 7.8 FASTST M M 3 MAX(MPH)
MISC ----> 38 300 # 45 290
================================================================================
NOTES:
# LAST OF SEVERAL OCCURRENCES
COLUMN 17 PEAK WIND IN M.P.H.
PRELIMINARY LOCAL CLIMATOLOGICAL DATA (WS FORM: F-6) , PAGE 2
STATION: SAN FRANCISCO AIRPORT
MONTH: NOVEMBER
YEAR: 2020
LATITUDE: 37 37 N
LONGITUDE: 122 23 W
[TEMPERATURE DATA] [PRECIPITATION DATA] SYMBOLS USED IN COLUMN 16
AVERAGE MONTHLY: 55.5 TOTAL FOR MONTH: 0.31 1 = FOG OR MIST
DPTR FM NORMAL: -0.3 DPTR FM NORMAL: -2.07 2 = FOG REDUCING VISIBILITY
HIGHEST: 80 ON 5 GRTST 24HR 0.27 ON 17-18 TO 1/4 MILE OR LESS
LOWEST: 41 ON 30,29 3 = THUNDER
SNOW, ICE PELLETS, HAIL 4 = ICE PELLETS
TOTAL MONTH: M 5 = HAIL
GRTST 24HR M ON M 6 = FREEZING RAIN OR DRIZZLE
GRTST DEPTH: M ON M 7 = DUSTSTORM OR SANDSTORM:
VSBY 1/2 MILE OR LESS
8 = SMOKE OR HAZE
[NO. OF DAYS WITH] [WEATHER - DAYS WITH] 9 = BLOWING SNOW
X = TORNADO
MAX 32 OR BELOW: 0 0.01 INCH OR MORE: 4
MAX 90 OR ABOVE: 0 0.10 INCH OR MORE: 2
MIN 32 OR BELOW: 0 0.50 INCH OR MORE: 0
MIN 0 OR BELOW: 0 1.00 INCH OR MORE: 0
[HDD (BASE 65) ]
TOTAL THIS MO. 279 CLEAR (SCALE 0-3) 15
DPTR FM NORMAL 2 PTCLDY (SCALE 4-7) 14
TOTAL FM JUL 1 398 CLOUDY (SCALE 8-10) 1
DPTR FM NORMAL -166
[CDD (BASE 65) ]
TOTAL THIS MO. 3
DPTR FM NORMAL 2 [PRESSURE DATA]
TOTAL FM JAN 1 399 HIGHEST SLP M ON M
DPTR FM NORMAL 235 LOWEST SLP 29.66 ON 7
[REMARKS]
#FINAL-11-20#