000
CXUS56 KMFR 010930
CF6SIY
PRELIMINARY LOCAL CLIMATOLOGICAL DATA (WS FORM: F-6)
STATION: MONTAGUE CA
MONTH: OCTOBER
YEAR: 2021
LATITUDE: 41 46 N
LONGITUDE: 122 28 W
TEMPERATURE IN F: :PCPN: SNOW: WIND :SUNSHINE: SKY :PK WND
================================================================================
1 2 3 4 5 6A 6B 7 8 9 10 11 12 13 14 15 16 17 18
12Z AVG MX 2MIN
DY MAX MIN AVG DEP HDD CDD WTR SNW DPTH SPD SPD DIR MIN PSBL S-S WX SPD DR
================================================================================
1 82 42 62 3 3 0 0.00 M M 3.9 15 350 M M 0 21 330
2 85 41 63 4 2 0 0.00 M M 2.8 13 360 M M 0 15 10
3 86 43 65 7 0 0 0.00 M M 3.0 12 10 M M 0 15 340
4 87 44 66 8 0 1 0.00 M M 7.0 24 160 M M 0 8 29 190
5 79 45 62 5 3 0 0.01 M M 9.5 20 290 M M 1 25 10
6 60 45 53 -4 12 0 0.01 M M 10.6 17 10 M M 7 23 360
7 69 34 52 -4 13 0 0.00 M M 3.4 14 350 M M 0 16 350
8 66 32 49 -7 16 0 T M M 5.2 16 30 M M 4 20 40
9 69 33 51 -5 14 0 0.00 M M 3.5 14 360 M M 0 18 340
10 67 34 51 -4 14 0 0.00 M M 11.6 33 20 M M 3 43 20
11 53 29 41 -14 24 0 0.00 M M 12.6 28 10 M M 1 39 10
12 59 23 41 -13 24 0 T M M 3.0 13 350 M M 3 16 350
13 58 35 47 -7 18 0 T M M 9.0 22 360 M M 5 26 360
14 64 27 46 -8 19 0 0.00 M M 1.7 9 360 M M 0 13 350
15 71 28 50 -3 15 0 0.00 M M 1.7 9 190 M M 0 12 230
16 78 30 54 1 11 0 0.00 M M 1.8 9 260 M M 0 11 150
17 68 42 55 3 10 0 0.21 M M 13.5 33 160 M M 4 1 44 220
18 54 35 45 -7 20 0 0.02 M M 3.3 8 160 M M 6 12 160
19 57 33 45 -7 20 0 T M M 20.2 46 170 M M 2 61 190
20 58 46 52 1 13 0 T M M 17.3 26 160 M M 6 35 160
21 67 41 54 3 11 0 0.40 M M 18.2 40 170 M M 4 1 50 170
22 57 47 52 2 13 0 0.64 M M 5.7 15 260 M M 8 1 19 350
23 55 45 50 0 15 0 0.10 M M 13.4 30 170 M M 10 1 38 190
24 55 44 50 0 15 0 0.32 M M 17.8 40 170 M M 9 51 170
25 57 36 47 -2 18 0 T M M 5.8 18 240 M M 5 22 230
26 58 43 51 2 14 0 T M M 11.7 24 170 M M 10 30 160
27 64 48 56 8 9 0 0.00 M M 4.2 8 200 M M 10 10 210
28 67 40 54 6 11 0 0.00 M M 1.5 8 50 M M 3 12 11 180
29 66 40 53 5 12 0 0.00 M M 2.4 8 30 M M 3 12 9 30
30 67 43 55 8 10 0 0.02 M M 7.8 26 160 M M 4 13 33 180
31 62 42 52 5 13 0 0.00 M M 11.7 23 180 M M 5 32 180
================================================================================
SM 2045 1190 392 1 1.73 M 244.8 M 113
================================================================================
AV 66.0 38.4 7.9 FASTST M M 4 MAX(MPH)
MISC ----> 46 170 61 190
================================================================================
NOTES:
# LAST OF SEVERAL OCCURRENCES
COLUMN 17 PEAK WIND IN M.P.H.
PRELIMINARY LOCAL CLIMATOLOGICAL DATA (WS FORM: F-6) , PAGE 2
STATION: MONTAGUE CA
MONTH: OCTOBER
YEAR: 2021
LATITUDE: 41 46 N
LONGITUDE: 122 28 W
[TEMPERATURE DATA] [PRECIPITATION DATA] SYMBOLS USED IN COLUMN 16
AVERAGE MONTHLY: 52.2 TOTAL FOR MONTH: 1.73 1 = FOG OR MIST
DPTR FM NORMAL: -0.6 DPTR FM NORMAL: 0.87 2 = FOG REDUCING VISIBILITY
HIGHEST: 87 ON 4 GRTST 24HR 1.04 ON 21-22 TO 1/4 MILE OR LESS
LOWEST: 23 ON 12 3 = THUNDER
SNOW, ICE PELLETS, HAIL 4 = ICE PELLETS
TOTAL MONTH: M 5 = HAIL
GRTST 24HR M ON M 6 = FREEZING RAIN OR DRIZZLE
GRTST DEPTH: M ON M 7 = DUSTSTORM OR SANDSTORM:
VSBY 1/2 MILE OR LESS
8 = SMOKE OR HAZE
[NO. OF DAYS WITH] [WEATHER - DAYS WITH] 9 = BLOWING SNOW
X = TORNADO
MAX 32 OR BELOW: 0 0.01 INCH OR MORE: 9
MAX 90 OR ABOVE: 0 0.10 INCH OR MORE: 5
MIN 32 OR BELOW: 6 0.50 INCH OR MORE: 1
MIN 0 OR BELOW: 0 1.00 INCH OR MORE: 0
[HDD (BASE 65) ]
TOTAL THIS MO. 392 CLEAR (SCALE 0-3) 16
DPTR FM NORMAL 10 PTCLDY (SCALE 4-7) 11
TOTAL FM JUL 1 454 CLOUDY (SCALE 8-10) 4
DPTR FM NORMAL -24
[CDD (BASE 65) ]
TOTAL THIS MO. 1
DPTR FM NORMAL -3 [PRESSURE DATA]
TOTAL FM JAN 1 1139 HIGHEST SLP M ON M
DPTR FM NORMAL 436 LOWEST SLP 29.31 ON 24
[REMARKS]
#FINAL-10-21#