000
CXUS56 KMTR 010836
CLMSJC
CLIMATE REPORT
NATIONAL WEATHER SERVICE SAN FRANCISCO BAY AREA
1236 AM PST FRI DEC 01 2023
...................................
...THE SAN JOSE AIRPORT CLIMATE SUMMARY FOR THE MONTH OF NOVEMBER 2023...
CLIMATE NORMAL PERIOD: 1991 TO 2020
CLIMATE RECORD PERIOD: 1893 TO 2023
WEATHER OBSERVED NORMAL DEPART LAST YEAR`S
VALUE DATE(S) VALUE FROM VALUE DATE(S)
NORMAL
................................................................
TEMPERATURE (F)
RECORD
HIGH 85 11/04/2010
11/02/1967
11/03/1950
LOW 21 11/16/1976
HIGHEST 82 11/03 73 11/24
LOWEST 36 11/25 36 11/30
AVG. MAXIMUM 72.3 66.1 6.2 64.7
AVG. MINIMUM 47.7 45.7 2.0 42.5
MEAN 60.0 53.6
DAYS MAX >= 90 0 0
DAYS MAX <= 32 0 0
DAYS MIN <= 32 0 0
DAYS MIN <= 0 0 0
PRECIPITATION (INCHES)
TOTALS 0.56 1.33 -0.77 1.71
DAILY AVG. 0.02 0.04 -0.02 0.06
DAYS >= .01 5 6
DAYS >= .10 1 2
DAYS >= .50 0 1
DAYS >= 1.00 0 1
GREATEST
24 HR. TOTAL 0.33 11/18 TO 11/18 1.23 11/08 TO 11/08
DEGREE DAYS
HEATING TOTAL 151 275 -124 335
SINCE 7/1 193 364 -171 MM
COOLING TOTAL 10 2 8 0
SINCE 1/1 808 624 184 MM
................................................................
WIND (MPH)
AVERAGE WIND SPEED 4.7
RESULTANT WIND SPEED/DIRECTION 1/290
HIGHEST WIND SPEED/DIRECTION 28/130 DATE 11/15
28/360 11/20
HIGHEST GUST SPEED/DIRECTION 37/140 DATE 11/15
SKY COVER
POSSIBLE SUNSHINE (PERCENT) MM
AVERAGE SKY COVER 0.37
NUMBER OF DAYS FAIR 15
NUMBER OF DAYS PC 12
NUMBER OF DAYS CLOUDY 3
AVERAGE RH (PERCENT) 54
WEATHER CONDITIONS. NUMBER OF DAYS WITH
THUNDERSTORM 0 MIXED PRECIP 0
HEAVY RAIN 0 RAIN 2
LIGHT RAIN 4 FREEZING RAIN 0
LT FREEZING RAIN 0 HAIL 0
HEAVY SNOW 0 SNOW 0
LIGHT SNOW 0 SLEET 0
FOG 2 FOG W/VIS <= 1/4 MILE 0
HAZE 3
- INDICATES NEGATIVE NUMBERS.
R INDICATES RECORD WAS SET OR TIED.
MM INDICATES DATA IS MISSING.
T INDICATES TRACE AMOUNT.
$$