000
CXUS54 KSJT 011636
CLMSJT
CLIMATE REPORT
NATIONAL WEATHER SERVICE SAN ANGELO TX
1036 AM CST THU FEB 01 2024
...................................
...THE SAN ANGELO CLIMATE SUMMARY FOR THE MONTH OF JANUARY 2024...
CLIMATE NORMAL PERIOD: 1991 TO 2020
CLIMATE RECORD PERIOD: 1907 TO 2024
WEATHER OBSERVED NORMAL DEPART LAST YEAR`S
VALUE DATE(S) VALUE FROM VALUE DATE(S)
NORMAL
................................................................
TEMPERATURE (F)
RECORD
HIGH 91 01/31/1911
LOW 1 01/05/1947
01/14/1944
01/18/1930
HIGHEST 77 01/18 84 01/10
LOWEST 11 01/14 23 01/31
01/15
AVG. MAXIMUM 56.9 61.1 -4.2 64.2
AVG. MINIMUM 30.8 33.7 -2.9 36.1
MEAN 43.8 47.4 -3.6 50.1
DAYS MAX >= 90 0 0.0 0.0 0
DAYS MAX <= 32 3 0.6 2.4 2
DAYS MIN <= 32 18 15.4 2.6 11
DAYS MIN <= 0 0 0.0 0.0 0
PRECIPITATION (INCHES)
RECORD
MAXIMUM 5.41 1919
MINIMUM 0.00 1967
TOTALS 0.51 0.92 -0.41 0.55
DAILY AVG. 0.02 0.03 -0.01 0.02
DAYS >= .01 5 4.3 0.7 2
DAYS >= .10 4 2.1 1.9 1
DAYS >= .50 0 0.6 -0.6 1
DAYS >= 1.00 0 0.2 -0.2 0
GREATEST
24 HR. TOTAL 0.15 01/21 TO 01/21 0.54 01/24 TO 01/24
SNOWFALL (INCHES)
RECORDS
TOTAL 13.0 1926
TOTALS 1.6 MM MM T
SINCE 7/1 1.6 MM MM MM
SNOWDEPTH AVG. 0 0
DAYS >= 1.0 0 MM MM 0
GREATEST
SNOW DEPTH 1R 01/15 0 MM
DEGREE DAYS
HEATING TOTAL 648 547 101 454
SINCE 7/1 1435 1435 0 MM
COOLING TOTAL 0 1 -1 0
SINCE 1/1 0 1 -1 MM
................................................................
WIND (MPH)
AVERAGE WIND SPEED 9.1
HIGHEST WIND SPEED/DIRECTION 41/280 DATE 01/12
HIGHEST GUST SPEED/DIRECTION 59/280 DATE 01/12
SKY COVER
AVERAGE SKY COVER 0.31
AVERAGE RH (PERCENT) 62
WEATHER CONDITIONS. NUMBER OF DAYS WITH
THUNDERSTORM 1 MIXED PRECIP 0
HEAVY RAIN 1 RAIN 2
LIGHT RAIN 6 FREEZING RAIN 0
LT FREEZING RAIN 0 HAIL 0
HEAVY SNOW 0 SNOW 0
LIGHT SNOW 2 SLEET 0
FOG 12 FOG W/VIS <= 1/4 MILE 3
HAZE 3
- INDICATES NEGATIVE NUMBERS.
R INDICATES RECORD WAS SET OR TIED.
MM INDICATES DATA IS MISSING.
T INDICATES TRACE AMOUNT.
$$