000
CXUS54 KSJT 011406
CLMSJT
CLIMATE REPORT
NATIONAL WEATHER SERVICE SAN ANGELO TX
906 AM CDT FRI SEP 01 2023
...................................
...THE SAN ANGELO CLIMATE SUMMARY FOR THE MONTH OF AUGUST 2023...
CLIMATE NORMAL PERIOD: 1991 TO 2020
CLIMATE RECORD PERIOD: 1907 TO 2023
WEATHER OBSERVED NORMAL DEPART LAST YEAR`S
VALUE DATE(S) VALUE FROM VALUE DATE(S)
NORMAL
................................................................
TEMPERATURE (F)
RECORD
HIGH 111 08/04/1943
LOW 45 08/31/1915
HIGHEST 111R 08/10 106 08/04
LOWEST 61 08/29 67 08/26
AVG. MAXIMUM 104.4 96.7 7.7 97.4
AVG. MINIMUM 74.6 71.6 3.0 73.6
MEAN 89.5 84.1 5.4 85.5
DAYS MAX >= 90 31 26.5 4.5 27
DAYS MAX <= 32 0 0.0 0.0 0
DAYS MIN <= 32 0 0.0 0.0 0
DAYS MIN <= 0 0 0.0 0.0 0
PRECIPITATION (INCHES)
RECORD
MAXIMUM 14.03 1882
MINIMUM 0.00 2000
TOTALS 0.29 2.42 -2.13 2.44
DAILY AVG. 0.01 0.08 -0.07 0.08
DAYS >= .01 1 5.9 -4.9 7
DAYS >= .10 1 3.5 -2.5 4
DAYS >= .50 0 1.5 -1.5 2
DAYS >= 1.00 0 0.6 -0.6 1
GREATEST
24 HR. TOTAL 0.29 08/10 TO 08/10 1.91 08/29 TO 08/30
SNOWFALL (INCHES)
RECORDS
TOTAL 0.0 2013
TOTALS 0.0 MM MM 0.0
SINCE 7/1 0.0 MM MM MM
SNOWDEPTH AVG. 0 0
DAYS >= 1.0 0 MM MM 0
GREATEST
SNOW DEPTH 0 0 MM
DEGREE DAYS
HEATING TOTAL 0 0 0 0
SINCE 7/1 0 0 0 MM
COOLING TOTAL 768 594 174 647
SINCE 1/1 2676 2255 421 MM
................................................................
WIND (MPH)
AVERAGE WIND SPEED 8.1
HIGHEST WIND SPEED/DIRECTION 43/190 DATE 08/10
HIGHEST GUST SPEED/DIRECTION 66/180 DATE 08/10
SKY COVER
AVERAGE SKY COVER 0.04
AVERAGE RH (PERCENT) 43
WEATHER CONDITIONS. NUMBER OF DAYS WITH
THUNDERSTORM 5 MIXED PRECIP 0
HEAVY RAIN 1 RAIN 1
LIGHT RAIN 1 FREEZING RAIN 0
LT FREEZING RAIN 0 HAIL 0
HEAVY SNOW 0 SNOW 0
LIGHT SNOW 0 SLEET 0
FOG 1 FOG W/VIS <= 1/4 MILE 0
HAZE 1
- INDICATES NEGATIVE NUMBERS.
R INDICATES RECORD WAS SET OR TIED.
MM INDICATES DATA IS MISSING.
T INDICATES TRACE AMOUNT.
$$