000
CXUS53 KICT 031123
CLMSLN
CLIMATE REPORT
NATIONAL WEATHER SERVICE WICHITA KANSAS
523 AM CST SAT FEB 03 2024
...................................
...THE SALINA KS CLIMATE SUMMARY FOR THE MONTH OF JANUARY 2024...
CLIMATE NORMAL PERIOD 1991 TO 2020
CLIMATE RECORD PERIOD 1894 TO 2024
WEATHER OBSERVED NORMAL DEPART LAST YEAR`S
VALUE DATE(S) VALUE FROM VALUE DATE(S)
NORMAL
................................................................
TEMPERATURE (F)
RECORD
HIGH 78 01/10/1990
LOW -28 01/08/1913
HIGHEST 69 01/31 61 01/16
LOWEST -11 01/16 7 01/31
AVG. MAXIMUM 34.2 41.4 -7.2 42.5
AVG. MINIMUM 16.8 20.1 -3.3 23.4
MEAN 25.5 30.8 -5.3 33.0
DAYS MAX >= 90 0 0.0 0.0 0
DAYS MAX <= 32 11 7.9 3.1 4
DAYS MIN <= 32 28 28.3 -0.3 28
DAYS MIN <= 0 6 0.6 5.4 0
PRECIPITATION (INCHES)
RECORD
MAXIMUM 3.45 1949
MINIMUM 0.00 1986
1953
1938
1923
TOTALS 0.82 0.71 0.11 1.21
DAILY AVG. 0.03 0.02 0.01 0.04
DAYS >= .01 2 5.0 -3.0 6
DAYS >= .10 1 2.0 -1.0 3
DAYS >= .50 1 0.4 0.6 1
DAYS >= 1.00 0 0.1 -0.1 0
GREATEST
24 HR. TOTAL 0.75 01/08 TO 01/08
DEGREE DAYS
HEATING TOTAL 1217 1062 155 986
SINCE 7/1 2836 3033 -197 MM
COOLING TOTAL 0 0 0 0
................................................................
WIND (MPH)
AVERAGE WIND SPEED 9.4
HIGHEST WIND SPEED/DIRECTION 38/340 DATE 01/08
HIGHEST GUST SPEED/DIRECTION 47/340 DATE 01/08
47/350 01/18
SKY COVER
POSSIBLE SUNSHINE (PERCENT) MM
AVERAGE SKY COVER 0.41
NUMBER OF DAYS FAIR 14
NUMBER OF DAYS PC 8
NUMBER OF DAYS CLOUDY 9
AVERAGE RH (PERCENT) 76
WEATHER CONDITIONS. NUMBER OF DAYS WITH
THUNDERSTORM 1 MIXED PRECIP 0
HEAVY RAIN 1 RAIN 1
LIGHT RAIN 2 FREEZING RAIN 0
LT FREEZING RAIN 0 HAIL 0
HEAVY SNOW 1 SNOW 4
LIGHT SNOW 8 SLEET 0
FOG 16 FOG W/VIS <= 1/4 MILE 3
HAZE 5
- INDICATES NEGATIVE NUMBERS.
R INDICATES RECORD WAS SET OR TIED.
MM INDICATES DATA IS MISSING.
T INDICATES TRACE AMOUNT.
$$