000
CXUS56 KLOX 011155
CF6SMX
PRELIMINARY LOCAL CLIMATOLOGICAL DATA (WS FORM: F-6)
STATION: SANTA MARIA AIRPORT CA
MONTH: JUNE
YEAR: 2023
LATITUDE: 34 54 N
LONGITUDE: 120 27 W
TEMPERATURE IN F: :PCPN: SNOW: WIND :SUNSHINE: SKY :PK WND
================================================================================
1 2 3 4 5 6A 6B 7 8 9 10 11 12 13 14 15 16 17 18
12Z AVG MX 2MIN
DY MAX MIN AVG DEP HDD CDD WTR SNW DPTH SPD SPD DIR MIN PSBL S-S WX SPD DR
================================================================================
1 63 52 58 -2 7 0 0.00 M M 6.8 17 280 M M 9 8 22 290
2 66 51 59 -1 6 0 0.00 M M 7.4 20 290 M M 6 1 22 300
3 68 51 60 0 5 0 0.00 M M 6.2 15 320 M M 7 18 19 320
4 70 52 61 1 4 0 0.00 M M 4.7 15 300 M M 8 18 19 290
5 59 54 57 -3 8 0 0.11 M M 4.9 14 160 M M 10 13 16 150
6 61 55 58 -2 7 0 0.25 M M 4.7 15 20 M M 10 138 17 20
7 64 54 59 -2 6 0 0.00 M M 4.1 12 300 M M 10 13 270
8 69 54 62 1 3 0 0.00 M M 6.0 16 290 M M 7 20 290
9 63 53 58 -3 7 0 0.00 M M 5.8 15 300 M M M 18 17 300
10 66 55 61 0 4 0 0.00 M M 7.9 15 290 M M 10 20 270
11 68 54 61 0 4 0 0.00 M M 4.8 14 250 M M 9 1 19 290
12 65 55 60 -1 5 0 0.00 M M 5.3 15 320 M M 10 1 18 310
13 71 54 63 2 2 0 0.00 M M 6.5 17 300 M M 7 8 23 330
14 70 56 63 2 2 0 0.00 M M 6.2 17 300 M M 8 18 23 310
15 68 55 62 1 3 0 0.00 M M 4.8 13 300 M M 10 18 16 320
16 70 57 64 3 1 0 0.00 M M 5.5 14 310 M M 7 18 17 300
17 70 55 63 1 2 0 0.00 M M 5.6 15 310 M M 7 18 18 300
18 69 55 62 0 3 0 0.00 M M 6.7 17 300 M M 8 18 21 280
19 68 50 59 -3 6 0 0.00 M M 12.1 28 280 M M 4 18 32 280
20 71 47 59 -3 6 0 0.00 M M 12.5 31 300 M M 0 18 38 300
21 65 44 55 -7 10 0 0.00 M M 11.1 24 280 M M 2 18 29 280
22 66 52 59 -3 6 0 0.00 M M 9.2 20 300 M M 8 25 290
23 69 52 61 -1 4 0 0.00 M M 10.1 22 290 M M 5 27 300
24 69 52 61 -1 4 0 0.00 M M 8.3 22 290 M M 5 27 290
25 67 54 61 -1 4 0 0.00 M M 10.6 22 290 M M 7 26 280
26 66 53 60 -2 5 0 0.00 M M 12.2 29 280 M M 6 18 32 290
27 68 52 60 -3 5 0 T M M 10.4 25 300 M M 7 1 29 300
28 69 52 61 -2 4 0 T M M 8.6 20 290 M M 7 1 23 290
29 69 52 61 -2 4 0 0.00 M M 5.5 14 300 M M 6 1 17 310
30 73 51 62 -1 3 0 0.00 M M 4.8 13 280 M M 5 12 16 300
================================================================================
SM 2020 1583 140 0 0.36 M 219.3 M 205
================================================================================
AV 67.3 52.8 7.3 FASTST M M 7 MAX(MPH)
MISC ----> 31 300 38 300
================================================================================
NOTES:
# LAST OF SEVERAL OCCURRENCES
COLUMN 17 PEAK WIND IN M.P.H.
PRELIMINARY LOCAL CLIMATOLOGICAL DATA (WS FORM: F-6) , PAGE 2
STATION: SANTA MARIA AIRPORT CA
MONTH: JUNE
YEAR: 2023
LATITUDE: 34 54 N
LONGITUDE: 120 27 W
[TEMPERATURE DATA] [PRECIPITATION DATA] SYMBOLS USED IN COLUMN 16
AVERAGE MONTHLY: 60.1 TOTAL FOR MONTH: 0.36 1 = FOG OR MIST
DPTR FM NORMAL: -1.4 DPTR FM NORMAL: 0.30 2 = FOG REDUCING VISIBILITY
HIGHEST: 73 ON 30 GRTST 24HR 0.36 ON 5- 6 TO 1/4 MILE OR LESS
LOWEST: 44 ON 21 3 = THUNDER
SNOW, ICE PELLETS, HAIL 4 = ICE PELLETS
TOTAL MONTH: M 5 = HAIL
GRTST 24HR M ON M 6 = FREEZING RAIN OR DRIZZLE
GRTST DEPTH: M ON M 7 = DUSTSTORM OR SANDSTORM:
VSBY 1/2 MILE OR LESS
8 = SMOKE OR HAZE
[NO. OF DAYS WITH] [WEATHER - DAYS WITH] 9 = BLOWING SNOW
X = TORNADO
MAX 32 OR BELOW: 0 0.01 INCH OR MORE: 2
MAX 90 OR ABOVE: 0 0.10 INCH OR MORE: 2
MIN 32 OR BELOW: 0 0.50 INCH OR MORE: 0
MIN 0 OR BELOW: 0 1.00 INCH OR MORE: 0
[HDD (BASE 65) ]
TOTAL THIS MO. 140 CLEAR (SCALE 0-3) 2
DPTR FM NORMAL 23 PTCLDY (SCALE 4-7) 18
TOTAL FM JUL 1 3050 CLOUDY (SCALE 8-10) 10
DPTR FM NORMAL 564
[CDD (BASE 65) ]
TOTAL THIS MO. 0
DPTR FM NORMAL -11 [PRESSURE DATA]
TOTAL FM JAN 1 2 HIGHEST SLP 30.13 ON 25
DPTR FM NORMAL -25 LOWEST SLP 29.85 ON 6
[REMARKS]
#FINAL-06-23#